07-17 10:40:55.733  2085  6323 W PackageConfigPersister: App-specific configuration not found for packageName: com.google.android.packageinstaller and userId: 0
07-17 10:40:55.733  2085  6323 W PackageConfigPersister: App-specific configuration not found for packageName: com.miui.mishare.connectivity and userId: 0
07-17 10:40:55.733  2085  6323 W PackageConfigPersister: App-specific configuration not found for packageName: com.google.android.gms and userId: 0
07-17 10:40:55.733  2085  6323 W PackageConfigPersister: App-specific configuration not found for packageName: com.google.android.gsf and userId: 0
07-17 10:40:55.733  2085  6323 W PackageConfigPersister: App-specific configuration not found for packageName: com.google.android.ims and userId: 0
07-17 10:40:55.734  2085  6323 W PackageConfigPersister: App-specific configuration not found for packageName: com.google.android.tts and userId: 0
07-17 10:40:55.734  2085  6323 W PackageConfigPersister: App-specific configuration not found for packageName: com.android.wifi.resources and userId: 0
07-17 10:40:55.734  2085  6323 W PackageConfigPersister: App-specific configuration not found for packageName: com.android.phone.overlay.common and userId: 0
07-17 10:40:55.734  2085  6323 W PackageConfigPersister: App-specific configuration not found for packageName: com.android.carrierconfig.overlay.common and userId: 0
07-17 10:40:55.734  2085  6323 W PackageConfigPersister: App-specific configuration not found for packageName: com.android.calllogbackup and userId: 0
07-17 10:40:55.734  2085  6323 W PackageConfigPersister: App-specific configuration not found for packageName: com.miui.freeform and userId: 0
07-17 10:40:55.734  2085  6323 W PackageConfigPersister: App-specific configuration not found for packageName: com.google.android.partnersetup and userId: 0
07-17 10:40:55.734  2085  6323 W PackageConfigPersister: App-specific configuration not found for packageName: android.aosp.overlay and userId: 0
07-17 10:40:55.734  2085  6323 W PackageConfigPersister: App-specific configuration not found for packageName: com.android.systemui.overlay.common and userId: 0
07-17 10:40:55.734  2085  6323 W PackageConfigPersister: App-specific configuration not found for packageName: com.android.cameraextensions and userId: 0
07-17 10:40:55.734  2085  6323 W PackageConfigPersister: App-specific configuration not found for packageName: com.xiaomi.xmsfkeeper and userId: 0
07-17 10:40:55.734  2085  6323 W PackageConfigPersister: App-specific configuration not found for packageName: com.android.server.telecom.overlay.common and userId: 0
07-17 10:40:55.734  2085  6323 W PackageConfigPersister: App-specific configuration not found for packageName: com.android.localtransport and userId: 0
07-17 10:40:55.734  2085  6323 W PackageConfigPersister: App-specific configuration not found for packageName: com.google.android.videos and userId: 0
07-17 10:40:55.734  2085  6323 W PackageConfigPersister: App-specific configuration not found for packageName: com.google.android.overlay.gmsconfig.asi and userId: 0
07-17 10:40:55.735  2085  6323 W PackageConfigPersister: App-specific configuration not found for packageName: com.google.android.overlay.gmsconfig.gsa and userId: 0
07-17 10:40:55.735  2085  6323 W PackageConfigPersister: App-specific configuration not found for packageName: com.miui.miwallpaper.overlay and userId: 0
07-17 10:40:55.735  2085  6323 W PackageConfigPersister: App-specific configuration not found for packageName: com.android.carrierdefaultapp and userId: 0
07-17 10:40:55.735  2085  6323 W PackageConfigPersister: App-specific configuration not found for packageName: com.xiaomi.mipicks and userId: 0
07-17 10:40:55.735  2085  6323 W PackageConfigPersister: App-specific configuration not found for packageName: com.miui.wallpaper.overlay.customize and userId: 0
07-17 10:40:55.735  2085  6323 W PackageConfigPersister: App-specific configuration not found for packageName: com.qualcomm.qti.powersavemode and userId: 0
07-17 10:40:55.735  2085  6323 W PackageConfigPersister: App-specific configuration not found for packageName: com.qualcomm.qti.remoteSimlockAuth and userId: 0
07-17 10:40:55.735  2085  6323 W PackageConfigPersister: App-specific configuration not found for packageName: com.android.credentialmanager and userId: 0
07-17 10:40:55.735  2085  6323 W PackageConfigPersister: App-specific configuration not found for packageName: com.xiaomi.finddevice and userId: 0
07-17 10:40:55.735  2085  6323 W PackageConfigPersister: App-specific configuration not found for packageName: com.qualcomm.qti.devicestatisticsservice and userId: 0
07-17 10:40:55.735  2085  6323 W PackageConfigPersister: App-specific configuration not found for packageName: com.android.theme.font.notoserifsource and userId: 0
07-17 10:40:55.736  2085  6323 W PackageConfigPersister: App-specific configuration not found for packageName: com.mi.global.bbs and userId: 0
07-17 10:40:55.736  2085  6323 W PackageConfigPersister: App-specific configuration not found for packageName: com.android.proxyhandler and userId: 0
07-17 10:40:55.736  2085  6323 W PackageConfigPersister: App-specific configuration not found for packageName: com.google.android.safetycenter.resources and userId: 0
07-17 10:40:55.736  2085  6323 W PackageConfigPersister: App-specific configuration not found for packageName: com.xiaomi.joyose and userId: 0
07-17 10:40:55.736  2085  6323 W PackageConfigPersister: App-specific configuration not found for packageName: com.android.internal.display.cutout.emulation.waterfall and userId: 0
07-17 10:40:55.736  2085  6323 W PackageConfigPersister: App-specific configuration not found for packageName: com.android.intentresolver and userId: 0
07-17 10:40:55.736  2085  6323 W PackageConfigPersister: App-specific configuration not found for packageName: com.qualcomm.qti.workloadclassifier and userId: 0
07-17 10:40:55.736  2085  6323 W PackageConfigPersister: App-specific configuration not found for packageName: com.mi.android.globalFileexplorer and userId: 0
07-17 10:40:55.736  2085  6323 W PackageConfigPersister: App-specific configuration not found for packageName: com.android.internal.systemui.navbar.transparent and userId: 0
07-17 10:40:55.736  2085  6323 W PackageConfigPersister: App-specific configuration not found for packageName: com.miui.notes and userId: 0
07-17 10:40:55.736  2085  6323 W PackageConfigPersister: App-specific configuration not found for packageName: com.zhiliaoapp.musically and userId: 0
07-17 10:40:55.737  2085  6323 W PackageConfigPersister: App-specific configuration not found for packageName: com.google.android.connectivity.resources and userId: 0
07-17 10:40:55.737  2085  6323 W PackageConfigPersister: App-specific configuration not found for packageName: com.google.android.overlay.modules.permissioncontroller.forframework and userId: 0
07-17 10:40:55.737  2085  6323 W PackageConfigPersister: App-specific configuration not found for packageName: com.android.providers.settings.overlay and userId: 0
07-17 10:40:55.737  2085  6323 W PackageConfigPersister: App-specific configuration not found for packageName: com.android.phone.overlay.miui and userId: 0
07-17 10:40:55.737  2085  6323 W PackageConfigPersister: App-specific configuration not found for packageName: com.miui.miwallpaper.config.overlay and userId: 0
07-17 10:40:55.737  2085  6323 W PackageConfigPersister: App-specific configuration not found for packageName: com.xiaomi.misettings and userId: 0
07-17 10:40:55.737  2085  6323 W PackageConfigPersister: App-specific configuration not found for packageName: com.google.android.feedback and userId: 0
07-17 10:40:55.737  2085  6323 W PackageConfigPersister: App-specific configuration not found for packageName: com.google.android.printservice.recommendation and userId: 0
07-17 10:40:55.737  2085  6323 W PackageConfigPersister: App-specific configuration not found for packageName: com.xiaomi.midrop and userId: 0
07-17 10:40:55.737  2085  6323 W PackageConfigPersister: App-specific configuration not found for packageName: com.xiaomi.mirror and userId: 0
07-17 10:40:55.737  2085  6323 W PackageConfigPersister: App-specific configuration not found for packageName: com.google.android.apps.photos and userId: 0
07-17 10:40:55.737  2085  6323 W PackageConfigPersister: App-specific configuration not found for packageName: com.google.android.calendar and userId: 0
07-17 10:40:55.737  2085  6323 W PackageConfigPersister: App-specific configuration not found for packageName: com.miui.cloudservice and userId: 0
07-17 10:40:55.738  2085  6323 W PackageConfigPersister: App-specific configuration not found for packageName: com.android.managedprovisioning and userId: 0
07-17 10:40:55.738  2085  6323 W PackageConfigPersister: App-specific configuration not found for packageName: com.fingerprints.sensortesttool and userId: 0
07-17 10:40:55.738  2085  6323 W PackageConfigPersister: App-specific configuration not found for packageName: com.android.soundpicker and userId: 0
07-17 10:40:55.738  2085  6323 W PackageConfigPersister: App-specific configuration not found for packageName: android.aosp.overlay.telephony and userId: 0
07-17 10:40:55.738  2085  6323 W PackageConfigPersister: App-specific configuration not found for packageName: com.tencent.soter.soterserver and userId: 0
07-17 10:40:55.738  2085  6323 W PackageConfigPersister: App-specific configuration not found for packageName: com.google.android.documentsui and userId: 0
07-17 10:40:55.738  2085  6323 W PackageConfigPersister: App-specific configuration not found for packageName: com.miui.permissioncontroller.overlay and userId: 0
07-17 10:40:55.738  2085  6323 W PackageConfigPersister: App-specific configuration not found for packageName: com.android.dreams.phototable and userId: 0
07-17 10:40:55.738  2085  6323 W PackageConfigPersister: App-specific configuration not found for packageName: com.miui.audiomonitor and userId: 0
07-17 10:40:55.738  2085  6323 W PackageConfigPersister: App-specific configuration not found for packageName: com.google.android.accessibility.switchaccess and userId: 0
07-17 10:40:55.738  2085  6323 W PackageConfigPersister: App-specific configuration not found for packageName: com.miui.touchassistant and userId: 0
07-17 10:40:55.738  2085  6323 W PackageConfigPersister: App-specific configuration not found for packageName: com.google.mainline.telemetry and userId: 0
07-17 10:40:55.738  2085  6323 W PackageConfigPersister: App-specific configuration not found for packageName: com.xiaomi.mtb and userId: 0
07-17 10:40:55.738  2085  6323 W PackageConfigPersister: App-specific configuration not found for packageName: com.xiaomi.ugd and userId: 0
07-17 10:40:55.738  2085  6323 W PackageConfigPersister: App-specific configuration not found for packageName: com.facebook.katana and userId: 0
07-17 10:40:55.738  2085  6323 W PackageConfigPersister: App-specific configuration not found for packageName: com.android.providers.partnerbookmarks and userId: 0
07-17 10:40:55.738  2085  6323 W PackageConfigPersister: App-specific configuration not found for packageName: com.android.smspush and userId: 0
07-17 10:40:55.738  2085  6323 W PackageConfigPersister: App-specific configuration not found for packageName: com.android.role.notes.enabled and userId: 0
07-17 10:40:55.739  2085  6323 W PackageConfigPersister: App-specific configuration not found for packageName: com.qualcomm.atfwd2 and userId: 0
07-17 10:40:55.739  2085  6323 W PackageConfigPersister: App-specific configuration not found for packageName: com.android.networkstack.overlay.miui and userId: 0
07-17 10:40:55.739  2085  6323 W PackageConfigPersister: App-specific configuration not found for packageName: com.miui.calculator and userId: 0
07-17 10:40:55.739  2085  6323 W PackageConfigPersister: App-specific configuration not found for packageName: com.android.wallpaper.livepicker and userId: 0
07-17 10:40:55.739  2085  6323 W PackageConfigPersister: App-specific configuration not found for packageName: com.miui.settings.rro.device.type.overlay and userId: 0
07-17 10:40:55.739  2085  6323 W PackageConfigPersister: App-specific configuration not found for packageName: com.android.apps.tag and userId: 0
07-17 10:40:55.739  2085  6323 W PackageConfigPersister: App-specific configuration not found for packageName: com.facebook.orca and userId: 0
07-17 10:40:55.739  2085  6323 W PackageConfigPersister: App-specific configuration not found for packageName: com.miui.miwallpaper and userId: 0
07-17 10:40:55.739  2085  6323 W PackageConfigPersister: App-specific configuration not found for packageName: com.google.mainline.adservices and userId: 0
07-17 10:40:55.739  2085  6323 W PackageConfigPersister: App-specific configuration not found for packageName: com.android.imsserviceentitlement and userId: 0
07-17 10:40:55.739  2085  6323 W PackageConfigPersister: App-specific configuration not found for packageName: com.facebook.system and userId: 0
07-17 10:40:55.739  2085  6323 W PackageConfigPersister: App-specific configuration not found for packageName: com.android.systemui.navigation.bar.overlay and userId: 0
07-17 10:40:55.739  2085  6323 W PackageConfigPersister: App-specific configuration not found for packageName: com.xiaomi.bluetooth and userId: 0
07-17 10:40:55.739  2085  6323 W PackageConfigPersister: App-specific configuration not found for packageName: com.google.android.healthconnect.controller and userId: 0
07-17 10:40:55.739  2085  6323 W PackageConfigPersister: App-specific configuration not found for packageName: com.aspiro.tidal and userId: 0
07-17 10:40:55.740  2085  6323 W PackageConfigPersister: App-specific configuration not found for packageName: com.google.android.cellbroadcastservice.overlay.miui and userId: 0
07-17 10:40:55.740  2085  6323 W PackageConfigPersister: App-specific configuration not found for packageName: com.google.android.gms.supervision and userId: 0
07-17 10:40:55.740  2085  6323 W PackageConfigPersister: App-specific configuration not found for packageName: android.autoinstalls.config.Xiaomi.model and userId: 0
07-17 10:40:55.740  2085  6323 W PackageConfigPersister: App-specific configuration not found for packageName: com.android.storagemanager and userId: 0
07-17 10:40:55.740  2085  6323 W PackageConfigPersister: App-specific configuration not found for packageName: com.wdstechnology.android.kryten and userId: 0
07-17 10:40:55.740  2085  6323 W PackageConfigPersister: App-specific configuration not found for packageName: com.miui.analytics and userId: 0
07-17 10:40:55.740  2085  6323 W PackageConfigPersister: App-specific configuration not found for packageName: com.android.bookmarkprovider and userId: 0
07-17 10:40:55.740  2085  6323 W PackageConfigPersister: App-specific configuration not found for packageName: com.android.settings and userId: 0
07-17 10:40:55.740  2085  6323 W PackageConfigPersister: App-specific configuration not found for packageName: com.qualcomm.qti.cne and userId: 0
07-17 10:40:55.740  2085  6323 W PackageConfigPersister: App-specific configuration not found for packageName: com.qualcomm.qti.lpa and userId: 0
07-17 10:40:55.740  2085  6323 W PackageConfigPersister: App-specific configuration not found for packageName: com.qualcomm.qti.uim and userId: 0
07-17 10:40:55.740  2085  6323 W PackageConfigPersister: App-specific configuration not found for packageName: com.miui.weather2 and userId: 0
07-17 10:40:55.740  2085  6323 W PackageConfigPersister: App-specific configuration not found for packageName: org.mipay.android.manager and userId: 0
07-17 10:40:55.740  2085  6323 W PackageConfigPersister: App-specific configuration not found for packageName: com.google.android.overlay.modules.captiveportallogin.forframework and userId: 0
07-17 10:40:55.741  2085  6323 W PackageConfigPersister: App-specific configuration not found for packageName: com.google.android.projection.gearhead and userId: 0
07-17 10:40:55.741  2085  6323 W PackageConfigPersister: App-specific configuration not found for packageName: com.qualcomm.location and userId: 0
07-17 10:40:55.741  2085  6323 W PackageConfigPersister: App-specific configuration not found for packageName: com.xiaomi.scanner and userId: 0
07-17 10:40:55.741  2085  6323 W PackageConfigPersister: App-specific configuration not found for packageName: com.google.android.apps.turbo and userId: 0
07-17 10:40:55.741  2085  6323 W PackageConfigPersister: App-specific configuration not found for packageName: org.jellyfin.mobile and userId: 0
07-17 10:40:55.741  2085  6323 W PackageConfigPersister: App-specific configuration not found for packageName: com.google.android.safetycore and userId: 0
07-17 10:40:55.741  2085  6323 W PackageConfigPersister: App-specific configuration not found for packageName: com.android.cts.ctsshim and userId: 0
07-17 10:40:55.741  2085  6323 W PackageConfigPersister: App-specific configuration not found for packageName: com.miui.mediaeditor and userId: 0
07-17 10:40:55.741  2085  6323 W PackageConfigPersister: App-specific configuration not found for packageName: com.google.android.overlay.modules.modulemetadata.forframework and userId: 0
07-17 10:40:55.741  2085  6323 W PackageConfigPersister: App-specific configuration not found for packageName: com.miui.yellowpage and userId: 0
07-17 10:40:55.741  2085  6323 W PackageConfigPersister: App-specific configuration not found for packageName: com.qualcomm.qti.uimGbaApp and userId: 0
07-17 10:40:55.741  2085  6323 W PackageConfigPersister: App-specific configuration not found for packageName: com.miui.systemui.carriers.overlay and userId: 0
07-17 10:40:55.741  2085  6323 W PackageConfigPersister: App-specific configuration not found for packageName: com.miui.systemui.overlay.devices.android and userId: 0
07-17 10:40:55.742  2085  6323 W PackageConfigPersister: App-specific configuration not found for packageName: com.android.vpndialogs and userId: 0
07-17 10:40:55.742  2085  6323 W PackageConfigPersister: App-specific configuration not found for packageName: android.miui.overlay.telephony and userId: 0
07-17 10:40:55.742  2085  6323 W PackageConfigPersister: App-specific configuration not found for packageName: com.google.android.keep and userId: 0
07-17 10:40:55.742  2085  6323 W PackageConfigPersister: App-specific configuration not found for packageName: com.android.phone and userId: 0
07-17 10:40:55.742  2085  6323 W PackageConfigPersister: App-specific configuration not found for packageName: com.android.overlay.gmstelephony and userId: 0
07-17 10:40:55.742  2085  6323 W PackageConfigPersister: App-specific configuration not found for packageName: com.android.shell and userId: 0
07-17 10:40:55.742  2085  6323 W PackageConfigPersister: App-specific configuration not found for packageName: com.android.wallpaperbackup and userId: 0
07-17 10:40:55.742  2085  6323 W PackageConfigPersister: App-specific configuration not found for packageName: com.android.providers.blockednumber and userId: 0
07-17 10:40:55.742  2085  6323 W PackageConfigPersister: App-specific configuration not found for packageName: com.miui.screenshot and userId: 0
07-17 10:40:55.742  2085  6323 W PackageConfigPersister: App-specific configuration not found for packageName: com.android.overlay.gmstelecomm and userId: 0
07-17 10:40:55.742  2085  6323 W PackageConfigPersister: App-specific configuration not found for packageName: com.android.providers.userdictionary and userId: 0
07-17 10:40:55.742  2085  6323 W PackageConfigPersister: App-specific configuration not found for packageName: com.google.android.apps.setupwizard.searchselector and userId: 0
07-17 10:40:55.742  2085  6323 W PackageConfigPersister: App-specific configuration not found for packageName: com.android.emergency and userId: 0
07-17 10:40:55.743  2085  6323 W PackageConfigPersister: App-specific configuration not found for packageName: com.android.hotspot2.osulogin and userId: 0
07-17 10:40:55.743  2085  6323 W PackageConfigPersister: App-specific configuration not found for packageName: com.qualcomm.qti.xrcb and userId: 0
07-17 10:40:55.743  2085  6323 W PackageConfigPersister: App-specific configuration not found for packageName: com.google.android.gms.location.history and userId: 0
07-17 10:40:55.743  2085  6323 W PackageConfigPersister: App-specific configuration not found for packageName: com.android.internal.systemui.navbar.gestural and userId: 0
07-17 10:40:55.743  2085  6323 W PackageConfigPersister: App-specific configuration not found for packageName: com.google.android.overlay.gmsconfig.personalsafety and userId: 0
07-17 10:40:55.743  2085  6323 W PackageConfigPersister: App-specific configuration not found for packageName: com.dti.bouyguestelecom and userId: 0
07-17 10:40:55.743  2085  6323 W PackageConfigPersister: App-specific configuration not found for packageName: com.android.location.fused and userId: 0
07-17 10:40:55.743  2085  6323 W PackageConfigPersister: App-specific configuration not found for packageName: com.android.deskclock and userId: 0
07-17 10:40:55.743  2085  6323 W PackageConfigPersister: App-specific configuration not found for packageName: com.android.systemui and userId: 0
07-17 10:40:55.743  2085  6323 W PackageConfigPersister: App-specific configuration not found for packageName: com.google.android.ondevicepersonalization.services and userId: 0
07-17 10:40:55.743  2085  6323 W PackageConfigPersister: App-specific configuration not found for packageName: com.google.android.apps.youtube.music and userId: 0
07-17 10:40:55.743  2085  6323 W PackageConfigPersister: App-specific configuration not found for packageName: com.miui.phone.carriers.overlay.h3g and userId: 0
07-17 10:40:55.743  2085  6323 W PackageConfigPersister: App-specific configuration not found for packageName: com.miui.core.internal.services and userId: 0
07-17 10:40:55.744  2085  6323 W PackageConfigPersister: App-specific configuration not found for packageName: com.android.wifi.resources.xiaomi and userId: 0
07-17 10:40:55.744  2085  6323 W PackageConfigPersister: App-specific configuration not found for packageName: com.android.bluetoothmidiservice and userId: 0
07-17 10:40:55.744  2085  6323 W PackageConfigPersister: App-specific configuration not found for packageName: com.qualcomm.qti.confdialer and userId: 0
07-17 10:40:55.744  2085  6323 W PackageConfigPersister: App-specific configuration not found for packageName: com.qualcomm.qti.poweroffalarm and userId: 0
07-17 10:40:55.744  2085  6323 W PackageConfigPersister: App-specific configuration not found for packageName: com.google.android.cellbroadcastreceiver.overlay.miui and userId: 0
07-17 10:40:55.744  2085  6323 W PackageConfigPersister: App-specific configuration not found for packageName: com.qti.phone and userId: 0
07-17 10:40:55.744  2085  6323 W PackageConfigPersister: App-specific configuration not found for packageName: com.mi.globallayout and userId: 0
07-17 10:40:55.744  2085  6323 W PackageConfigPersister: App-specific configuration not found for packageName: com.facebook.appmanager and userId: 0
07-17 10:40:55.744  2085  6323 W PackageConfigPersister: App-specific configuration not found for packageName: com.xiaomi.discover and userId: 0
07-17 10:40:55.744  2085  6323 W PackageConfigPersister: App-specific configuration not found for packageName: com.android.thememanager and userId: 0
07-17 10:40:55.744  2085  6323 W PackageConfigPersister: App-specific configuration not found for packageName: vendor.qti.imsdatachannel and userId: 0
07-17 10:40:55.744  2085  6323 W PackageConfigPersister: App-specific configuration not found for packageName: com.android.traceur and userId: 0
07-17 10:40:55.744  2085  6323 W PackageConfigPersister: App-specific configuration not found for packageName: com.google.android.cellbroadcastreceiver and userId: 0
07-17 10:40:55.744  2085  6323 W PackageConfigPersister: App-specific configuration not found for packageName: com.xiaomi.smarthome and userId: 0
07-17 10:40:55.744  2085  6323 W PackageConfigPersister: App-specific configuration not found for packageName: com.lbe.security.miui and userId: 0
07-17 10:40:55.745  2085  6323 W PackageConfigPersister: App-specific configuration not found for packageName: com.qti.dcf and userId: 0
07-17 10:40:55.745  2085  6323 W PackageConfigPersister: App-specific configuration not found for packageName: com.qti.qcc and userId: 0
07-17 10:40:55.745  2085  6323 W PackageConfigPersister: App-specific configuration not found for packageName: com.google.android.apps.magazines and userId: 0
07-17 10:40:55.745  2085  6323 W PackageConfigPersister: App-specific configuration not found for packageName: com.qualcomm.qtil.btdsda and userId: 0
07-17 10:40:55.745  2085  6323 W PackageConfigPersister: App-specific configuration not found for packageName: com.android.bluetooth and userId: 0
07-17 10:40:55.745  2085  6323 W PackageConfigPersister: App-specific configuration not found for packageName: com.qualcomm.timeservice and userId: 0
07-17 10:40:55.745  2085  6323 W PackageConfigPersister: App-specific configuration not found for packageName: com.android.settings.resource.overlay and userId: 0
07-17 10:40:55.745  2085  6323 W PackageConfigPersister: App-specific configuration not found for packageName: com.mi.globalminusscreen and userId: 0
07-17 10:40:55.745  2085  6323 W PackageConfigPersister: App-specific configuration not found for packageName: com.qualcomm.atfwd and userId: 0
07-17 10:40:55.745  2085  6323 W PackageConfigPersister: App-specific configuration not found for packageName: com.android.providers.contacts and userId: 0
07-17 10:40:55.745  2085  6323 W PackageConfigPersister: App-specific configuration not found for packageName: vendor.qti.imsrcs and userId: 0
07-17 10:40:55.745  2085  6323 W PackageConfigPersister: App-specific configuration not found for packageName: com.google.android.apps.kids.familylinkhelper and userId: 0
07-17 10:40:55.745  2085  6323 W PackageConfigPersister: App-specific configuration not found for packageName: com.android.internal.systemui.navbar.gestural_narrow_back and userId: 0
07-17 10:40:55.745  2085  6323 W PackageConfigPersister: App-specific configuration not found for packageName: com.android.devicelockcontroller and userId: 0
07-17 10:40:55.746  2085  6323 W PackageConfigPersister: App-specific configuration not found for packageName: com.android.stk.overlay.miui and userId: 0
07-17 10:40:55.746  2085  6323 W PackageConfigPersister: App-specific configuration not found for packageName: com.miui.settings.rro.device.config.overlay and userId: 0
07-17 10:40:55.746  2085  6323 W PackageConfigPersister: App-specific configuration not found for packageName: com.android.cellbroadcastreceiver.overlay.common and userId: 0
07-17 10:40:55.746  2085  6323 W PackageConfigPersister: App-specific configuration not found for packageName: com.google.android.photopicker and userId: 0
07-17 10:40:55.746  2085  6323 W PackageConfigPersister: App-specific configuration not found for packageName: cn.wps.moffice_eng and userId: 0
07-17 10:40:55.746  2085  6323 W PackageConfigPersister: App-specific configuration not found for packageName: com.snapchat.android and userId: 0
07-17 10:40:55.746  2085  6323 W PackageConfigPersister: App-specific configuration not found for packageName: com.miui.core and userId: 0
07-17 10:40:55.746  2085  6323 W PackageConfigPersister: App-specific configuration not found for packageName: com.miui.face and userId: 0
07-17 10:40:55.746  2085  6323 W PackageConfigPersister: App-specific configuration not found for packageName: com.miui.home and userId: 0
07-17 10:40:55.746  2085  6323 W PackageConfigPersister: App-specific configuration not found for packageName: com.google.android.inputmethod.latin and userId: 0
07-17 10:40:55.746  2085  6323 W PackageConfigPersister: App-specific configuration not found for packageName: com.google.android.apps.restore and userId: 0
07-17 10:40:55.747  2085  6323 D BackupHelperDispatcher: handling new helper 'notifications'
07-17 10:40:55.828  1162  2845 E CamX    : [ERROR][NCS    ] camxncsservice.cpp:1007 EnqueueJob() Can not enqueue jobs when thread is stopped
07-17 10:40:55.844  1161  6726 D vendor.qti.bluetooth@1.0-wake_lock: Release wakelock is released 
07-17 10:40:55.858  2085  6323 D BackupHelperDispatcher: handling new helper 'people'
07-17 10:40:55.859  2085  6323 D BackupHelperDispatcher: handling new helper 'permissions'
07-17 10:40:55.864  2085  3188 D isUidValid: uid = 10245
07-17 10:40:55.864  2085  2991 I MiuiNetworkPolicy: updateUidState uid = 10245, uidState = 6
07-17 10:40:55.867  2085  3416 I SmartPower: com.google.android.permissioncontroller/10245(18630): idle->background(432633ms) R(service create com.google.android.permissioncontroller/com.android.permissioncontroller.permission.service.PermissionControllerServiceImpl) adj=0.
07-17 10:40:55.929  2085  4743 W ParceledListSlice: Element #14 is 19776 bytes. parcelable: PackageInfo{879a447 com.google.android.googlequicksearchbox}
07-17 10:40:55.936  2085  4743 W ParceledListSlice: Element #60 is 18388 bytes. parcelable: PackageInfo{bc13eea com.miui.securitycenter}
07-17 10:40:55.939  2085  4743 W ParceledListSlice: Element #83 is 20148 bytes. parcelable: PackageInfo{2c744e4 com.android.vending}
07-17 10:40:55.944  2085  2360 I ExtM    : the number of flushable pages is relatively few
07-17 10:40:55.945  2085  4743 W ParceledListSlice: Element #107 is 128772 bytes. parcelable: PackageInfo{c9342c5 android}
07-17 10:40:55.945  2085  4743 W ParceledListSlice: Overly large reply size: 142312
07-17 10:40:55.960  2085  4743 W ParceledListSlice: Element #228 is 49420 bytes. parcelable: PackageInfo{a191019 com.google.android.gms}
07-17 10:40:55.961  2085  4743 W ParceledListSlice: Element #229 is 22508 bytes. parcelable: PackageInfo{fa194d5 com.google.android.gsf}
07-17 10:40:55.969  2085  4743 W ParceledListSlice: Element #267 is 23176 bytes. parcelable: PackageInfo{ab02cc8 com.zhiliaoapp.musically}
07-17 10:40:55.976  2085  4743 W ParceledListSlice: Element #312 is 77172 bytes. parcelable: PackageInfo{8b3a660 com.google.android.healthconnect.controller}
07-17 10:40:55.977  2085  4743 W ParceledListSlice: Element #321 is 17284 bytes. parcelable: PackageInfo{7f89754 com.android.settings}
07-17 10:40:55.980  2085  4743 W ParceledListSlice: Element #346 is 28604 bytes. parcelable: PackageInfo{35ec098 com.android.shell}
07-17 10:40:55.980  2085  4743 W ParceledListSlice: Overly large reply size: 82364
07-17 10:40:56.027  1162  2845 E CamX    : [ERROR][NCS    ] camxncsservice.cpp:1007 EnqueueJob() Can not enqueue jobs when thread is stopped
07-17 10:40:56.227  1162  2845 E CamX    : [ERROR][NCS    ] camxncsservice.cpp:1007 EnqueueJob() Can not enqueue jobs when thread is stopped
07-17 10:40:56.257  2085  2360 I ExtM    : the number of flushable pages is relatively few
07-17 10:40:56.272  4647 25798 I MediaCodec: [mId: 2] [audio-debug-dec] Stats over last 5005ms:
07-17 10:40:56.272  4647 25798 I MediaCodec: [mId: 2] [audio-debug-dec] ClientName: com.facebook.katana ComponentName: c2.android.aac.decoder
07-17 10:40:56.272  4647 25798 I MediaCodec: [mId: 2] [audio-debug-dec] Qinput: 0, DQinput: 0 success out of 5 tries
07-17 10:40:56.272  4647 25798 I MediaCodec: [mId: 2] [audio-debug-dec] Render: 0, Drop: 0, DQoutput: 0 success out of 0 tries
07-17 10:40:56.276 20452 20495 D AudioTrackImpl: [audioTrackData][fine] 5s(f:5006 m:0 s:0 k:0 z:0) : pid 20452 uid 10185 sessionId 3401 sr 44100 ch 2 fmt 1 maxAmplitude 12744
07-17 10:40:56.391  1161  6739 I vendor.qti.bluetooth@1.0-ibs_handler: ProcessIbsCmd: Received IBS_WAKE_IND: 0xFD
07-17 10:40:56.391  1161  6739 D vendor.qti.bluetooth@1.0-ibs_handler: SerialClockVote: vote for UART CLK ON
07-17 10:40:56.392  1161  6739 D vendor.qti.bluetooth@1.0-wake_lock: Acquire wakelock is acquired 
07-17 10:40:56.392  1161  6739 I vendor.qti.bluetooth@1.0-ibs_handler: ProcessIbsCmd: Writing IBS_WAKE_ACK
07-17 10:40:56.394  6602  6745 I bt_stack: [INFO:btm_ble_gap.cc(3495)] btm_ble_process_adv_pkt_cont Data Complete 70:94:cd:a3:54:dc
07-17 10:40:56.394  6602  6745 I bt_stack: [INFO:btm_ble_gap.cc(3495)] btm_ble_process_adv_pkt_cont Data Complete 70:94:cd:a3:54:dc
07-17 10:40:56.395  6602  6745 D bt_btm_ble: bool parse_adv_audio_uuids_from_adv_pkt(const uint8_t *, size_t, uint8_t): tmap_cap_pts: false
07-17 10:40:56.396  6602  6721 D BluetoothRemoteDevices:  getMappingAddr null
07-17 10:40:56.396  4999  5056 D com.android.bluetooth.ble.app.o1: setScanedData: Name: JBL TOUR PRO 2address: XX:XX:XX:XX:54:DC
07-17 10:40:56.396  6602  6721 D BluetoothAdapterService: getIdentityAddress null retruning 70:94:CD:A3:54:DC
07-17 10:40:56.427  1162  2845 E CamX    : [ERROR][NCS    ] camxncsservice.cpp:1007 EnqueueJob() Can not enqueue jobs when thread is stopped
07-17 10:40:56.433  1161  6739 I vendor.qti.bluetooth@1.0-ibs_handler: ProcessIbsCmd: Received IBS_SLEEP_IND: 0xFE
07-17 10:40:56.433  1161  6739 D vendor.qti.bluetooth@1.0-ibs_handler: SerialClockVote: vote for UART CLK OFF
07-17 10:40:56.583  1161  6726 D vendor.qti.bluetooth@1.0-wake_lock: Release wakelock is released 
07-17 10:40:56.627  1162  2845 E CamX    : [ERROR][NCS    ] camxncsservice.cpp:1007 EnqueueJob() Can not enqueue jobs when thread is stopped
07-17 10:40:56.827  1162  2845 E CamX    : [ERROR][NCS    ] camxncsservice.cpp:1007 EnqueueJob() Can not enqueue jobs when thread is stopped
07-17 10:40:56.981  2085  2360 I ExtM    : the number of flushable pages is relatively few
07-17 10:40:57.027  1162  2845 E CamX    : [ERROR][NCS    ] camxncsservice.cpp:1007 EnqueueJob() Can not enqueue jobs when thread is stopped
07-17 10:40:57.055  2022  2022 I wificond: station_bandwidth: 
07-17 10:40:57.227  1162  2845 E CamX    : [ERROR][NCS    ] camxncsservice.cpp:1007 EnqueueJob() Can not enqueue jobs when thread is stopped
07-17 10:40:57.273  4647 25794 D AudioTrackImpl: [audioTrackData][fine] 5s(f:5006 m:0 s:0 k:0 z:0) : pid 4647 uid 10278 sessionId 2993 sr 44100 ch 2 fmt 1 maxAmplitude 3237
07-17 10:40:57.292  2085  2360 I ExtM    : the number of flushable pages is relatively few
07-17 10:40:57.427  1162  2845 E CamX    : [ERROR][NCS    ] camxncsservice.cpp:1007 EnqueueJob() Can not enqueue jobs when thread is stopped
07-17 10:40:57.627  1162  2845 E CamX    : [ERROR][NCS    ] camxncsservice.cpp:1007 EnqueueJob() Can not enqueue jobs when thread is stopped
07-17 10:40:57.752  1161  6739 I vendor.qti.bluetooth@1.0-ibs_handler: ProcessIbsCmd: Received IBS_WAKE_IND: 0xFD
07-17 10:40:57.752  1161  6739 D vendor.qti.bluetooth@1.0-ibs_handler: SerialClockVote: vote for UART CLK ON
07-17 10:40:57.753  1161  6739 D vendor.qti.bluetooth@1.0-wake_lock: Acquire wakelock is acquired 
07-17 10:40:57.753  1161  6739 I vendor.qti.bluetooth@1.0-ibs_handler: ProcessIbsCmd: Writing IBS_WAKE_ACK
07-17 10:40:57.754  6602  6745 I bt_stack: [INFO:btm_ble_gap.cc(3495)] btm_ble_process_adv_pkt_cont Data Complete 70:94:cd:a3:54:dc
07-17 10:40:57.755  6602  6745 I bt_stack: [INFO:btm_ble_gap.cc(3495)] btm_ble_process_adv_pkt_cont Data Complete 70:94:cd:a3:54:dc
07-17 10:40:57.755  6602  6745 D bt_btm_ble: bool parse_adv_audio_uuids_from_adv_pkt(const uint8_t *, size_t, uint8_t): tmap_cap_pts: false
07-17 10:40:57.756  6602  6721 D BluetoothRemoteDevices:  getMappingAddr null
07-17 10:40:57.756  6602  6721 D BluetoothAdapterService: getIdentityAddress null retruning 70:94:CD:A3:54:DC
07-17 10:40:57.756  4999  5056 D com.android.bluetooth.ble.app.o1: setScanedData: Name: JBL TOUR PRO 2address: XX:XX:XX:XX:54:DC
07-17 10:40:57.793  1161  6739 I vendor.qti.bluetooth@1.0-ibs_handler: ProcessIbsCmd: Received IBS_SLEEP_IND: 0xFE
07-17 10:40:57.794  1161  6739 D vendor.qti.bluetooth@1.0-ibs_handler: SerialClockVote: vote for UART CLK OFF
07-17 10:40:57.819 18630 18640 W ssioncontroller: Reducing the number of considered missed Gc histogram windows from 4328 to 100
07-17 10:40:57.827  1162  2845 E CamX    : [ERROR][NCS    ] camxncsservice.cpp:1007 EnqueueJob() Can not enqueue jobs when thread is stopped
07-17 10:40:57.944  1161  6726 D vendor.qti.bluetooth@1.0-wake_lock: Release wakelock is released 
07-17 10:40:58.019  2085  2360 I ExtM    : the number of flushable pages is relatively few
07-17 10:40:58.027  1162  2845 E CamX    : [ERROR][NCS    ] camxncsservice.cpp:1007 EnqueueJob() Can not enqueue jobs when thread is stopped
07-17 10:40:58.227  1162  2845 E CamX    : [ERROR][NCS    ] camxncsservice.cpp:1007 EnqueueJob() Can not enqueue jobs when thread is stopped
07-17 10:40:58.312  1161  6739 I vendor.qti.bluetooth@1.0-ibs_handler: ProcessIbsCmd: Received IBS_WAKE_IND: 0xFD
07-17 10:40:58.312  1161  6739 D vendor.qti.bluetooth@1.0-ibs_handler: SerialClockVote: vote for UART CLK ON
07-17 10:40:58.313  1161  6739 D vendor.qti.bluetooth@1.0-wake_lock: Acquire wakelock is acquired 
07-17 10:40:58.313  1161  6739 I vendor.qti.bluetooth@1.0-ibs_handler: ProcessIbsCmd: Writing IBS_WAKE_ACK
07-17 10:40:58.314  6602  6745 I bt_stack: [INFO:btm_ble_gap.cc(3495)] btm_ble_process_adv_pkt_cont Data Complete 70:94:cd:a3:54:dc
07-17 10:40:58.314  6602  6745 I bt_stack: [INFO:btm_ble_gap.cc(3495)] btm_ble_process_adv_pkt_cont Data Complete 70:94:cd:a3:54:dc
07-17 10:40:58.315  6602  6745 D bt_btm_ble: bool parse_adv_audio_uuids_from_adv_pkt(const uint8_t *, size_t, uint8_t): tmap_cap_pts: false
07-17 10:40:58.316  6602  6721 D BluetoothRemoteDevices:  getMappingAddr null
07-17 10:40:58.316  6602  6721 D BluetoothAdapterService: getIdentityAddress null retruning 70:94:CD:A3:54:DC
07-17 10:40:58.316  4999  5056 D com.android.bluetooth.ble.app.o1: setScanedData: Name: JBL TOUR PRO 2address: XX:XX:XX:XX:54:DC
07-17 10:40:58.354  1161  6739 I vendor.qti.bluetooth@1.0-ibs_handler: ProcessIbsCmd: Received IBS_SLEEP_IND: 0xFE
07-17 10:40:58.354  1161  6739 D vendor.qti.bluetooth@1.0-ibs_handler: SerialClockVote: vote for UART CLK OFF
07-17 10:40:58.427  1162  2845 E CamX    : [ERROR][NCS    ] camxncsservice.cpp:1007 EnqueueJob() Can not enqueue jobs when thread is stopped
07-17 10:40:58.505  1161  6726 D vendor.qti.bluetooth@1.0-wake_lock: Release wakelock is released 
07-17 10:40:58.627  1162  2845 E CamX    : [ERROR][NCS    ] camxncsservice.cpp:1007 EnqueueJob() Can not enqueue jobs when thread is stopped
07-17 10:40:58.662  2085  3276 I SmartPower: com.google.android.apps.youtube.music/10260(19951): background->idle(3077ms) R(backup end) adj=905.
07-17 10:40:58.827  1162  2845 E CamX    : [ERROR][NCS    ] camxncsservice.cpp:1007 EnqueueJob() Can not enqueue jobs when thread is stopped
07-17 10:40:58.957  1161  6739 I vendor.qti.bluetooth@1.0-ibs_handler: ProcessIbsCmd: Received IBS_WAKE_IND: 0xFD
07-17 10:40:58.957  1161  6739 D vendor.qti.bluetooth@1.0-ibs_handler: SerialClockVote: vote for UART CLK ON
07-17 10:40:58.958  1161  6739 D vendor.qti.bluetooth@1.0-wake_lock: Acquire wakelock is acquired 
07-17 10:40:58.958  1161  6739 I vendor.qti.bluetooth@1.0-ibs_handler: ProcessIbsCmd: Writing IBS_WAKE_ACK
07-17 10:40:58.960  6602  6745 I bt_stack: [INFO:btm_ble_gap.cc(3495)] btm_ble_process_adv_pkt_cont Data Complete 70:94:cd:a3:54:dc
07-17 10:40:58.960  6602  6745 I bt_stack: [INFO:btm_ble_gap.cc(3495)] btm_ble_process_adv_pkt_cont Data Complete 70:94:cd:a3:54:dc
07-17 10:40:58.960  6602  6745 D bt_btm_ble: bool parse_adv_audio_uuids_from_adv_pkt(const uint8_t *, size_t, uint8_t): tmap_cap_pts: false
07-17 10:40:58.962  6602  6721 D BluetoothRemoteDevices:  getMappingAddr null
07-17 10:40:58.962  4999  5056 D com.android.bluetooth.ble.app.o1: setScanedData: Name: JBL TOUR PRO 2address: XX:XX:XX:XX:54:DC
07-17 10:40:58.962  6602  6721 D BluetoothAdapterService: getIdentityAddress null retruning 70:94:CD:A3:54:DC
07-17 10:40:58.971  4003  4003 I adbd    : adbd service requested 'shell,v2:export ANDROID_LOG_TAGS=''; exec logcat '-d' '-v' 'threadtime' '-t' '2500''
07-17 10:40:58.999  1161  6739 I vendor.qti.bluetooth@1.0-ibs_handler: ProcessIbsCmd: Received IBS_SLEEP_IND: 0xFE
07-17 10:40:58.999  1161  6739 D vendor.qti.bluetooth@1.0-ibs_handler: SerialClockVote: vote for UART CLK OFF
