07-17 10:40:53.742  6602  6745 I bt_stack: [INFO:btm_ble_gap.cc(3495)] btm_ble_process_adv_pkt_cont Data Complete 70:94:cd:a3:54:dc
07-17 10:40:53.743  6602  6745 I bt_stack: [INFO:btm_ble_gap.cc(3495)] btm_ble_process_adv_pkt_cont Data Complete 70:94:cd:a3:54:dc
07-17 10:40:53.743  6602  6745 D bt_btm_ble: bool parse_adv_audio_uuids_from_adv_pkt(const uint8_t *, size_t, uint8_t): tmap_cap_pts: false
07-17 10:40:53.745  6602  6721 D BluetoothRemoteDevices:  getMappingAddr null
07-17 10:40:53.745  4999  5056 D com.android.bluetooth.ble.app.o1: setScanedData: Name: JBL TOUR PRO 2address: XX:XX:XX:XX:54:DC
07-17 10:40:53.745  6602  6721 D BluetoothAdapterService: getIdentityAddress null retruning 70:94:CD:A3:54:DC
07-17 10:40:53.780  1161  6739 I vendor.qti.bluetooth@1.0-ibs_handler: ProcessIbsCmd: Received IBS_SLEEP_IND: 0xFE
07-17 10:40:53.780  1161  6739 D vendor.qti.bluetooth@1.0-ibs_handler: SerialClockVote: vote for UART CLK OFF
07-17 10:40:53.828  1162  2845 E CamX    : [ERROR][NCS    ] camxncsservice.cpp:1007 EnqueueJob() Can not enqueue jobs when thread is stopped
07-17 10:40:53.931  1161  6726 D vendor.qti.bluetooth@1.0-wake_lock: Release wakelock is released 
07-17 10:40:54.018  2022  2022 I wificond: station_bandwidth: 
07-17 10:40:54.027  1162  2845 E CamX    : [ERROR][NCS    ] camxncsservice.cpp:1007 EnqueueJob() Can not enqueue jobs when thread is stopped
07-17 10:40:54.227  1162  2845 E CamX    : [ERROR][NCS    ] camxncsservice.cpp:1007 EnqueueJob() Can not enqueue jobs when thread is stopped
07-17 10:40:54.388  1161  6739 I vendor.qti.bluetooth@1.0-ibs_handler: ProcessIbsCmd: Received IBS_WAKE_IND: 0xFD
07-17 10:40:54.388  1161  6739 D vendor.qti.bluetooth@1.0-ibs_handler: SerialClockVote: vote for UART CLK ON
07-17 10:40:54.389  1161  6739 D vendor.qti.bluetooth@1.0-wake_lock: Acquire wakelock is acquired 
07-17 10:40:54.389  1161  6739 I vendor.qti.bluetooth@1.0-ibs_handler: ProcessIbsCmd: Writing IBS_WAKE_ACK
07-17 10:40:54.391  6602  6745 I bt_stack: [INFO:btm_ble_gap.cc(3495)] btm_ble_process_adv_pkt_cont Data Complete 70:94:cd:a3:54:dc
07-17 10:40:54.391  6602  6745 I bt_stack: [INFO:btm_ble_gap.cc(3495)] btm_ble_process_adv_pkt_cont Data Complete 70:94:cd:a3:54:dc
07-17 10:40:54.392  6602  6745 D bt_btm_ble: bool parse_adv_audio_uuids_from_adv_pkt(const uint8_t *, size_t, uint8_t): tmap_cap_pts: false
07-17 10:40:54.394  6602  6721 D BluetoothRemoteDevices:  getMappingAddr null
07-17 10:40:54.394  4999  5056 D com.android.bluetooth.ble.app.o1: setScanedData: Name: JBL TOUR PRO 2address: XX:XX:XX:XX:54:DC
07-17 10:40:54.394  6602  6721 D BluetoothAdapterService: getIdentityAddress null retruning 70:94:CD:A3:54:DC
07-17 10:40:54.428  1162  2845 E CamX    : [ERROR][NCS    ] camxncsservice.cpp:1007 EnqueueJob() Can not enqueue jobs when thread is stopped
07-17 10:40:54.430  1161  6739 I vendor.qti.bluetooth@1.0-ibs_handler: ProcessIbsCmd: Received IBS_SLEEP_IND: 0xFE
07-17 10:40:54.430  1161  6739 D vendor.qti.bluetooth@1.0-ibs_handler: SerialClockVote: vote for UART CLK OFF
07-17 10:40:54.509  1288 20582 I QC2Comp : [avcD_556] Stats: Pending(7) i/p-done(3) Works: Q: 29/Done 24|Work-Rate: Q(0.0/s Avg=0.0/s) Done(0.000/s Avg=0.000/s)| Stream: 30.00fps 1.1Mbps
07-17 10:40:54.509  1288 20582 I QC2Comp : Mem-usage:  [In-1D - 6 bufs 17.930 MB] [1D-0 - 13 bufs 0.203 MB] [2D-146 - 21 bufs 20.016 MB]
07-17 10:40:54.509  1288 20582 I QC2Comp : Total Mem-usage: 38.148 MB
07-17 10:40:54.581  1161  6726 D vendor.qti.bluetooth@1.0-wake_lock: Release wakelock is released 
07-17 10:40:54.628  1162  2845 E CamX    : [ERROR][NCS    ] camxncsservice.cpp:1007 EnqueueJob() Can not enqueue jobs when thread is stopped
07-17 10:40:54.796  2085  2929 D AlarmManager: mBroadcastRefCount -> 1
07-17 10:40:54.797  9186  9186 I PowerKeeperBackgroundService: onStartCommand()
07-17 10:40:54.797  9186  9186 I PowerKeeperService: onAlarm
07-17 10:40:54.798  2085  2929 D AlarmManager: mBroadcastRefCount -> 2
07-17 10:40:54.799  2085  2085 D AlarmManager: mBroadcastRefCount -> 1
07-17 10:40:54.799  2085  2085 D AlarmManager: mPendingIntent -> PendingIntent{771be89: PendingIntentRecord{a720e8e com.miui.powerkeeper startService}}
07-17 10:40:54.805  2085  2085 D AlarmManager: mBroadcastRefCount -> 0
07-17 10:40:54.805  2085  2085 D AlarmManager: mPendingIntent -> null
07-17 10:40:54.820  2085  2085 W JobScheduler: Job didn't exist in JobStore: 
07-17 10:40:54.827  1162  2845 E CamX    : [ERROR][NCS    ] camxncsservice.cpp:1007 EnqueueJob() Can not enqueue jobs when thread is stopped
07-17 10:40:54.834  2085  2085 I TransportConnection: BackupTransportService#8947: Notifying [BH/MSG_RUN_BACKUP] transport = BackupTransportClient
07-17 10:40:54.836  2085  6157 I BackupManagerService: [UserID:0] Acquired wakelock:*backup*-0-6157
07-17 10:40:54.840  2085  6157 D KeyValueBackupTask: Spinning thread key-value-backup-36
07-17 10:40:54.841  2085  6323 D PFTBT   : backupmanager pftbt token=6ce6956
07-17 10:40:54.841  2085  6323 I KeyValueBackupTask: Beginning backup of 5 targets
07-17 10:40:54.842  2085  8834 D BackupTransportManager: [UserID:0] Transport com.google.android.gms/.backup.BackupTransportService updated its attributes
07-17 10:40:54.843  2085  6323 D KeyValueBackupTask: Starting key-value backup of @pm@
07-17 10:40:54.856  2085  6323 D KeyValueBackupTask: Invoking agent on @pm@
07-17 10:40:54.865 30321  4641 I Backup  : [CryptoEnableCheck] Should not encrypt backups: device has no lock screen.
07-17 10:40:54.878  2085  6323 I BackupRestoreController: Getting widget state for user: 0
07-17 10:40:54.885 30321  4641 I Backup  : [CryptoEnableCheck] Should not encrypt backups: device has no lock screen.
07-17 10:40:54.887 30321  4641 I AndroidBackupEventsLogg: (REDACTED) Logging with sampling event %s
07-17 10:40:54.903 30321 19362 I Backup  : [FreshnessTargetTierChecker] Should back up @pm@: it's exempt from FTT enforcement.
07-17 10:40:54.927 30321  4641 I Backup  : [CryptoEnableCheck] Should not encrypt backups: device has no lock screen.
07-17 10:40:54.937 30321  4641 I Backup  : [CryptoEnableCheck] Should not encrypt backups: device has no lock screen.
07-17 10:40:54.937 30321  4641 I Backup  : [GmsBackupTransport] Performing non-Folsom encrypted kv backup: @pm@
07-17 10:40:54.965 30321 30321 D BoundBrokerSvc: onBind: Intent { act=com.google.android.gms.common.BIND_SHARED_PREFS pkg=com.google.android.gms }
07-17 10:40:54.965 30321 30321 D BoundBrokerSvc: Loading bound service for intent: Intent { act=com.google.android.gms.common.BIND_SHARED_PREFS pkg=com.google.android.gms }
07-17 10:40:55.018  1161  6739 I vendor.qti.bluetooth@1.0-ibs_handler: ProcessIbsCmd: Received IBS_WAKE_IND: 0xFD
07-17 10:40:55.018  1161  6739 D vendor.qti.bluetooth@1.0-ibs_handler: SerialClockVote: vote for UART CLK ON
07-17 10:40:55.019  1161  6739 D vendor.qti.bluetooth@1.0-wake_lock: Acquire wakelock is acquired 
07-17 10:40:55.019  1161  6739 I vendor.qti.bluetooth@1.0-ibs_handler: ProcessIbsCmd: Writing IBS_WAKE_ACK
07-17 10:40:55.020  6602  6745 I bt_stack: [INFO:btm_ble_gap.cc(3495)] btm_ble_process_adv_pkt_cont Data Complete 70:94:cd:a3:54:dc
07-17 10:40:55.020  6602  6745 I bt_stack: [INFO:btm_ble_gap.cc(3495)] btm_ble_process_adv_pkt_cont Data Complete 70:94:cd:a3:54:dc
07-17 10:40:55.020  6602  6745 D bt_btm_ble: bool parse_adv_audio_uuids_from_adv_pkt(const uint8_t *, size_t, uint8_t): tmap_cap_pts: false
07-17 10:40:55.021  6602  6721 D BluetoothRemoteDevices:  getMappingAddr null
07-17 10:40:55.021  6602  6721 D BluetoothAdapterService: getIdentityAddress null retruning 70:94:CD:A3:54:DC
07-17 10:40:55.021  4999  5056 D com.android.bluetooth.ble.app.o1: setScanedData: Name: JBL TOUR PRO 2address: XX:XX:XX:XX:54:DC
07-17 10:40:55.027  1162  2845 E CamX    : [ERROR][NCS    ] camxncsservice.cpp:1007 EnqueueJob() Can not enqueue jobs when thread is stopped
07-17 10:40:55.060  1161  6739 I vendor.qti.bluetooth@1.0-ibs_handler: ProcessIbsCmd: Received IBS_SLEEP_IND: 0xFE
07-17 10:40:55.060  1161  6739 D vendor.qti.bluetooth@1.0-ibs_handler: SerialClockVote: vote for UART CLK OFF
07-17 10:40:55.114 30321 19362 W Conscrypt: Could not set socket write timeout: java.net.SocketException: Socket closed
07-17 10:40:55.115 30321 19362 W Conscrypt: 	at com.google.android.gms.org.conscrypt.Platform.setSocketWriteTimeout(:com.google.android.gms@262532029@26.25.32 (190400-944114241):204)
07-17 10:40:55.115 30321 19362 W Conscrypt: 	at com.google.android.gms.org.conscrypt.ConscryptFileDescriptorSocket.setSoWriteTimeout(:com.google.android.gms@262532029@26.25.32 (190400-944114241):4)
07-17 10:40:55.164 30321 19362 W Conscrypt: Could not set socket write timeout: java.net.SocketException: Socket closed
07-17 10:40:55.165 30321 19362 W Conscrypt: 	at com.google.android.gms.org.conscrypt.Platform.setSocketWriteTimeout(:com.google.android.gms@262532029@26.25.32 (190400-944114241):204)
07-17 10:40:55.165 30321 19362 W Conscrypt: 	at com.google.android.gms.org.conscrypt.ConscryptFileDescriptorSocket.setSoWriteTimeout(:com.google.android.gms@262532029@26.25.32 (190400-944114241):4)
07-17 10:40:55.211  1161  6726 D vendor.qti.bluetooth@1.0-wake_lock: Release wakelock is released 
07-17 10:40:55.227  1162  2845 E CamX    : [ERROR][NCS    ] camxncsservice.cpp:1007 EnqueueJob() Can not enqueue jobs when thread is stopped
07-17 10:40:55.428  1162  2845 E CamX    : [ERROR][NCS    ] camxncsservice.cpp:1007 EnqueueJob() Can not enqueue jobs when thread is stopped
07-17 10:40:55.538 30321  4641 I AndroidBackupEventsLogg: (REDACTED) Logging with sampling event %s
07-17 10:40:55.546 30321  4641 W gle.android.gms: PerfMonitor async binderTransact :  time=666ms interface=com.android.internal.backup.IBackupTransport code=9
07-17 10:40:55.574 30321  4641 I Backup  : [GmsBackupTransport] Backup finished for @pm@
07-17 10:40:55.575 30321  4641 I AndroidBackupEventsLogg: (REDACTED) Logging with sampling event %s
07-17 10:40:55.577  2085  6323 D KeyValueBackupTask: Starting key-value backup of com.google.android.apps.youtube.music
07-17 10:40:55.582  2085  6323 D BackupManagerService: bindToAgentSynchronous, packageName:com.google.android.apps.youtube.music uid:10260, userId:0
07-17 10:40:55.584  2085  2991 I MiuiNetworkPolicy: updateUidState uid = 10260, uidState = 8
07-17 10:40:55.586  2085  6323 I SmartPower: com.google.android.apps.youtube.music/10260(19951): idle->background(61770ms) R(backup start) adj=300.
07-17 10:40:55.586  2085  6323 D BackupManagerService: [UserID:0] awaiting agent for ApplicationInfo{d1044da com.google.android.apps.youtube.music}
07-17 10:40:55.627  1162  2845 E CamX    : [ERROR][NCS    ] camxncsservice.cpp:1007 EnqueueJob() Can not enqueue jobs when thread is stopped
07-17 10:40:55.637  2085  8834 D BackupManagerService: [UserID:0] agentConnected pkg=com.google.android.apps.youtube.music agent=android.os.BinderProxy@dae382c
07-17 10:40:55.637  2085  6323 I BackupManagerService: [UserID:0] got agent android.app.IBackupAgent$Stub$Proxy@65382f5
07-17 10:40:55.637  2085  6323 D KeyValueBackupTask: Invoking agent on com.google.android.apps.youtube.music
07-17 10:40:55.641 30321  4641 I Backup  : [CryptoEnableCheck] Should not encrypt backups: device has no lock screen.
07-17 10:40:55.652  1161  6739 I vendor.qti.bluetooth@1.0-ibs_handler: ProcessIbsCmd: Received IBS_WAKE_IND: 0xFD
07-17 10:40:55.652  1161  6739 D vendor.qti.bluetooth@1.0-ibs_handler: SerialClockVote: vote for UART CLK ON
07-17 10:40:55.652  1161  6739 D vendor.qti.bluetooth@1.0-wake_lock: Acquire wakelock is acquired 
07-17 10:40:55.653  1161  6739 I vendor.qti.bluetooth@1.0-ibs_handler: ProcessIbsCmd: Writing IBS_WAKE_ACK
07-17 10:40:55.653 19951 19967 D BackupHelperDispatcher: handling existing helper 'persistent_backup_agent_helper_prefs' android.app.backup.SharedPreferencesBackupHelper@b83466d
07-17 10:40:55.654  6602  6745 I bt_stack: [INFO:btm_ble_gap.cc(3495)] btm_ble_process_adv_pkt_cont Data Complete 70:94:cd:a3:54:dc
07-17 10:40:55.654  6602  6745 I bt_stack: [INFO:btm_ble_gap.cc(3495)] btm_ble_process_adv_pkt_cont Data Complete 70:94:cd:a3:54:dc
07-17 10:40:55.654  6602  6745 D bt_btm_ble: bool parse_adv_audio_uuids_from_adv_pkt(const uint8_t *, size_t, uint8_t): tmap_cap_pts: false
07-17 10:40:55.655  6602  6721 D BluetoothRemoteDevices:  getMappingAddr null
07-17 10:40:55.655  6602  6721 D BluetoothAdapterService: getIdentityAddress null retruning 70:94:CD:A3:54:DC
07-17 10:40:55.655  4999  5056 D com.android.bluetooth.ble.app.o1: setScanedData: Name: JBL TOUR PRO 2address: XX:XX:XX:XX:54:DC
07-17 10:40:55.655 19951 19967 D BackupHelperDispatcher: handling existing helper 'protodatastore' android.app.backup.FileBackupHelper@ba862a2
07-17 10:40:55.660  2085  6323 I BackupRestoreController: Getting widget state for user: 0
07-17 10:40:55.660 30321  4641 W Backup  : [GmsBackupTransport] Error logging monitor event
07-17 10:40:55.661 30321  4641 I AndroidBackupEventsLogg: (REDACTED) Logging with sampling event %s
07-17 10:40:55.662  2085  6323 D KeyValueBackupTask: Starting key-value backup of android
07-17 10:40:55.664  2085  6323 D BackupManagerService: bindToAgentSynchronous, packageName:android uid:1000, userId:0
07-17 10:40:55.664  2085  6323 D BackupManagerService: [UserID:0] awaiting agent for ApplicationInfo{57d60c4 android}
07-17 10:40:55.666  2085  2085 D BackupManagerService: [UserID:0] agentConnected pkg=android agent=android.app.backup.BackupAgent$BackupServiceBinder@b6d8273
07-17 10:40:55.666  2085  6323 I BackupManagerService: [UserID:0] got agent android.app.backup.BackupAgent$BackupServiceBinder@b6d8273
07-17 10:40:55.666  2085  6323 D KeyValueBackupTask: Invoking agent on android
07-17 10:40:55.671 30321  4641 I Backup  : [CryptoEnableCheck] Should not encrypt backups: device has no lock screen.
07-17 10:40:55.671  2085  6323 D BackupHelperDispatcher: handling existing helper 'account_manager' com.android.server.backup.AccountManagerBackupHelper@acc1365
07-17 10:40:55.674  2085  6323 D BackupHelperDispatcher: handling existing helper 'account_sync_settings' com.android.server.backup.AccountSyncSettingsBackupHelper@beb383a
07-17 10:40:55.676  2085  6323 D CompatibilityChangeReporter: Compat change id reported: 201794303; UID 1000; state: ENABLED
07-17 10:40:55.678  2085  6323 D CompatibilityChangeReporter: Compat change id reported: 207133734; UID 1000; state: DISABLED
07-17 10:40:55.678  2085  6323 D CompatibilityChangeReporter: Compat change id reported: 207133734; UID 1000; state: ENABLED
07-17 10:40:55.693  1161  6739 I vendor.qti.bluetooth@1.0-ibs_handler: ProcessIbsCmd: Received IBS_SLEEP_IND: 0xFE
07-17 10:40:55.693  1161  6739 D vendor.qti.bluetooth@1.0-ibs_handler: SerialClockVote: vote for UART CLK OFF
07-17 10:40:55.710  2085  6323 I AccountSyncSettingsBackupHelper: Backup state version is: 469762048 (support only up to version 1)
07-17 10:40:55.710  2085  6323 I AccountSyncSettingsBackupHelper: Backup successful.
07-17 10:40:55.710  2085  6323 W BackupHelperDispatcher_native: Skipping unknown header version: 0x00000000, 24144968 bytes
07-17 10:40:55.710  2085  6323 D BackupHelperDispatcher: handling new helper 'app_gender'
07-17 10:40:55.710  2085  6323 D BackupHelperDispatcher: handling new helper 'app_locales'
07-17 10:40:55.714  2085  6323 W PackageConfigPersister: App-specific configuration not found for packageName: com.miui.screenrecorder and userId: 0
07-17 10:40:55.714  2085  6323 W PackageConfigPersister: App-specific configuration not found for packageName: com.google.android.networkstack.tethering and userId: 0
07-17 10:40:55.714  2085  6323 W PackageConfigPersister: App-specific configuration not found for packageName: com.google.android.apps.subscriptions.red and userId: 0
07-17 10:40:55.714  2085  6323 W PackageConfigPersister: App-specific configuration not found for packageName: org.koreader.launcher.fdroid and userId: 0
07-17 10:40:55.714  2085  6323 W PackageConfigPersister: App-specific configuration not found for packageName: com.android.cts.priv.ctsshim and userId: 0
07-17 10:40:55.714  2085  6323 W PackageConfigPersister: App-specific configuration not found for packageName: com.google.android.youtube and userId: 0
07-17 10:40:55.714  2085  6323 W PackageConfigPersister: App-specific configuration not found for packageName: com.qualcomm.qti.qcolor and userId: 0
07-17 10:40:55.715  2085  6323 W PackageConfigPersister: App-specific configuration not found for packageName: com.android.internal.display.cutout.emulation.corner and userId: 0
07-17 10:40:55.715  2085  6323 W PackageConfigPersister: App-specific configuration not found for packageName: com.tailscale.ipn and userId: 0
07-17 10:40:55.715  2085  6323 W PackageConfigPersister: App-specific configuration not found for packageName: com.google.android.ext.services and userId: 0
07-17 10:40:55.715  2085  6323 W PackageConfigPersister: App-specific configuration not found for packageName: com.android.internal.display.cutout.emulation.double and userId: 0
07-17 10:40:55.715  2085  6323 W PackageConfigPersister: App-specific configuration not found for packageName: com.android.providers.telephony and userId: 0
07-17 10:40:55.715  2085  6323 W PackageConfigPersister: App-specific configuration not found for packageName: com.android.dynsystem and userId: 0
07-17 10:40:55.715  2085  6323 W PackageConfigPersister: App-specific configuration not found for packageName: com.miui.powerkeeper and userId: 0
07-17 10:40:55.715  2085  6323 W PackageConfigPersister: App-specific configuration not found for packageName: com.google.android.googlequicksearchbox and userId: 0
07-17 10:40:55.715  2085  6323 W PackageConfigPersister: App-specific configuration not found for packageName: cn.wps.xiaomi.abroad.lite and userId: 0
07-17 10:40:55.715  2085  6323 W PackageConfigPersister: App-specific configuration not found for packageName: com.miui.qr and userId: 0
07-17 10:40:55.715  2085  6323 W PackageConfigPersister: App-specific configuration not found for packageName: com.google.android.cellbroadcastservice and userId: 0
07-17 10:40:55.715  2085  6323 W PackageConfigPersister: App-specific configuration not found for packageName: com.android.providers.calendar and userId: 0
07-17 10:40:55.715  2085  6323 W PackageConfigPersister: App-specific configuration not found for packageName: com.google.android.apps.googleassistant and userId: 0
07-17 10:40:55.716  2085  6323 W PackageConfigPersister: App-specific configuration not found for packageName: android.miui.home.launcher.res and userId: 0
07-17 10:40:55.716  2085  6323 W PackageConfigPersister: App-specific configuration not found for packageName: com.android.providers.media and userId: 0
07-17 10:40:55.716  2085  6323 W PackageConfigPersister: App-specific configuration not found for packageName: com.milink.service and userId: 0
07-17 10:40:55.716  2085  6323 W PackageConfigPersister: App-specific configuration not found for packageName: com.qti.service.colorservice and userId: 0
07-17 10:40:55.716  2085  6323 W PackageConfigPersister: App-specific configuration not found for packageName: com.google.android.onetimeinitializer and userId: 0
07-17 10:40:55.716  2085  6323 W PackageConfigPersister: App-specific configuration not found for packageName: com.google.android.ext.shared and userId: 0
07-17 10:40:55.716  2085  6323 W PackageConfigPersister: App-specific configuration not found for packageName: com.android.internal.systemui.navbar.gestural_wide_back and userId: 0
07-17 10:40:55.716  2085  6323 W PackageConfigPersister: App-specific configuration not found for packageName: com.qualcomm.qti.server.qtiwifi and userId: 0
07-17 10:40:55.716  2085  6323 W PackageConfigPersister: App-specific configuration not found for packageName: com.android.virtualmachine.res and userId: 0
07-17 10:40:55.716  2085  6323 W PackageConfigPersister: App-specific configuration not found for packageName: com.qualcomm.qti.simcontacts and userId: 0
07-17 10:40:55.716  2085  6323 W PackageConfigPersister: App-specific configuration not found for packageName: com.xiaomi.account and userId: 0
07-17 10:40:55.716  2085  6323 W PackageConfigPersister: App-specific configuration not found for packageName: com.android.provision.resource.overlay and userId: 0
07-17 10:40:55.717  2085  6323 W PackageConfigPersister: App-specific configuration not found for packageName: com.miui.phone.carriers.overlay.vodafone and userId: 0
07-17 10:40:55.717  2085  6323 W PackageConfigPersister: App-specific configuration not found for packageName: com.android.wallpapercropper and userId: 0
07-17 10:40:55.717  2085  6323 W PackageConfigPersister: App-specific configuration not found for packageName: com.google.android.federatedcompute and userId: 0
07-17 10:40:55.717  2085  6323 W PackageConfigPersister: App-specific configuration not found for packageName: com.bsp.catchlog and userId: 0
07-17 10:40:55.717  2085  6323 W PackageConfigPersister: App-specific configuration not found for packageName: com.xiaomi.cameratools and userId: 0
07-17 10:40:55.717  2085  6323 W PackageConfigPersister: App-specific configuration not found for packageName: miui.systemui.plugin and userId: 0
07-17 10:40:55.717  2085  6323 W PackageConfigPersister: App-specific configuration not found for packageName: com.android.providers.telephony.overlay.miui and userId: 0
07-17 10:40:55.717  2085  6323 W PackageConfigPersister: App-specific configuration not found for packageName: com.xiaomi.mi_connect_service and userId: 0
07-17 10:40:55.717  2085  6323 W PackageConfigPersister: App-specific configuration not found for packageName: com.xiaomi.micloud.sdk and userId: 0
07-17 10:40:55.717  2085  6323 W PackageConfigPersister: App-specific configuration not found for packageName: com.goolge.android.wifi.resources.xiaomi and userId: 0
07-17 10:40:55.717  2085  6323 W PackageConfigPersister: App-specific configuration not found for packageName: com.android.updater and userId: 0
07-17 10:40:55.717  2085  6323 W PackageConfigPersister: App-specific configuration not found for packageName: com.google.android.apps.podcasts and userId: 0
07-17 10:40:55.717  2085  6323 W PackageConfigPersister: App-specific configuration not found for packageName: com.xiaomi.bluetooth.rro.device.config.overlay and userId: 0
07-17 10:40:55.718  2085  6323 W PackageConfigPersister: App-specific configuration not found for packageName: com.android.externalstorage and userId: 0
07-17 10:40:55.718  2085  6323 W PackageConfigPersister: App-specific configuration not found for packageName: com.qualcomm.uimremoteclient and userId: 0
07-17 10:40:55.718  2085  6323 W PackageConfigPersister: App-specific configuration not found for packageName: com.android.htmlviewer and userId: 0
07-17 10:40:55.718  2085  6323 W PackageConfigPersister: App-specific configuration not found for packageName: com.miui.extraphoto and userId: 0
07-17 10:40:55.718  2085  6323 W PackageConfigPersister: App-specific configuration not found for packageName: com.miui.securityadd and userId: 0
07-17 10:40:55.718  2085  6323 W PackageConfigPersister: App-specific configuration not found for packageName: com.qualcomm.qti.uceShimService and userId: 0
07-17 10:40:55.718  2085  6323 W PackageConfigPersister: App-specific configuration not found for packageName: com.android.companiondevicemanager and userId: 0
07-17 10:40:55.718  2085  6323 W PackageConfigPersister: App-specific configuration not found for packageName: com.miui.gallery and userId: 0
07-17 10:40:55.718  2085  6323 W PackageConfigPersister: App-specific configuration not found for packageName: com.android.mms.service and userId: 0
07-17 10:40:55.718  2085  6323 W PackageConfigPersister: App-specific configuration not found for packageName: com.mi.healthglobal and userId: 0
07-17 10:40:55.718  2085  6323 W PackageConfigPersister: App-specific configuration not found for packageName: com.miui.msa.global and userId: 0
07-17 10:40:55.719  2085  6323 W PackageConfigPersister: App-specific configuration not found for packageName: com.android.providers.downloads and userId: 0
07-17 10:40:55.719  2085  6323 W PackageConfigPersister: App-specific configuration not found for packageName: com.google.android.health.connect.backuprestore and userId: 0
07-17 10:40:55.719  2085  6323 W PackageConfigPersister: App-specific configuration not found for packageName: com.xiaomi.payment and userId: 0
07-17 10:40:55.719  2085  6323 W PackageConfigPersister: App-specific configuration not found for packageName: com.google.android.apps.messaging and userId: 0
07-17 10:40:55.719  2085  6323 W PackageConfigPersister: App-specific configuration not found for packageName: com.miui.securitycenter and userId: 0
07-17 10:40:55.719  2085  6323 W PackageConfigPersister: App-specific configuration not found for packageName: vendor.qti.hardware.cacert.server and userId: 0
07-17 10:40:55.719  2085  6323 W PackageConfigPersister: App-specific configuration not found for packageName: com.quicinc.voice.activation and userId: 0
07-17 10:40:55.719  2085  6323 W PackageConfigPersister: App-specific configuration not found for packageName: com.openai.chatgpt and userId: 0
07-17 10:40:55.719  2085  6323 W PackageConfigPersister: App-specific configuration not found for packageName: com.qualcomm.qti.telephonyservice and userId: 0
07-17 10:40:55.719  2085  6323 W PackageConfigPersister: App-specific configuration not found for packageName: com.ironsource.appcloud.oobe.hutchison and userId: 0
07-17 10:40:55.719  2085  6323 W PackageConfigPersister: App-specific configuration not found for packageName: com.qualcomm.qti.performancemode and userId: 0
07-17 10:40:55.719  2085  6323 W PackageConfigPersister: App-specific configuration not found for packageName: com.google.android.verifier and userId: 0
07-17 10:40:55.720  2085  6323 W PackageConfigPersister: App-specific configuration not found for packageName: com.miui.videoplayer and userId: 0
07-17 10:40:55.720  2085  6323 W PackageConfigPersister: App-specific configuration not found for packageName: com.qualcomm.qti.ridemodeaudio and userId: 0
07-17 10:40:55.720  2085  6323 W PackageConfigPersister: App-specific configuration not found for packageName: vendor.qti.iwlan and userId: 0
07-17 10:40:55.720  2085  6323 W PackageConfigPersister: App-specific configuration not found for packageName: com.google.android.configupdater and userId: 0
07-17 10:40:55.720  2085  6323 W PackageConfigPersister: App-specific configuration not found for packageName: com.google.android.providers.media.module and userId: 0
07-17 10:40:55.720  2085  6323 W PackageConfigPersister: App-specific configuration not found for packageName: com.google.android.overlay.modules.permissioncontroller and userId: 0
07-17 10:40:55.720  2085  6323 W PackageConfigPersister: App-specific configuration not found for packageName: com.android.soundrecorder and userId: 0
07-17 10:40:55.720  2085  6323 W PackageConfigPersister: App-specific configuration not found for packageName: com.xiaomi.trustservice and userId: 0
07-17 10:40:55.720  2085  6323 W PackageConfigPersister: App-specific configuration not found for packageName: com.qualcomm.uimremoteserver and userId: 0
07-17 10:40:55.720  2085  6323 W PackageConfigPersister: App-specific configuration not found for packageName: com.google.android.apps.safetyhub and userId: 0
07-17 10:40:55.720  2085  6323 W PackageConfigPersister: App-specific configuration not found for packageName: com.miui.guardprovider and userId: 0
07-17 10:40:55.721  2085  6323 W PackageConfigPersister: App-specific configuration not found for packageName: com.mi.globalbrowser and userId: 0
07-17 10:40:55.721  2085  6323 W PackageConfigPersister: App-specific configuration not found for packageName: android.qvaoverlay.common and userId: 0
07-17 10:40:55.721  2085  6323 W PackageConfigPersister: App-specific configuration not found for packageName: com.google.ar.core and userId: 0
07-17 10:40:55.721  2085  6323 W PackageConfigPersister: App-specific configuration not found for packageName: com.android.providers.downloads.ui and userId: 0
07-17 10:40:55.721  2085  6323 W PackageConfigPersister: App-specific configuration not found for packageName: com.android.vending and userId: 0
07-17 10:40:55.721  2085  6323 W PackageConfigPersister: App-specific configuration not found for packageName: com.android.pacprocessor and userId: 0
07-17 10:40:55.721  2085  6323 W PackageConfigPersister: App-specific configuration not found for packageName: com.android.simappdialog and userId: 0
07-17 10:40:55.721  2085  6323 W PackageConfigPersister: App-specific configuration not found for packageName: com.miui.backup and userId: 0
07-17 10:40:55.721  2085  6323 W PackageConfigPersister: App-specific configuration not found for packageName: com.android.settings.overlay.miui and userId: 0
07-17 10:40:55.721  2085  6323 W PackageConfigPersister: App-specific configuration not found for packageName: com.google.android.adservices.api and userId: 0
07-17 10:40:55.721  2085  6323 W PackageConfigPersister: App-specific configuration not found for packageName: com.miui.notification and userId: 0
07-17 10:40:55.721  2085  6323 W PackageConfigPersister: App-specific configuration not found for packageName: android.overlay.common and userId: 0
07-17 10:40:55.722  2085  6323 W PackageConfigPersister: App-specific configuration not found for packageName: com.microsoft.skydrive and userId: 0
07-17 10:40:55.722  2085  6323 W PackageConfigPersister: App-specific configuration not found for packageName: com.miui.system.overlay and userId: 0
07-17 10:40:55.722  2085  6323 W PackageConfigPersister: App-specific configuration not found for packageName: com.miui.micloudsync and userId: 0
07-17 10:40:55.722  2085  6323 W PackageConfigPersister: App-specific configuration not found for packageName: com.xiaomi.barrage and userId: 0
07-17 10:40:55.722  2085  6323 W PackageConfigPersister: App-specific configuration not found for packageName: com.android.internal.display.cutout.emulation.hole and userId: 0
07-17 10:40:55.722  2085  6323 W PackageConfigPersister: App-specific configuration not found for packageName: com.android.internal.display.cutout.emulation.tall and userId: 0
07-17 10:40:55.722  2085  6323 W PackageConfigPersister: App-specific configuration not found for packageName: com.miui.daemon and userId: 0
07-17 10:40:55.722  2085  6323 W PackageConfigPersister: App-specific configuration not found for packageName: com.android.certinstaller and userId: 0
07-17 10:40:55.722  2085  6323 W PackageConfigPersister: App-specific configuration not found for packageName: com.android.carrierconfig and userId: 0
07-17 10:40:55.722  2085  6323 W PackageConfigPersister: App-specific configuration not found for packageName: com.google.android.marvin.talkback and userId: 0
07-17 10:40:55.722  2085  6323 W PackageConfigPersister: App-specific configuration not found for packageName: com.miui.cotaservice and userId: 0
07-17 10:40:55.722  2085  6323 W PackageConfigPersister: App-specific configuration not found for packageName: com.android.carrierconfig.overlay.miui and userId: 0
07-17 10:40:55.722  2085  6323 W PackageConfigPersister: App-specific configuration not found for packageName: com.android.internal.systemui.navbar.threebutton and userId: 0
07-17 10:40:55.723  2085  6323 W PackageConfigPersister: App-specific configuration not found for packageName: com.qti.qualcomm.datastatusnotification and userId: 0
07-17 10:40:55.723  2085  6323 W PackageConfigPersister: App-specific configuration not found for packageName: com.android.wifi.dialog and userId: 0
07-17 10:40:55.723  2085  6323 W PackageConfigPersister: App-specific configuration not found for packageName: com.epson.epsonsmart and userId: 0
07-17 10:40:55.723  2085  6323 W PackageConfigPersister: App-specific configuration not found for packageName: android and userId: 0
07-17 10:40:55.723  2085  6323 W PackageConfigPersister: App-specific configuration not found for packageName: com.android.hotwordenrollment.xgoogle and userId: 0
07-17 10:40:55.723  2085  6323 W PackageConfigPersister: App-specific configuration not found for packageName: com.miui.settings.rro.device.hide.statusbar.overlay and userId: 0
07-17 10:40:55.723  2085  6323 W PackageConfigPersister: App-specific configuration not found for packageName: com.qualcomm.wfd.service and userId: 0
07-17 10:40:55.723  2085  6323 W PackageConfigPersister: App-specific configuration not found for packageName: android.miui.overlay and userId: 0
07-17 10:40:55.723  2085  6323 W PackageConfigPersister: App-specific configuration not found for packageName: com.miui.securitycore and userId: 0
07-17 10:40:55.723  2085  6323 W PackageConfigPersister: App-specific configuration not found for packageName: com.qti.qualcomm.deviceinfo and userId: 0
07-17 10:40:55.723  2085  6323 W PackageConfigPersister: App-specific configuration not found for packageName: com.google.android.overlay.gmsconfig.searchselector and userId: 0
07-17 10:40:55.723  2085  6323 W PackageConfigPersister: App-specific configuration not found for packageName: com.xiaomi.entitlement.o2 and userId: 0
07-17 10:40:55.723  2085  6323 W PackageConfigPersister: App-specific configuration not found for packageName: com.google.android.sdksandbox and userId: 0
07-17 10:40:55.724  2085  6323 W PackageConfigPersister: App-specific configuration not found for packageName: com.android.egg and userId: 0
07-17 10:40:55.724  2085  6323 W PackageConfigPersister: App-specific configuration not found for packageName: com.android.mtp and userId: 0
07-17 10:40:55.724  2085  6323 W PackageConfigPersister: App-specific configuration not found for packageName: com.android.nfc and userId: 0
07-17 10:40:55.724  2085  6323 W PackageConfigPersister: App-specific configuration not found for packageName: com.android.ons and userId: 0
07-17 10:40:55.724  2085  6323 W PackageConfigPersister: App-specific configuration not found for packageName: com.android.stk and userId: 0
07-17 10:40:55.724  2085  6323 W PackageConfigPersister: App-specific configuration not found for packageName: com.android.backupconfirm and userId: 0
07-17 10:40:55.724  2085  6323 W PackageConfigPersister: App-specific configuration not found for packageName: com.xiaomi.simactivate.service and userId: 0
07-17 10:40:55.724  2085  6323 W PackageConfigPersister: App-specific configuration not found for packageName: vendor.qti.qesdk.sysservice and userId: 0
07-17 10:40:55.724  2085  6323 W PackageConfigPersister: App-specific configuration not found for packageName: com.goodix.gftest and userId: 0
07-17 10:40:55.724  2085  6323 W PackageConfigPersister: App-specific configuration not found for packageName: com.miui.phrase and userId: 0
07-17 10:40:55.724  2085  6323 W PackageConfigPersister: App-specific configuration not found for packageName: com.miui.player and userId: 0
07-17 10:40:55.724  2085  6323 W PackageConfigPersister: App-specific configuration not found for packageName: com.miui.miservice and userId: 0
07-17 10:40:55.724  2085  6323 W PackageConfigPersister: App-specific configuration not found for packageName: com.android.provision and userId: 0
07-17 10:40:55.724  2085  6323 W PackageConfigPersister: App-specific configuration not found for packageName: org.codeaurora.ims and userId: 0
07-17 10:40:55.725  2085  6323 W PackageConfigPersister: App-specific configuration not found for packageName: com.android.statementservice and userId: 0
07-17 10:40:55.725  2085  6323 W PackageConfigPersister: App-specific configuration not found for packageName: com.google.android.as and userId: 0
07-17 10:40:55.725  2085  6323 W PackageConfigPersister: App-specific configuration not found for packageName: android.overlay.target and userId: 0
07-17 10:40:55.725  2085  6323 W PackageConfigPersister: App-specific configuration not found for packageName: com.miui.system and userId: 0
07-17 10:40:55.725  2085  6323 W PackageConfigPersister: App-specific configuration not found for packageName: com.google.android.apps.tachyon and userId: 0
07-17 10:40:55.725  2085  6323 W PackageConfigPersister: App-specific configuration not found for packageName: com.google.android.overlay.gmsconfig.common and userId: 0
07-17 10:40:55.725  2085  6323 W PackageConfigPersister: App-specific configuration not found for packageName: com.android.overlay.systemui and userId: 0
07-17 10:40:55.725  2085  6323 W PackageConfigPersister: App-specific configuration not found for packageName: com.miui.cleaner and userId: 0
07-17 10:40:55.725  2085  6323 W PackageConfigPersister: App-specific configuration not found for packageName: com.android.settings.intelligence and userId: 0
07-17 10:40:55.725  2085  6323 W PackageConfigPersister: App-specific configuration not found for packageName: com.qualcomm.qti.gpudrivers.lahaina.api30 and userId: 0
07-17 10:40:55.725  2085  6323 W PackageConfigPersister: App-specific configuration not found for packageName: com.miui.global.packageinstaller and userId: 0
07-17 10:40:55.726  2085  6323 W PackageConfigPersister: App-specific configuration not found for packageName: com.android.managedprovisioning.overlay and userId: 0
07-17 10:40:55.726  2085  6323 W PackageConfigPersister: App-specific configuration not found for packageName: com.android.overlay.gmscontactprovider and userId: 0
07-17 10:40:55.726  2085  6323 W PackageConfigPersister: App-specific configuration not found for packageName: com.miui.miwallpaper.overlay.customize and userId: 0
07-17 10:40:55.726  2085  6323 W PackageConfigPersister: App-specific configuration not found for packageName: com.android.overlay.gmssettingprovider and userId: 0
07-17 10:40:55.726  2085  6323 W PackageConfigPersister: App-specific configuration not found for packageName: com.android.internal.systemui.navbar.gestural_extra_wide_back and userId: 0
07-17 10:40:55.726  2085  6323 W PackageConfigPersister: App-specific configuration not found for packageName: com.android.systemui.accessibility.accessibilitymenu and userId: 0
07-17 10:40:55.726  2085  6323 W PackageConfigPersister: App-specific configuration not found for packageName: com.google.android.permissioncontroller and userId: 0
07-17 10:40:55.726  2085  6323 W PackageConfigPersister: App-specific configuration not found for packageName: com.miui.systemui.devices.overlay and userId: 0
07-17 10:40:55.726  2085  6323 W PackageConfigPersister: App-specific configuration not found for packageName: com.miui.compass and userId: 0
07-17 10:40:55.726  2085  6323 W PackageConfigPersister: App-specific configuration not found for packageName: com.qualcomm.qti.dynamicddsservice and userId: 0
07-17 10:40:55.726  2085  6323 W PackageConfigPersister: App-specific configuration not found for packageName: com.google.android.wifi.resources.overlay.common and userId: 0
07-17 10:40:55.727  2085  6323 W PackageConfigPersister: App-specific configuration not found for packageName: com.google.android.setupwizard and userId: 0
07-17 10:40:55.727  2085  6323 W PackageConfigPersister: App-specific configuration not found for packageName: com.miui.aod and userId: 0
07-17 10:40:55.727  2085  6323 W PackageConfigPersister: App-specific configuration not found for packageName: com.miui.cit and userId: 0
07-17 10:40:55.727  2085  6323 W PackageConfigPersister: App-specific configuration not found for packageName: com.miui.rom and userId: 0
07-17 10:40:55.727  2085  6323 W PackageConfigPersister: App-specific configuration not found for packageName: com.miuix.editor and userId: 0
07-17 10:40:55.727  2085  6323 W PackageConfigPersister: App-specific configuration not found for packageName: com.qualcomm.qti.xrvd.service and userId: 0
07-17 10:40:55.727  2085  6323 W PackageConfigPersister: App-specific configuration not found for packageName: com.android.phone.cust.overlay.miui and userId: 0
07-17 10:40:55.727  2085  6323 W PackageConfigPersister: App-specific configuration not found for packageName: com.miui.android.fashiongallery and userId: 0
07-17 10:40:55.727  2085  6323 W PackageConfigPersister: App-specific configuration not found for packageName: com.qualcomm.qcrilmsgtunnel and userId: 0
07-17 10:40:55.728  2085  6323 W PackageConfigPersister: App-specific configuration not found for packageName: com.android.providers.settings and userId: 0
07-17 10:40:55.728  2085  6323 W PackageConfigPersister: App-specific configuration not found for packageName: com.zendo.app and userId: 0
07-17 10:40:55.728  2085  6323 W PackageConfigPersister: App-specific configuration not found for packageName: com.android.sharedstoragebackup and userId: 0
07-17 10:40:55.728  2085  6323 W PackageConfigPersister: App-specific configuration not found for packageName: com.facebook.services and userId: 0
07-17 10:40:55.728  2085  6323 W PackageConfigPersister: App-specific configuration not found for packageName: com.android.printspooler and userId: 0
07-17 10:40:55.728  2085  6323 W PackageConfigPersister: App-specific configuration not found for packageName: com.android.hotwordenrollment.okgoogle and userId: 0
07-17 10:40:55.728  2085  6323 W PackageConfigPersister: App-specific configuration not found for packageName: com.miui.misound and userId: 0
07-17 10:40:55.729  2085  6323 W PackageConfigPersister: App-specific configuration not found for packageName: com.qualcomm.qti.services.systemhelper and userId: 0
07-17 10:40:55.729  2085  6323 W PackageConfigPersister: App-specific configuration not found for packageName: com.android.wifi.resources.overlay.common and userId: 0
07-17 10:40:55.729  2085  6323 W PackageConfigPersister: App-specific configuration not found for packageName: org.ifaa.aidl.manager and userId: 0
07-17 10:40:55.729  2085  6323 W PackageConfigPersister: App-specific configuration not found for packageName: com.android.dreams.basic and userId: 0
07-17 10:40:55.729  2085  6323 W PackageConfigPersister: App-specific configuration not found for packageName: com.bremert.padelscore.mobile and userId: 0
07-17 10:40:55.729  2085  6323 W PackageConfigPersister: App-specific configuration not found for packageName: com.google.android.overlay.modules.ext.services and userId: 0
07-17 10:40:55.729  2085  6323 W PackageConfigPersister: App-specific configuration not found for packageName: com.google.android.as.oss and userId: 0
07-17 10:40:55.729  2085  6323 W PackageConfigPersister: App-specific configuration not found for packageName: com.android.systemui.gesture.line.overlay and userId: 0
07-17 10:40:55.729  2085  6323 W PackageConfigPersister: App-specific configuration not found for packageName: com.duokan.phone.remotecontroller and userId: 0
07-17 10:40:55.729  2085  6323 W PackageConfigPersister: App-specific configuration not found for packageName: com.miui.bugreport and userId: 0
07-17 10:40:55.729  2085  6323 W PackageConfigPersister: App-specific configuration not found for packageName: com.android.se and userId: 0
07-17 10:40:55.729  2085  6323 W PackageConfigPersister: App-specific configuration not found for packageName: com.android.inputdevices and userId: 0
07-17 10:40:55.729  2085  6323 W PackageConfigPersister: App-specific configuration not found for packageName: com.google.android.apps.wellbeing and userId: 0
07-17 10:40:55.729  2085  6323 W PackageConfigPersister: App-specific configuration not found for packageName: de.telekom.tsc and userId: 0
07-17 10:40:55.730  2085  6323 W PackageConfigPersister: App-specific configuration not found for packageName: com.fido.asm and userId: 0
07-17 10:40:55.730  2085  6323 W PackageConfigPersister: App-specific configuration not found for packageName: com.android.rkpdapp and userId: 0
07-17 10:40:55.730  2085  6323 W PackageConfigPersister: App-specific configuration not found for packageName: com.google.android.dialer and userId: 0
07-17 10:40:55.730  2085  6323 W PackageConfigPersister: App-specific configuration not found for packageName: com.android.bips and userId: 0
07-17 10:40:55.730  2085  6323 W PackageConfigPersister: App-specific configuration not found for packageName: com.qti.dpmserviceapp and userId: 0
07-17 10:40:55.730  2085  6323 W PackageConfigPersister: App-specific configuration not found for packageName: com.google.android.captiveportallogin and userId: 0
07-17 10:40:55.730  2085  6323 W PackageConfigPersister: App-specific configuration not found for packageName: com.google.android.overlay.gmsconfig.comms and userId: 0
07-17 10:40:55.730  2085  6323 W PackageConfigPersister: App-specific configuration not found for packageName: com.google.android.overlay.gmsconfig.geotz and userId: 0
07-17 10:40:55.730  2085  6323 W PackageConfigPersister: App-specific configuration not found for packageName: com.qti.xdivert and userId: 0
07-17 10:40:55.730  2085  6323 W PackageConfigPersister: App-specific configuration not found for packageName: com.google.android.appsearch.apk and userId: 0
07-17 10:40:55.731  2085  6323 W PackageConfigPersister: App-specific configuration not found for packageName: com.android.musicfx and userId: 0
07-17 10:40:55.731  2085  6323 W PackageConfigPersister: App-specific configuration not found for packageName: com.android.systemui.overlay.miui and userId: 0
07-17 10:40:55.731  2085  6323 W PackageConfigPersister: App-specific configuration not found for packageName: com.android.settings.overlay.common and userId: 0
07-17 10:40:55.731  2085  6323 W PackageConfigPersister: App-specific configuration not found for packageName: com.android.inputsettings.overlay.miui and userId: 0
07-17 10:40:55.731  2085  6323 W PackageConfigPersister: App-specific configuration not found for packageName: com.google.android.apps.docs and userId: 0
07-17 10:40:55.731  2085  6323 W PackageConfigPersister: App-specific configuration not found for packageName: com.google.android.apps.maps and userId: 0
07-17 10:40:55.731  2085  6323 W PackageConfigPersister: App-specific configuration not found for packageName: com.android.thememanager.customizethemeconfig.config.overlay and userId: 0
07-17 10:40:55.731  2085  6323 W PackageConfigPersister: App-specific configuration not found for packageName: com.google.android.modulemetadata and userId: 0
07-17 10:40:55.731  2085  6323 W PackageConfigPersister: App-specific configuration not found for packageName: com.android.overlay.gmssettings and userId: 0
07-17 10:40:55.731  2085  6323 W PackageConfigPersister: App-specific configuration not found for packageName: com.vaesttrafik.vaesttrafik and userId: 0
07-17 10:40:55.731  2085  6323 W PackageConfigPersister: App-specific configuration not found for packageName: com.miui.cloudbackup and userId: 0
07-17 10:40:55.731  2085  6323 W PackageConfigPersister: App-specific configuration not found for packageName: org.fdroid.fdroid and userId: 0
07-17 10:40:55.732  2085  6323 W PackageConfigPersister: App-specific configuration not found for packageName: com.miui.wallpaper.overlay and userId: 0
07-17 10:40:55.732  2085  6323 W PackageConfigPersister: App-specific configuration not found for packageName: com.todoist and userId: 0
07-17 10:40:55.732  2085  6323 W PackageConfigPersister: App-specific configuration not found for packageName: com.android.cellbroadcastreceiver and userId: 0
07-17 10:40:55.732  2085  6323 W PackageConfigPersister: App-specific configuration not found for packageName: com.google.android.webview and userId: 0
07-17 10:40:55.732  2085  6323 W PackageConfigPersister: App-specific configuration not found for packageName: com.google.android.overlay.modules.documentsui and userId: 0
07-17 10:40:55.732  2085  6323 W PackageConfigPersister: App-specific configuration not found for packageName: com.amazon.appmanager and userId: 0
07-17 10:40:55.732  2085  6323 W PackageConfigPersister: App-specific configuration not found for packageName: com.google.android.networkstack and userId: 0
07-17 10:40:55.732  2085  6323 W PackageConfigPersister: App-specific configuration not found for packageName: host.exp.exponent and userId: 0
07-17 10:40:55.732  2085  6323 W PackageConfigPersister: App-specific configuration not found for packageName: com.android.bluetooth.overlay and userId: 0
07-17 10:40:55.732  2085  6323 W PackageConfigPersister: App-specific configuration not found for packageName: com.google.android.contactkeys and userId: 0
07-17 10:40:55.732  2085  6323 W PackageConfigPersister: App-specific configuration not found for packageName: com.google.android.contacts and userId: 0
07-17 10:40:55.732  2085  6323 W PackageConfigPersister: App-specific configuration not found for packageName: com.android.server.telecom and userId: 0
07-17 10:40:55.732  2085  6323 W PackageConfigPersister: App-specific configuration not found for packageName: com.android.server.telecom.overlay.miui and userId: 0
07-17 10:40:55.733  2085  6323 W PackageConfigPersister: App-specific configuration not found for packageName: com.android.keychain and userId: 0
07-17 10:40:55.733  2085  6323 W PackageConfigPersister: App-specific configuration not found for packageName: com.android.wifi.resources.overlay.target and userId: 0
07-17 10:40:55.733  2085  6323 W PackageConfigPersister: App-specific configuration not found for packageName: com.android.camera and userId: 0
07-17 10:40:55.733  2085  6323 W PackageConfigPersister: App-specific configuration not found for packageName: com.android.chrome and userId: 0
07-17 10:40:55.733  2085  6323 W PackageConfigPersister: App-specific configuration not found for packageName: com.xiaomi.aicr and userId: 0
07-17 10:40:55.733  2085  6323 W PackageConfigPersister: App-specific configuration not found for packageName: com.xiaomi.glgm and userId: 0
07-17 10:40:55.733  2085  6323 W PackageConfigPersister: App-specific configuration not found for packageName: com.xiaomi.xmsf and userId: 0
