07-17 10:40:41.279  6602  6745 D bt_btm_ble: bool parse_adv_audio_uuids_from_adv_pkt(const uint8_t *, size_t, uint8_t): tmap_cap_pts: false
07-17 10:40:41.280  6602  6721 D BluetoothRemoteDevices:  getMappingAddr null
07-17 10:40:41.280  6602  6721 D BluetoothAdapterService: getIdentityAddress null retruning 70:94:CD:A3:54:DC
07-17 10:40:41.280  4999  5056 D com.android.bluetooth.ble.app.o1: setScanedData: Name: JBL TOUR PRO 2address: XX:XX:XX:XX:54:DC
07-17 10:40:41.318  1161  6739 I vendor.qti.bluetooth@1.0-ibs_handler: ProcessIbsCmd: Received IBS_SLEEP_IND: 0xFE
07-17 10:40:41.318  1161  6739 D vendor.qti.bluetooth@1.0-ibs_handler: SerialClockVote: vote for UART CLK OFF
07-17 10:40:41.428  1162  2845 E CamX    : [ERROR][NCS    ] camxncsservice.cpp:1007 EnqueueJob() Can not enqueue jobs when thread is stopped
07-17 10:40:41.469  1161  6726 D vendor.qti.bluetooth@1.0-wake_lock: Release wakelock is released 
07-17 10:40:41.628  1162  2845 E CamX    : [ERROR][NCS    ] camxncsservice.cpp:1007 EnqueueJob() Can not enqueue jobs when thread is stopped
07-17 10:40:41.827  1162  2845 E CamX    : [ERROR][NCS    ] camxncsservice.cpp:1007 EnqueueJob() Can not enqueue jobs when thread is stopped
07-17 10:40:41.888  2022  2022 I wificond: station_bandwidth: 
07-17 10:40:41.904  9789 10067 W Settings: Setting device_provisioned has moved from android.provider.Settings.Secure to android.provider.Settings.Global.
07-17 10:40:41.904  9789 10067 I JoyoseCloudControlManager3: network metered changed, network metered: false, deviceProvisioned: true, scAllowConn: true, try to setNetworkAccessEnabled: true
07-17 10:40:41.905  1161  6739 I vendor.qti.bluetooth@1.0-ibs_handler: ProcessIbsCmd: Received IBS_WAKE_IND: 0xFD
07-17 10:40:41.905  1161  6739 D vendor.qti.bluetooth@1.0-ibs_handler: SerialClockVote: vote for UART CLK ON
07-17 10:40:41.906  1161  6739 D vendor.qti.bluetooth@1.0-wake_lock: Acquire wakelock is acquired 
07-17 10:40:41.907  1161  6739 I vendor.qti.bluetooth@1.0-ibs_handler: ProcessIbsCmd: Writing IBS_WAKE_ACK
07-17 10:40:41.907  8955  8955 I NetBusNetworkMonitor: gateway=192.*.*.1
07-17 10:40:41.908  6602  6745 I bt_stack: [INFO:btm_ble_gap.cc(3495)] btm_ble_process_adv_pkt_cont Data Complete 70:94:cd:a3:54:dc
07-17 10:40:41.909  6602  6745 I bt_stack: [INFO:btm_ble_gap.cc(3495)] btm_ble_process_adv_pkt_cont Data Complete 70:94:cd:a3:54:dc
07-17 10:40:41.909  6602  6745 D bt_btm_ble: bool parse_adv_audio_uuids_from_adv_pkt(const uint8_t *, size_t, uint8_t): tmap_cap_pts: false
07-17 10:40:41.912  8955  8955 I NetBusNetworkMonitor: addConnectNetworkInterface mediumType:256, detail:NetworkDetailInfo{mIsConnected=false, mNetworkType=0, mIpAddress=192.*.*.106, mIfName=wlan0, mGateway=192.*.*.1, mNetmask=255.*.*.0}
07-17 10:40:41.914  6602  6721 D BluetoothRemoteDevices:  getMappingAddr null
07-17 10:40:41.914  6602  6721 D BluetoothAdapterService: getIdentityAddress null retruning 70:94:CD:A3:54:DC
07-17 10:40:41.914  4999  5056 D com.android.bluetooth.ble.app.o1: setScanedData: Name: JBL TOUR PRO 2address: XX:XX:XX:XX:54:DC
07-17 10:40:41.914 22886 22929 I BugleRcsEngine: Connected state: [1], networkType: [WIFI] [CONTEXT thread_id=4401 ]
07-17 10:40:41.914  8955  8955 I NetBusNetworkMonitor: onCapabilitiesChanged handle=505916870669, mediumType=256, ifName=wlan0
07-17 10:40:41.915 22886 22937 I BugleRcsEngine: handleMessage processing message:[NOTIFY_UPTIME_IGNORE_STATE_CHANGED] with [non-null]:RcsEngineImpl reference [CONTEXT log_prefix="RcsEngineImpl[DUAL_REG]:[838c36b5-e84c]>Handler" thread_id=4408 ]
07-17 10:40:41.915 22886 22937 I BugleRcsEngine: Cannot use CS.apk as it's battery optimized [CONTEXT thread_id=4408 ]
07-17 10:40:41.916  4192  4231 E PhoneInterfaceManager: getCarrierPrivilegeStatusForUid: Invalid subId
07-17 10:40:41.923  2085  2196 I ClipboardServiceI: checkProviderWakePathForClipboard: primaryClip is null
07-17 10:40:41.923  2085  2196 I SmartPower: com.google.android.apps.messaging/10188(1220): idle->background(21238ms) R(content provider start ContentProviderRecord{aab2916 u0 com.google.android.apps.messaging/.shared.datamodel.provider.sharedstorage.SharedStorageProvider}) adj=200.
07-17 10:40:41.927  2085  3006 D ConnectivityService: NetReassign [no changes] [c 0] [a 1] [i 0]
07-17 10:40:41.928 30342 28082 I NearbyMediums: Wifi changed new SSID: "Zelda"
07-17 10:40:41.928 30342 28082 I NearbyMediums: WifiLanConnectivityInfo is not changed, skip notify.
07-17 10:40:41.948  1161  6739 I vendor.qti.bluetooth@1.0-ibs_handler: ProcessIbsCmd: Received IBS_SLEEP_IND: 0xFE
07-17 10:40:41.948  1161  6739 D vendor.qti.bluetooth@1.0-ibs_handler: SerialClockVote: vote for UART CLK OFF
07-17 10:40:42.027  1162  2845 E CamX    : [ERROR][NCS    ] camxncsservice.cpp:1007 EnqueueJob() Can not enqueue jobs when thread is stopped
07-17 10:40:42.037  6602  6717 I BtGatt.ScanManager: msg.what = MSG_CHECK_SCAN_STATUS, msg.arg1 = CHECK_BACKGROUND_TIMEOUT
07-17 10:40:42.099  1161  6726 D vendor.qti.bluetooth@1.0-wake_lock: Release wakelock is released 
07-17 10:40:42.227  1162  2845 E CamX    : [ERROR][NCS    ] camxncsservice.cpp:1007 EnqueueJob() Can not enqueue jobs when thread is stopped
07-17 10:40:42.255  4647 25794 D AudioTrackImpl: [audioTrackData][fine] 50s(f:50064 m:0 s:0 k:0 z:0) : pid 4647 uid 10278 sessionId 2993 sr 44100 ch 2 fmt 1 maxAmplitude 3237
07-17 10:40:42.420 30342 28082 I NearbySharing: Network state changed: NetworkState(isRestricted=false, isOnline=true, isCongested=false, isMetered=false, isWifiConnected=true)
07-17 10:40:42.427  1162  2845 E CamX    : [ERROR][NCS    ] camxncsservice.cpp:1007 EnqueueJob() Can not enqueue jobs when thread is stopped
07-17 10:40:42.627  1162  2845 E CamX    : [ERROR][NCS    ] camxncsservice.cpp:1007 EnqueueJob() Can not enqueue jobs when thread is stopped
07-17 10:40:42.827  1162  2845 E CamX    : [ERROR][NCS    ] camxncsservice.cpp:1007 EnqueueJob() Can not enqueue jobs when thread is stopped
07-17 10:40:42.937  4999  6885 D MiuiFastConnectService: stopBleScan: scanning: true
07-17 10:40:42.938  4999  6885 D BluetoothAdapter: isLeEnabled(): ON
07-17 10:40:42.943  6602  6843 D BtGatt.GattService: stopScan() - queue size =3
07-17 10:40:42.947  6602  6717 I BtGatt.ScanManager: msg.what = MSG_STOP_BLE_SCAN, msg.arg1 = None
07-17 10:40:42.947  6602  6717 D BtGatt.ScanManager: track LE scan event: callerPackage = [com.xiaomi.bluetooth], scanMode = [0], reportDelayMillis = [0], behavior = [2], scannerId = [9], duration = [59979]
07-17 10:40:42.947  6602  6717 D BtGatt.ScanManager: handling stopping scan  [ScanClient scanModeApp 0 scanModeUsed 0 [appScanStats android.uid.bluetooth:1002]]
07-17 10:40:42.948  6602  6717 E BluetoothUtils: isDeepDozeMode? false
07-17 10:40:42.948  6602  6843 D BtGatt.GattService: unregisterScanner() - scannerId=9
07-17 10:40:42.949  1161  1161 D vendor.qti.bluetooth@1.0-ibs_handler: SerialClockVote: vote for UART CLK ON
07-17 10:40:42.950  1161  1161 D vendor.qti.bluetooth@1.0-wake_lock: Acquire wakelock is acquired 
07-17 10:40:42.950  1161  1161 I vendor.qti.bluetooth@1.0-ibs_handler: DeviceWakeUp: Writing IBS_WAKE_IND
07-17 10:40:42.956  1161  6739 I vendor.qti.bluetooth@1.0-ibs_handler: ProcessIbsCmd: Received IBS_WAKE_ACK: 0xFC
07-17 10:40:42.956  1161  6739 I vendor.qti.bluetooth@1.0-ibs_handler: ProcessIbsCmd: Signal wack_cond_
07-17 10:40:42.956  1161  1161 D vendor.qti.bluetooth@1.0-ibs_handler: DeviceWakeUp: Unblocked from waiting for FC, pthread_cond_timedwait ret = 0
07-17 10:40:42.957  1161  6739 I vendor.qti.bluetooth@1.0-ibs_handler: ProcessIbsCmd: Received IBS_WAKE_IND: 0xFD
07-17 10:40:42.957  1161  6739 I vendor.qti.bluetooth@1.0-ibs_handler: ProcessIbsCmd: Writing IBS_WAKE_ACK
07-17 10:40:42.958  6602  6677 D BtGatt.GattService: onScanFilterParamsConfigured() - clientIf=9, status=0, action=1, availableSpace=54
07-17 10:40:42.958  6602  6677 D BtGatt.ScanManager: callback done for scannerId - 9 status - 0
07-17 10:40:42.960  6602  6677 D BtGatt.GattService: onScanFilterParamsConfigured() - clientIf=9, status=0, action=1, availableSpace=55
07-17 10:40:42.960  6602  6677 D BtGatt.ScanManager: callback done for scannerId - 9 status - 0
07-17 10:40:42.961  6602  6677 D BtGatt.GattService: onScanFilterParamsConfigured() - clientIf=9, status=0, action=1, availableSpace=56
07-17 10:40:42.962  6602  6677 D BtGatt.ScanManager: callback done for scannerId - 9 status - 0
07-17 10:40:42.963  6602  6677 D BtGatt.GattService: onScanFilterParamsConfigured() - clientIf=9, status=0, action=1, availableSpace=57
07-17 10:40:42.963  6602  6677 D BtGatt.ScanManager: callback done for scannerId - 9 status - 0
07-17 10:40:42.965  6602  6677 D BtGatt.GattService: onScanFilterParamsConfigured() - clientIf=9, status=0, action=1, availableSpace=58
07-17 10:40:42.965  6602  6677 D BtGatt.ScanManager: callback done for scannerId - 9 status - 0
07-17 10:40:42.966  6602  6677 D BtGatt.GattService: onScanFilterParamsConfigured() - clientIf=9, status=0, action=1, availableSpace=59
07-17 10:40:42.967  6602  6677 D BtGatt.ScanManager: callback done for scannerId - 9 status - 0
07-17 10:40:42.967  6602  6717 D BtGatt.ScanManager: configureRegularScanParams() - queue=2
07-17 10:40:42.967  6602  6717 D BtGatt.ScanManager: configureRegularScanParams() - ScanSetting LE 1M Scan mode=0 ScanSetting LE Coded Scan mode=-2147483648 mLastConfiguredScanSettingLE1M=0 mLastConfiguredScanSettingLECoded=0 scanPhy=1
07-17 10:40:42.968  6602  6717 D BtGatt.ScanManager: configureRegularScanParams() - queue emtpy, scan stopped
07-17 10:40:42.969  6602  6717 D BtGatt.ScanManager: configureRegularScanParams - scanInterval LE 1M = 660 configureRegularScanParams - scanWindow LE 1M= 66 configureRegularScanParams - scanInterval LE Coded= -2147483648 configureRegularScanParams - scanWindow LE Coded= -2147483648
07-17 10:40:42.969  6602  6677 D BtGatt.GattService: onScanParamSetupCompleted : 0
07-17 10:40:43.010  4999  6885 D MiuiFastConnectService: handleMessage: MSG_START_BLE_SCAN mode: 0
07-17 10:40:43.010  4999  6885 D BluetoothAdapter: isLeEnabled(): ON
07-17 10:40:43.014  6602  6843 D BtGatt.GattService: registerScanner() - UUID=c7f1ef7c-6536-4017-a16e-d1c7adf37b4d
07-17 10:40:43.014  1161  6739 I vendor.qti.bluetooth@1.0-ibs_handler: ProcessIbsCmd: Received IBS_SLEEP_IND: 0xFE
07-17 10:40:43.016  6602  6677 D BtGatt.GattService: onScannerRegistered() - UUID=c7f1ef7c-6536-4017-a16e-d1c7adf37b4d, scannerId=9, status=0
07-17 10:40:43.016  4999  5056 D BluetoothLeScanner: onScannerRegistered() - status=0 scannerId=9 mScannerId=0
07-17 10:40:43.017  6602  6843 D BtGatt.GattService: start scan with filters. callingPackage: com.xiaomi.bluetooth
07-17 10:40:43.019  6602  6843 D BtGatt.GattService: enforcePrivilegedPermissionIfNeeded([BluetoothLeScanFilter [mDeviceName=null, mDeviceAddress=null, mUuid=null, mUuidMask=null, mServiceSolicitationUuid=null, mServiceSolicitationUuidMask=null, mServiceDataUuid=null, mServiceData=null, mServiceDataMask=null, mManufacturerId=911, mManufacturerData=[], mManufacturerDataMask=null, mAdvertisingDataType=-1, mAdvertisingData=null, mAdvertisingDataMask=null, mTransportBlockFilter=null], mOrganizationId=-1, mTDSFlags=-1, mTDSFlagsMask=-1, mWifiNANHash=null], mGroupBasedFiltering=false, BluetoothLeScanFilter [mDeviceName=null, mDeviceAddress=null, mUuid=null, mUuidMask=null, mServiceSolicitationUuid=null, mServiceSolicitationUuidMask=null, mServiceDataUuid=null, mServiceData=null, mServiceDataMask=null, mManufacturerId=65535, mManufacturerData=[77], mManufacturerDataMask=null, mAdvertisingDataType=-1, mAdvertisingData=null, mAdvertisingDataMask=null, mTransportBlockFilter=null], mOrganizationId=-1, mTDSFlags=-1, mTDSFlagsMask=-1, mWifiNANHash=null], mGroupBasedFiltering=false, BluetoothLeScanFilter [mDeviceName=null, mDeviceAddress=null, mUuid=null, mUuidMask=null, mServiceSolicitationUuid=null, mServiceSolicitationUuidMask=null, mServiceDataUuid=0000fe95-0000-1000-8000-00805f9b34fb, mServiceData=[], mServiceDataMask=null, mManufacturerId=-1, mManufacturerData=null, mManufacturerDataMask=null, mAdvertisingDataType=-1, mAdvertisingData=null, mAdvertisingDataMask=null, mTransportBlockFilter=null], mOrganizationId=-1, mTDSFlags=-1, mTDSFlagsMask=-1, mWifiNANHash=null], mGroupBasedFiltering=false, BluetoothLeScanFilter [mDeviceName=null, mDeviceAddress=null, mUuid=null, mUuidMask=null, mServiceSolicitationUuid=null, mServiceSolicitationUuidMask=null, mServiceDataUuid=0000fdaa-0000-1000-8000-00805f9b34fb, mServiceData=[], mServiceDataMask=null, mManufacturerId=-1, mManufacturerData=null, mManufacturerDataMask=null, mAdvertisingDataType=-1, mAdvertisingData=null, mAdvertisingDataMask=null, mTransportBlockFilter=null], mOrganizationId=-1, mTDSFlags=-1, mTDSFlagsMask=-1, mWifiNANHash=null], mGroupBasedFiltering=false, BluetoothLeScanFilter [mDeviceName=null, mDeviceAddress=null, mUuid=null, mUuidMask=null, mServiceSolicitationUuid=null, mServiceSolicitationUuidMask=null, mServiceDataUuid=0000fdee-0000-1000-8000-00805f9b34fb, mServiceData=[1, 1, 1], mServiceDataMask=null, mManufacturerId=-1, mManufacturerData=null, mManufacturerDataMask=null, mAdvertisingDataType=-1, mAdvertisingData=null, mAdvertisingDataMask=null, mTransportBlockFilter=null], mOrganizationId=-1, mTDSFlags=-1, mTDSFlagsMask=-1, mWifiNANHash=null], mGroupBasedFiltering=false, BluetoothLeScanFilter [mDeviceName=null, mDeviceAddress=null, mUuid=null, mUuidMask=null, mServiceSolicitationUuid=null, mServiceSolicitationUuidMask=null, mServiceDataUuid=0000fd2d-0000-1000-8000-00805f9b34fb, mServiceData=[], mServiceDataMask=null, mManufacturerId=-1, mManufacturerData=null, mManufacturerDataMask=null, mAdvertisingDataType=-1, mAdvertisingData=null, mAdvertisingDataMask=null, mTransportBlockFilter=null], mOrganizationId=-1, mTDSFlags=-1, mTDSFlagsMask=-1, mWifiNANHash=null], mGroupBasedFiltering=false])
07-17 10:40:43.021  6602  6843 W BluetoothUtils: callingUid is Process.BLUETOOTH_UID
07-17 10:40:43.024  6602  6843 D BtGatt.ScanManager: startScan()  [ScanClient scanModeApp 0 scanModeUsed 0 [appScanStats android.uid.bluetooth:1002]]
07-17 10:40:43.024  6602  6717 I BtGatt.ScanManager: msg.what = MSG_RECORD_CALLER, msg.arg1 = None
07-17 10:40:43.024  6602  6717 I BtGatt.ScanManager: msg.what = MSG_START_BLE_SCAN, msg.arg1 = None
07-17 10:40:43.024  6602  6717 D BtGatt.ScanManager: handling starting scan
07-17 10:40:43.024  6602  6717 D BtGatt.ScanManager: isAptXLowLatencyModeEnabled: false
07-17 10:40:43.024  6602  6717 D BtGatt.ScanManager: track LE scan event: callerPackage = [com.xiaomi.bluetooth], scanMode = [0], reportDelayMillis = [0], behavior = [1], scannerId = [9], duration = [0]
07-17 10:40:43.025  1161  6739 I vendor.qti.bluetooth@1.0-ibs_handler: ProcessIbsCmd: Received IBS_WAKE_IND: 0xFD
07-17 10:40:43.025  1161  6739 I vendor.qti.bluetooth@1.0-ibs_handler: ProcessIbsCmd: Writing IBS_WAKE_ACK
07-17 10:40:43.026  6602  6677 D BtGatt.GattService: onScanFilterEnableDisabled() - clientIf=9, status=0, action=1
07-17 10:40:43.027  6602  6677 D BtGatt.ScanManager: callback done for scannerId - 9 status - 0
07-17 10:40:43.027  6602  6717 D BtGatt.ScanManager: configureScanFilters rssiThreshold: -60, 15
07-17 10:40:43.027  6602  6717 D BtGatt.ScanManager: Available Filter size: 56
07-17 10:40:43.028  6602  6677 D BtGatt.GattService: onScanFilterConfig() - clientIf=9, action = 0 status = 0, filterType=0, availableSpace=0
07-17 10:40:43.028  1162  2845 E CamX    : [ERROR][NCS    ] camxncsservice.cpp:1007 EnqueueJob() Can not enqueue jobs when thread is stopped
07-17 10:40:43.028  6602  6677 D BtGatt.ScanManager: callback done for scannerId - 9 status - 0
07-17 10:40:43.028  6602  6717 D BtGatt.ScanManager: configureFilterParamter 500 10000 1 0, deliveryMode=0
07-17 10:40:43.030  6602  6677 D BtGatt.GattService: onScanFilterParamsConfigured() - clientIf=9, status=0, action=0, availableSpace=58
07-17 10:40:43.030  6602  6677 D BtGatt.ScanManager: callback done for scannerId - 9 status - 0
07-17 10:40:43.031  6602  6677 D BtGatt.GattService: onScanFilterConfig() - clientIf=9, action = 0 status = 0, filterType=0, availableSpace=0
07-17 10:40:43.031  6602  6677 D BtGatt.ScanManager: callback done for scannerId - 9 status - 0
07-17 10:40:43.031  6602  6717 D BtGatt.ScanManager: configureFilterParamter 500 10000 1 0, deliveryMode=0
07-17 10:40:43.033  6602  6677 D BtGatt.GattService: onScanFilterParamsConfigured() - clientIf=9, status=0, action=0, availableSpace=57
07-17 10:40:43.033  6602  6677 D BtGatt.ScanManager: callback done for scannerId - 9 status - 0
07-17 10:40:43.034  6602  6677 D BtGatt.GattService: onScanFilterConfig() - clientIf=9, action = 0 status = 0, filterType=0, availableSpace=0
07-17 10:40:43.034  6602  6677 D BtGatt.ScanManager: callback done for scannerId - 9 status - 0
07-17 10:40:43.034  6602  6717 D BtGatt.ScanManager: configureFilterParamter 500 10000 1 0, deliveryMode=0
07-17 10:40:43.036  6602  6677 D BtGatt.GattService: onScanFilterParamsConfigured() - clientIf=9, status=0, action=0, availableSpace=56
07-17 10:40:43.037  6602  6677 D BtGatt.ScanManager: callback done for scannerId - 9 status - 0
07-17 10:40:43.037  6602  6677 D BtGatt.GattService: onScanFilterConfig() - clientIf=9, action = 0 status = 0, filterType=0, availableSpace=0
07-17 10:40:43.037  6602  6677 D BtGatt.ScanManager: callback done for scannerId - 9 status - 0
07-17 10:40:43.037  6602  6717 D BtGatt.ScanManager: configureFilterParamter 500 10000 1 0, deliveryMode=0
07-17 10:40:43.040  6602  6677 D BtGatt.GattService: onScanFilterParamsConfigured() - clientIf=9, status=0, action=0, availableSpace=55
07-17 10:40:43.040  6602  6677 D BtGatt.ScanManager: callback done for scannerId - 9 status - 0
07-17 10:40:43.041  6602  6677 D BtGatt.GattService: onScanFilterConfig() - clientIf=9, action = 0 status = 0, filterType=0, availableSpace=0
07-17 10:40:43.041  6602  6677 D BtGatt.ScanManager: callback done for scannerId - 9 status - 0
07-17 10:40:43.041  6602  6717 D BtGatt.ScanManager: configureFilterParamter 500 10000 1 0, deliveryMode=0
07-17 10:40:43.043  6602  6745 I bt_stack: [INFO:btm_ble_gap.cc(3495)] btm_ble_process_adv_pkt_cont Data Complete 70:94:cd:a3:54:dc
07-17 10:40:43.043  6602  6745 I bt_stack: [INFO:btm_ble_gap.cc(3495)] btm_ble_process_adv_pkt_cont Data Complete 70:94:cd:a3:54:dc
07-17 10:40:43.043  6602  6745 D bt_btm_ble: bool parse_adv_audio_uuids_from_adv_pkt(const uint8_t *, size_t, uint8_t): tmap_cap_pts: false
07-17 10:40:43.045  6602  6677 D BluetoothRemoteDevices: Property type: 1
07-17 10:40:43.045  6602  6677 D BluetoothRemoteDevices: Skip name update for 70:94:CD:A3:54:DC
07-17 10:40:43.045  6602  6677 D BluetoothRemoteDevices: Property type: 4
07-17 10:40:43.045  6602  6677 D BluetoothRemoteDevices: Skip class update for 70:94:CD:A3:54:DC
07-17 10:40:43.045  6602  6677 D BluetoothRemoteDevices: Property type: 5
07-17 10:40:43.045  6602  6677 D BluetoothRemoteDevices: BT_PROPERTY_TYPE_OF_DEVICE 70:94:CD:A3:54:DC
07-17 10:40:43.045  6602  6721 D BluetoothRemoteDevices:  getMappingAddr null
07-17 10:40:43.045  4999  5056 D com.android.bluetooth.ble.app.o1: setScanedData: Name: JBL TOUR PRO 2address: XX:XX:XX:XX:54:DC
07-17 10:40:43.045  6602  6721 D BluetoothAdapterService: getIdentityAddress null retruning 70:94:CD:A3:54:DC
07-17 10:40:43.045  6602  6677 D BtGatt.GattService: onScanFilterParamsConfigured() - clientIf=9, status=0, action=0, availableSpace=54
07-17 10:40:43.045  6602  6677 D BtGatt.ScanManager: callback done for scannerId - 9 status - 0
07-17 10:40:43.046  6602  6677 D BtGatt.GattService: onScanFilterConfig() - clientIf=9, action = 0 status = 0, filterType=0, availableSpace=0
07-17 10:40:43.046  6602  6677 D BtGatt.ScanManager: callback done for scannerId - 9 status - 0
07-17 10:40:43.047  6602  6717 D BtGatt.ScanManager: configureFilterParamter 500 10000 1 0, deliveryMode=0
07-17 10:40:43.049  6602  6677 D BtGatt.GattService: onScanFilterParamsConfigured() - clientIf=9, status=0, action=0, availableSpace=53
07-17 10:40:43.049  6602  6677 D BtGatt.ScanManager: callback done for scannerId - 9 status - 0
07-17 10:40:43.051  6602  6717 D BtGatt.ScanManager: configureRegularScanParams() - queue=3
07-17 10:40:43.051  6602  6717 D BtGatt.ScanManager: configureRegularScanParams() - ScanSetting LE 1M Scan mode=0 ScanSetting LE Coded Scan mode=0 mLastConfiguredScanSettingLE1M=0 mLastConfiguredScanSettingLECoded=-2147483648 scanPhy=255
07-17 10:40:43.052  6602  6717 D BtGatt.ScanManager: configureRegularScanParams - scanInterval LE 1M = 660 configureRegularScanParams - scanWindow LE 1M= 66 configureRegularScanParams - scanInterval LE Coded= 660 configureRegularScanParams - scanWindow LE Coded= 66
07-17 10:40:43.053  6602  6717 D BtGatt.ScanManager: apply scan timeout (300000)to scannerId 9
07-17 10:40:43.053  6602  6677 D BtGatt.GattService: onScanParamSetupCompleted : 0
07-17 10:40:43.098  1161  6739 I vendor.qti.bluetooth@1.0-ibs_handler: ProcessIbsCmd: Received IBS_SLEEP_IND: 0xFE
07-17 10:40:43.228  1162  2845 E CamX    : [ERROR][NCS    ] camxncsservice.cpp:1007 EnqueueJob() Can not enqueue jobs when thread is stopped
07-17 10:40:43.428  1162  2845 E CamX    : [ERROR][NCS    ] camxncsservice.cpp:1007 EnqueueJob() Can not enqueue jobs when thread is stopped
07-17 10:40:43.627  1162  2845 E CamX    : [ERROR][NCS    ] camxncsservice.cpp:1007 EnqueueJob() Can not enqueue jobs when thread is stopped
07-17 10:40:43.827  1162  2845 E CamX    : [ERROR][NCS    ] camxncsservice.cpp:1007 EnqueueJob() Can not enqueue jobs when thread is stopped
07-17 10:40:44.027  1162  2845 E CamX    : [ERROR][NCS    ] camxncsservice.cpp:1007 EnqueueJob() Can not enqueue jobs when thread is stopped
07-17 10:40:44.057  1161  6743 I vendor.qti.bluetooth@1.0-ibs_handler: DeviceSleep: TX Awake, Sending SLEEP_IND
07-17 10:40:44.057  1161  6743 D vendor.qti.bluetooth@1.0-ibs_handler: SerialClockVote: vote for UART CLK OFF
07-17 10:40:44.208  1161  6726 D vendor.qti.bluetooth@1.0-wake_lock: Release wakelock is released 
07-17 10:40:44.223  2085  2929 W ActivityManagerServiceImpl: Sending non-protected broadcast miui.extm.action.mark from system uid 1000 pkg android. Callers=com.android.server.am.ActivityManagerService.checkBroadcastFromSystem:15113 com.android.server.am.ActivityManagerService.broadcastIntentLockedTraced:15943 com.android.server.am.ActivityManagerService.broadcastIntentLocked:15171 com.android.server.am.ActivityManagerService.broadcastIntentInPackage:16176 com.android.server.am.ActivityManagerService$LocalService.broadcastIntentInPackage:18922 
07-17 10:40:44.223  2085  2929 D AlarmManager: mBroadcastRefCount -> 1
07-17 10:40:44.227  1162  2845 E CamX    : [ERROR][NCS    ] camxncsservice.cpp:1007 EnqueueJob() Can not enqueue jobs when thread is stopped
07-17 10:40:44.237  2085  2085 I ExtM    : mark duration up to 2m , try to mark.
07-17 10:40:44.237  2085  2085 D MFZ     : Start Mark
07-17 10:40:44.240  2085  3753 D ExtM    : Start marking ...
07-17 10:40:44.240  2085  3753 W ExtM    : Mark thread start 
07-17 10:40:44.241   702  6318 D vold    : mark task started
07-17 10:40:44.247  6319  6319 D vold    :  mark Pid = 6319
07-17 10:40:44.248  6319  6319 E vold    : maxCpuFreq=2419200
07-17 10:40:44.248  6319  6319 E vold    : maxCpuFreq=2419200
07-17 10:40:44.249  6319  6319 D vold    : set cpu affinity policy success
07-17 10:40:44.311  2085  2085 D MFZ     : Mark Finshed ! idle_stats: 1209 693 627 266 651 135 423 201 76 711
07-17 10:40:44.312  2085  2085 D AlarmManager: mBroadcastRefCount -> 0
07-17 10:40:44.312  2085  2085 D AlarmManager: mPendingIntent -> PendingIntent{d8f310d: PendingIntentRecord{f04bb9 android broadcastIntent}}
07-17 10:40:44.339  6319  6319 D vold    :  success write all > /sys/block/zram0/idle
07-17 10:40:44.427  1162  2845 E CamX    : [ERROR][NCS    ] camxncsservice.cpp:1007 EnqueueJob() Can not enqueue jobs when thread is stopped
07-17 10:40:44.507  1288 20582 I QC2Comp : [avcD_556] Stats: Pending(7) i/p-done(3) Works: Q: 29/Done 24|Work-Rate: Q(0.0/s Avg=0.0/s) Done(0.000/s Avg=0.000/s)| Stream: 30.00fps 1.1Mbps
07-17 10:40:44.507  1288 20582 I QC2Comp : Mem-usage:  [In-1D - 6 bufs 17.930 MB] [1D-0 - 13 bufs 0.203 MB] [2D-146 - 21 bufs 20.016 MB]
07-17 10:40:44.507  1288 20582 I QC2Comp : Total Mem-usage: 38.148 MB
07-17 10:40:44.628  1162  2845 E CamX    : [ERROR][NCS    ] camxncsservice.cpp:1007 EnqueueJob() Can not enqueue jobs when thread is stopped
07-17 10:40:44.747   702  6318 D vold    : mark process has been finished in normal with status: 0
07-17 10:40:44.747   702  6318 D vold    :  listener->onFinished 
07-17 10:40:44.748  2085  8811 W ExtM    : Mark finished with status: 0
07-17 10:40:44.827  1162  2845 E CamX    : [ERROR][NCS    ] camxncsservice.cpp:1007 EnqueueJob() Can not enqueue jobs when thread is stopped
07-17 10:40:44.924  2085  3276 I SmartPower: com.google.android.apps.messaging/10188(1220): background->idle(3000ms) R(content provider start ContentProviderRecord{aab2916 u0 com.google.android.apps.messaging/.shared.datamodel.provider.sharedstorage.SharedStorageProvider}) adj=200.
07-17 10:40:44.931  2022  2022 I wificond: station_bandwidth: 
07-17 10:40:44.945  9789 10067 W Settings: Setting device_provisioned has moved from android.provider.Settings.Secure to android.provider.Settings.Global.
07-17 10:40:44.946  9789 10067 I JoyoseCloudControlManager3: network metered changed, network metered: false, deviceProvisioned: true, scAllowConn: true, try to setNetworkAccessEnabled: true
07-17 10:40:44.952  8955  8955 I NetBusNetworkMonitor: gateway=192.*.*.1
07-17 10:40:44.956 22886 22937 I BugleRcsEngine: handleMessage processing message:[NOTIFY_UPTIME_IGNORE_STATE_CHANGED] with [non-null]:RcsEngineImpl reference [CONTEXT log_prefix="RcsEngineImpl[DUAL_REG]:[838c36b5-e84c]>Handler" thread_id=4408 ]
07-17 10:40:44.957 22886 22929 I BugleRcsEngine: Connected state: [1], networkType: [WIFI] [CONTEXT thread_id=4401 ]
07-17 10:40:44.957 22886 22937 I BugleRcsEngine: Cannot use CS.apk as it's battery optimized [CONTEXT thread_id=4408 ]
07-17 10:40:44.957  4192  5407 E PhoneInterfaceManager: getCarrierPrivilegeStatusForUid: Invalid subId
07-17 10:40:44.958  2085  4698 I ClipboardServiceI: checkProviderWakePathForClipboard: primaryClip is null
07-17 10:40:44.959  8955  8955 I NetBusNetworkMonitor: addConnectNetworkInterface mediumType:256, detail:NetworkDetailInfo{mIsConnected=false, mNetworkType=0, mIpAddress=192.*.*.106, mIfName=wlan0, mGateway=192.*.*.1, mNetmask=255.*.*.0}
07-17 10:40:44.959  8955  8955 I NetBusNetworkMonitor: onCapabilitiesChanged handle=505916870669, mediumType=256, ifName=wlan0
07-17 10:40:44.970  2085  3006 D ConnectivityService: NetReassign [no changes] [c 0] [a 1] [i 1]
07-17 10:40:44.970 30342 28082 I NearbyMediums: Wifi changed new SSID: "Zelda"
07-17 10:40:44.970 30342 28082 I NearbyMediums: WifiLanConnectivityInfo is not changed, skip notify.
07-17 10:40:45.027  1162  2845 E CamX    : [ERROR][NCS    ] camxncsservice.cpp:1007 EnqueueJob() Can not enqueue jobs when thread is stopped
07-17 10:40:45.061  8955  9005 I connect_service: Background young concurrent copying GC freed 12MB AllocSpace bytes, 4(208KB) LOS objects, 72% free, 4853KB/17MB, paused 184us,619us total 102.839ms
07-17 10:40:45.061  8955  9005 W connect_service: Reducing the number of considered missed Gc histogram windows from 3844 to 100
07-17 10:40:45.228  1162  2845 E CamX    : [ERROR][NCS    ] camxncsservice.cpp:1007 EnqueueJob() Can not enqueue jobs when thread is stopped
07-17 10:40:45.428  1162  2845 E CamX    : [ERROR][NCS    ] camxncsservice.cpp:1007 EnqueueJob() Can not enqueue jobs when thread is stopped
07-17 10:40:45.457 30342 28082 I NearbySharing: Network state changed: NetworkState(isRestricted=false, isOnline=true, isCongested=false, isMetered=false, isWifiConnected=true)
07-17 10:40:45.575  2085  8834 D FileUtils: Rounded bytes from 7570821120 to 8000000000
07-17 10:40:45.627  1162  2845 E CamX    : [ERROR][NCS    ] camxncsservice.cpp:1007 EnqueueJob() Can not enqueue jobs when thread is stopped
07-17 10:40:45.819  1161  6739 I vendor.qti.bluetooth@1.0-ibs_handler: ProcessIbsCmd: Received IBS_WAKE_IND: 0xFD
07-17 10:40:45.819  1161  6739 D vendor.qti.bluetooth@1.0-ibs_handler: SerialClockVote: vote for UART CLK ON
07-17 10:40:45.821  1161  6739 D vendor.qti.bluetooth@1.0-wake_lock: Acquire wakelock is acquired 
07-17 10:40:45.821  1161  6739 I vendor.qti.bluetooth@1.0-ibs_handler: ProcessIbsCmd: Writing IBS_WAKE_ACK
07-17 10:40:45.823  6602  6745 I bt_stack: [INFO:btm_ble_gap.cc(3495)] btm_ble_process_adv_pkt_cont Data Complete 70:94:cd:a3:54:dc
07-17 10:40:45.823  6602  6745 I bt_stack: [INFO:btm_ble_gap.cc(3495)] btm_ble_process_adv_pkt_cont Data Complete 70:94:cd:a3:54:dc
07-17 10:40:45.824  6602  6745 D bt_btm_ble: bool parse_adv_audio_uuids_from_adv_pkt(const uint8_t *, size_t, uint8_t): tmap_cap_pts: false
07-17 10:40:45.825  6602  6677 D BluetoothRemoteDevices: Property type: 1
07-17 10:40:45.825  6602  6677 D BluetoothRemoteDevices: Skip name update for 70:94:CD:A3:54:DC
07-17 10:40:45.826  6602  6677 D BluetoothRemoteDevices: Property type: 4
07-17 10:40:45.826  6602  6677 D BluetoothRemoteDevices: Skip class update for 70:94:CD:A3:54:DC
07-17 10:40:45.826  6602  6677 D BluetoothRemoteDevices: Property type: 5
07-17 10:40:45.826  6602  6677 D BluetoothRemoteDevices: BT_PROPERTY_TYPE_OF_DEVICE 70:94:CD:A3:54:DC
07-17 10:40:45.826  6602  6721 D BluetoothRemoteDevices:  getMappingAddr null
07-17 10:40:45.826  6602  6721 D BluetoothAdapterService: getIdentityAddress null retruning 70:94:CD:A3:54:DC
07-17 10:40:45.826  4999  5056 D com.android.bluetooth.ble.app.o1: setScanedData: Name: JBL TOUR PRO 2address: XX:XX:XX:XX:54:DC
07-17 10:40:45.827  1162  2845 E CamX    : [ERROR][NCS    ] camxncsservice.cpp:1007 EnqueueJob() Can not enqueue jobs when thread is stopped
07-17 10:40:45.833 30342  6280 I NearbyDiscovery: (REDACTED) loadFastPairModule: checkFeaturesAreAvailable:%d
07-17 10:40:45.834 30342  6280 I NearbyDiscovery: loadFastPairModule: FastPair module is downloaded. [CONTEXT service_id=265 ]
07-17 10:40:45.862  1161  6739 I vendor.qti.bluetooth@1.0-ibs_handler: ProcessIbsCmd: Received IBS_SLEEP_IND: 0xFE
07-17 10:40:45.863  1161  6739 D vendor.qti.bluetooth@1.0-ibs_handler: SerialClockVote: vote for UART CLK OFF
07-17 10:40:46.013  1161  6726 D vendor.qti.bluetooth@1.0-wake_lock: Release wakelock is released 
07-17 10:40:46.027  1162  2845 E CamX    : [ERROR][NCS    ] camxncsservice.cpp:1007 EnqueueJob() Can not enqueue jobs when thread is stopped
07-17 10:40:46.227  1162  2845 E CamX    : [ERROR][NCS    ] camxncsservice.cpp:1007 EnqueueJob() Can not enqueue jobs when thread is stopped
07-17 10:40:46.260  4647 25798 I MediaCodec: [mId: 2] [audio-debug-dec] Stats over last 5007ms:
07-17 10:40:46.260  4647 25798 I MediaCodec: [mId: 2] [audio-debug-dec] ClientName: com.facebook.katana ComponentName: c2.android.aac.decoder
07-17 10:40:46.260  4647 25798 I MediaCodec: [mId: 2] [audio-debug-dec] Qinput: 0, DQinput: 0 success out of 5 tries
07-17 10:40:46.260  4647 25798 I MediaCodec: [mId: 2] [audio-debug-dec] Render: 0, Drop: 0, DQoutput: 0 success out of 0 tries
07-17 10:40:46.264 20452 20495 D AudioTrackImpl: [audioTrackData][fine] 55s(f:55060 m:0 s:0 k:0 z:0) : pid 20452 uid 10185 sessionId 3401 sr 44100 ch 2 fmt 1 maxAmplitude 12744
07-17 10:40:46.427  1162  2845 E CamX    : [ERROR][NCS    ] camxncsservice.cpp:1007 EnqueueJob() Can not enqueue jobs when thread is stopped
07-17 10:40:46.627  1162  2845 E CamX    : [ERROR][NCS    ] camxncsservice.cpp:1007 EnqueueJob() Can not enqueue jobs when thread is stopped
07-17 10:40:46.662  2085  4061 I NetworkBoostStatusManager: handle: 105
07-17 10:40:46.665  2085  4061 D NetworkBoostStatusManager: isModemSingnalStrengthStatus signalStrength or serviceState is null
07-17 10:40:46.828  1162  2845 E CamX    : [ERROR][NCS    ] camxncsservice.cpp:1007 EnqueueJob() Can not enqueue jobs when thread is stopped
07-17 10:40:47.028  1162  2845 E CamX    : [ERROR][NCS    ] camxncsservice.cpp:1007 EnqueueJob() Can not enqueue jobs when thread is stopped
07-17 10:40:47.060  1161  6739 I vendor.qti.bluetooth@1.0-ibs_handler: ProcessIbsCmd: Received IBS_WAKE_IND: 0xFD
07-17 10:40:47.061  1161  6739 D vendor.qti.bluetooth@1.0-ibs_handler: SerialClockVote: vote for UART CLK ON
07-17 10:40:47.062  1161  6739 D vendor.qti.bluetooth@1.0-wake_lock: Acquire wakelock is acquired 
07-17 10:40:47.062  1161  6739 I vendor.qti.bluetooth@1.0-ibs_handler: ProcessIbsCmd: Writing IBS_WAKE_ACK
07-17 10:40:47.064  6602  6745 I bt_stack: [INFO:btm_ble_gap.cc(3495)] btm_ble_process_adv_pkt_cont Data Complete 70:94:cd:a3:54:dc
07-17 10:40:47.076  6602  6745 I bt_stack: [INFO:btm_ble_gap.cc(3495)] btm_ble_process_adv_pkt_cont Data Complete 70:94:cd:a3:54:dc
07-17 10:40:47.076  6602  6745 I bt_stack: [INFO:btm_ble_gap.cc(3495)] btm_ble_process_adv_pkt_cont Data Complete 70:94:cd:a3:54:dc
07-17 10:40:47.076  6602  6745 D bt_btm_ble: bool parse_adv_audio_uuids_from_adv_pkt(const uint8_t *, size_t, uint8_t): tmap_cap_pts: false
07-17 10:40:47.079  6602  6721 D BluetoothRemoteDevices:  getMappingAddr null
07-17 10:40:47.079  4999  5056 D com.android.bluetooth.ble.app.o1: setScanedData: Name: JBL TOUR PRO 2address: XX:XX:XX:XX:54:DC
07-17 10:40:47.079  6602  6721 D BluetoothAdapterService: getIdentityAddress null retruning 70:94:CD:A3:54:DC
07-17 10:40:47.116  1161  6739 I vendor.qti.bluetooth@1.0-ibs_handler: ProcessIbsCmd: Received IBS_SLEEP_IND: 0xFE
07-17 10:40:47.116  1161  6739 D vendor.qti.bluetooth@1.0-ibs_handler: SerialClockVote: vote for UART CLK OFF
07-17 10:40:47.227  1162  2845 E CamX    : [ERROR][NCS    ] camxncsservice.cpp:1007 EnqueueJob() Can not enqueue jobs when thread is stopped
07-17 10:40:47.261  4647 25794 D AudioTrackImpl: [audioTrackData][fine] 55s(f:55071 m:0 s:0 k:0 z:0) : pid 4647 uid 10278 sessionId 2993 sr 44100 ch 2 fmt 1 maxAmplitude 3237
07-17 10:40:47.266  1161  6726 D vendor.qti.bluetooth@1.0-wake_lock: Release wakelock is released 
07-17 10:40:47.427  1162  2845 E CamX    : [ERROR][NCS    ] camxncsservice.cpp:1007 EnqueueJob() Can not enqueue jobs when thread is stopped
07-17 10:40:47.627  1162  2845 E CamX    : [ERROR][NCS    ] camxncsservice.cpp:1007 EnqueueJob() Can not enqueue jobs when thread is stopped
07-17 10:40:47.828  1162  2845 E CamX    : [ERROR][NCS    ] camxncsservice.cpp:1007 EnqueueJob() Can not enqueue jobs when thread is stopped
07-17 10:40:47.940  2085  2350 W ProcessStats: Tracking association SourceState{2d3f43b com.google.android.gms/10138 BFgs #834597} whose proc state 4 is better than process ProcessState{6478a15 com.google.android.adservices.api/10247 pkg=com.google.android.adservices.api} proc state 8 (19 skipped)
07-17 10:40:47.955  2022  2022 I wificond: station_bandwidth: 
07-17 10:40:48.027  1162  2845 E CamX    : [ERROR][NCS    ] camxncsservice.cpp:1007 EnqueueJob() Can not enqueue jobs when thread is stopped
07-17 10:40:48.227  1162  2845 E CamX    : [ERROR][NCS    ] camxncsservice.cpp:1007 EnqueueJob() Can not enqueue jobs when thread is stopped
07-17 10:40:48.428  1162  2845 E CamX    : [ERROR][NCS    ] camxncsservice.cpp:1007 EnqueueJob() Can not enqueue jobs when thread is stopped
07-17 10:40:48.473  1161  6739 I vendor.qti.bluetooth@1.0-ibs_handler: ProcessIbsCmd: Received IBS_WAKE_IND: 0xFD
07-17 10:40:48.473  1161  6739 D vendor.qti.bluetooth@1.0-ibs_handler: SerialClockVote: vote for UART CLK ON
07-17 10:40:48.474  1161  6739 D vendor.qti.bluetooth@1.0-wake_lock: Acquire wakelock is acquired 
07-17 10:40:48.474  1161  6739 I vendor.qti.bluetooth@1.0-ibs_handler: ProcessIbsCmd: Writing IBS_WAKE_ACK
07-17 10:40:48.476  6602  6745 I bt_stack: [INFO:btm_ble_gap.cc(3495)] btm_ble_process_adv_pkt_cont Data Complete 70:94:cd:a3:54:dc
07-17 10:40:48.477  6602  6745 I bt_stack: [INFO:btm_ble_gap.cc(3495)] btm_ble_process_adv_pkt_cont Data Complete 70:94:cd:a3:54:dc
07-17 10:40:48.477  6602  6745 D bt_btm_ble: bool parse_adv_audio_uuids_from_adv_pkt(const uint8_t *, size_t, uint8_t): tmap_cap_pts: false
07-17 10:40:48.479  6602  6721 D BluetoothRemoteDevices:  getMappingAddr null
07-17 10:40:48.479  4999  5056 D com.android.bluetooth.ble.app.o1: setScanedData: Name: JBL TOUR PRO 2address: XX:XX:XX:XX:54:DC
07-17 10:40:48.479  6602  6721 D BluetoothAdapterService: getIdentityAddress null retruning 70:94:CD:A3:54:DC
07-17 10:40:48.516  1161  6739 I vendor.qti.bluetooth@1.0-ibs_handler: ProcessIbsCmd: Received IBS_SLEEP_IND: 0xFE
07-17 10:40:48.516  1161  6739 D vendor.qti.bluetooth@1.0-ibs_handler: SerialClockVote: vote for UART CLK OFF
07-17 10:40:48.627  1162  2845 E CamX    : [ERROR][NCS    ] camxncsservice.cpp:1007 EnqueueJob() Can not enqueue jobs when thread is stopped
07-17 10:40:48.666  1161  6726 D vendor.qti.bluetooth@1.0-wake_lock: Release wakelock is released 
07-17 10:40:48.828  1162  2845 E CamX    : [ERROR][NCS    ] camxncsservice.cpp:1007 EnqueueJob() Can not enqueue jobs when thread is stopped
07-17 10:40:49.028  1162  2845 E CamX    : [ERROR][NCS    ] camxncsservice.cpp:1007 EnqueueJob() Can not enqueue jobs when thread is stopped
07-17 10:40:49.201  1161  6739 I vendor.qti.bluetooth@1.0-ibs_handler: ProcessIbsCmd: Received IBS_WAKE_IND: 0xFD
07-17 10:40:49.201  1161  6739 D vendor.qti.bluetooth@1.0-ibs_handler: SerialClockVote: vote for UART CLK ON
07-17 10:40:49.202  1161  6739 D vendor.qti.bluetooth@1.0-wake_lock: Acquire wakelock is acquired 
07-17 10:40:49.202  1161  6739 I vendor.qti.bluetooth@1.0-ibs_handler: ProcessIbsCmd: Writing IBS_WAKE_ACK
07-17 10:40:49.204  6602  6745 I bt_stack: [INFO:btm_ble_gap.cc(3495)] btm_ble_process_adv_pkt_cont Data Complete 70:94:cd:a3:54:dc
07-17 10:40:49.205  6602  6745 I bt_stack: [INFO:btm_ble_gap.cc(3495)] btm_ble_process_adv_pkt_cont Data Complete 70:94:cd:a3:54:dc
07-17 10:40:49.205  6602  6745 D bt_btm_ble: bool parse_adv_audio_uuids_from_adv_pkt(const uint8_t *, size_t, uint8_t): tmap_cap_pts: false
07-17 10:40:49.207  6602  6721 D BluetoothRemoteDevices:  getMappingAddr null
07-17 10:40:49.207  6602  6721 D BluetoothAdapterService: getIdentityAddress null retruning 70:94:CD:A3:54:DC
07-17 10:40:49.207  4999  5056 D com.android.bluetooth.ble.app.o1: setScanedData: Name: JBL TOUR PRO 2address: XX:XX:XX:XX:54:DC
07-17 10:40:49.228  1162  2845 E CamX    : [ERROR][NCS    ] camxncsservice.cpp:1007 EnqueueJob() Can not enqueue jobs when thread is stopped
07-17 10:40:49.244  1161  6739 I vendor.qti.bluetooth@1.0-ibs_handler: ProcessIbsCmd: Received IBS_SLEEP_IND: 0xFE
07-17 10:40:49.244  1161  6739 D vendor.qti.bluetooth@1.0-ibs_handler: SerialClockVote: vote for UART CLK OFF
07-17 10:40:49.394  1161  6726 D vendor.qti.bluetooth@1.0-wake_lock: Release wakelock is released 
07-17 10:40:49.427  1162  2845 E CamX    : [ERROR][NCS    ] camxncsservice.cpp:1007 EnqueueJob() Can not enqueue jobs when thread is stopped
07-17 10:40:49.508  1288 20582 I QC2Comp : [avcD_556] Stats: Pending(7) i/p-done(3) Works: Q: 29/Done 24|Work-Rate: Q(0.0/s Avg=0.0/s) Done(0.000/s Avg=0.000/s)| Stream: 30.00fps 1.1Mbps
07-17 10:40:49.508  1288 20582 I QC2Comp : Mem-usage:  [In-1D - 6 bufs 17.930 MB] [1D-0 - 13 bufs 0.203 MB] [2D-146 - 21 bufs 20.016 MB]
07-17 10:40:49.508  1288 20582 I QC2Comp : Total Mem-usage: 38.148 MB
07-17 10:40:49.627  1162  2845 E CamX    : [ERROR][NCS    ] camxncsservice.cpp:1007 EnqueueJob() Can not enqueue jobs when thread is stopped
07-17 10:40:49.687 30342 30342 D BoundBrokerSvc: onUnbind: Intent { act=com.google.android.gms.findmydevice.spot.service.locationreport.START dat=chimera-action:/... cmp=com.google.android.gms/.chimera.PersistentApiService }
07-17 10:40:49.705  1161  6739 I vendor.qti.bluetooth@1.0-ibs_handler: ProcessIbsCmd: Received IBS_WAKE_IND: 0xFD
07-17 10:40:49.705  1161  6739 D vendor.qti.bluetooth@1.0-ibs_handler: SerialClockVote: vote for UART CLK ON
07-17 10:40:49.706  1161  6739 D vendor.qti.bluetooth@1.0-wake_lock: Acquire wakelock is acquired 
07-17 10:40:49.706  1161  6739 I vendor.qti.bluetooth@1.0-ibs_handler: ProcessIbsCmd: Writing IBS_WAKE_ACK
07-17 10:40:49.709  6602  6745 I bt_stack: [INFO:btm_ble_gap.cc(3495)] btm_ble_process_adv_pkt_cont Data Complete 70:94:cd:a3:54:dc
07-17 10:40:49.709  6602  6745 I bt_stack: [INFO:btm_ble_gap.cc(3495)] btm_ble_process_adv_pkt_cont Data Complete 70:94:cd:a3:54:dc
07-17 10:40:49.709  6602  6745 D bt_btm_ble: bool parse_adv_audio_uuids_from_adv_pkt(const uint8_t *, size_t, uint8_t): tmap_cap_pts: false
07-17 10:40:49.712  6602  6721 D BluetoothRemoteDevices:  getMappingAddr null
07-17 10:40:49.712  4999  5056 D com.android.bluetooth.ble.app.o1: setScanedData: Name: JBL TOUR PRO 2address: XX:XX:XX:XX:54:DC
07-17 10:40:49.712  6602  6721 D BluetoothAdapterService: getIdentityAddress null retruning 70:94:CD:A3:54:DC
07-17 10:40:49.716  6602  6745 I bt_stack: [INFO:btm_ble_gap.cc(3495)] btm_ble_process_adv_pkt_cont Data Complete 70:94:cd:a3:54:dc
07-17 10:40:49.717  6602  6745 I bt_stack: [INFO:btm_ble_gap.cc(3495)] btm_ble_process_adv_pkt_cont Data Complete 70:94:cd:a3:54:dc
07-17 10:40:49.717  6602  6745 D bt_btm_ble: bool parse_adv_audio_uuids_from_adv_pkt(const uint8_t *, size_t, uint8_t): tmap_cap_pts: false
07-17 10:40:49.718  6602  6721 D BluetoothRemoteDevices:  getMappingAddr null
07-17 10:40:49.718  6602  6721 D BluetoothAdapterService: getIdentityAddress null retruning 70:94:CD:A3:54:DC
07-17 10:40:49.718  4999  5056 D com.android.bluetooth.ble.app.o1: setScanedData: Name: JBL TOUR PRO 2address: XX:XX:XX:XX:54:DC
07-17 10:40:49.726 30342 30342 D BoundBrokerSvc: onRebind: Intent { act=com.google.android.gms.findmydevice.spot.service.locationreport.START dat=chimera-action:/... cmp=com.google.android.gms/.chimera.PersistentApiService }
07-17 10:40:49.754  1161  6739 I vendor.qti.bluetooth@1.0-ibs_handler: ProcessIbsCmd: Received IBS_SLEEP_IND: 0xFE
07-17 10:40:49.755  1161  6739 D vendor.qti.bluetooth@1.0-ibs_handler: SerialClockVote: vote for UART CLK OFF
07-17 10:40:49.827  1162  2845 E CamX    : [ERROR][NCS    ] camxncsservice.cpp:1007 EnqueueJob() Can not enqueue jobs when thread is stopped
07-17 10:40:49.905  1161  6726 D vendor.qti.bluetooth@1.0-wake_lock: Release wakelock is released 
07-17 10:40:50.027  1162  2845 E CamX    : [ERROR][NCS    ] camxncsservice.cpp:1007 EnqueueJob() Can not enqueue jobs when thread is stopped
07-17 10:40:50.227  1162  2845 E CamX    : [ERROR][NCS    ] camxncsservice.cpp:1007 EnqueueJob() Can not enqueue jobs when thread is stopped
07-17 10:40:50.427  1162  2845 E CamX    : [ERROR][NCS    ] camxncsservice.cpp:1007 EnqueueJob() Can not enqueue jobs when thread is stopped
07-17 10:40:50.627  1162  2845 E CamX    : [ERROR][NCS    ] camxncsservice.cpp:1007 EnqueueJob() Can not enqueue jobs when thread is stopped
07-17 10:40:50.678  2085  8834 D FileUtils: Rounded bytes from 7570821120 to 8000000000
07-17 10:40:50.794 32722 32742 V ClearcutMetricXmitter: Transmission is done.
07-17 10:40:50.820  2085  4063 D SLM-SRV-SLAService: checktemp temperature = 40208 temperature_average = 40258 isPerformanceMode = false thermal_enable_slm = true
07-17 10:40:50.827  1162  2845 E CamX    : [ERROR][NCS    ] camxncsservice.cpp:1007 EnqueueJob() Can not enqueue jobs when thread is stopped
07-17 10:40:50.999  2022  2022 I wificond: station_bandwidth: 
07-17 10:40:51.027  1162  2845 E CamX    : [ERROR][NCS    ] camxncsservice.cpp:1007 EnqueueJob() Can not enqueue jobs when thread is stopped
07-17 10:40:51.083  1161  6739 I vendor.qti.bluetooth@1.0-ibs_handler: ProcessIbsCmd: Received IBS_WAKE_IND: 0xFD
07-17 10:40:51.083  1161  6739 D vendor.qti.bluetooth@1.0-ibs_handler: SerialClockVote: vote for UART CLK ON
07-17 10:40:51.084  1161  6739 D vendor.qti.bluetooth@1.0-wake_lock: Acquire wakelock is acquired 
07-17 10:40:51.084  1161  6739 I vendor.qti.bluetooth@1.0-ibs_handler: ProcessIbsCmd: Writing IBS_WAKE_ACK
07-17 10:40:51.086  6602  6745 I bt_stack: [INFO:btm_ble_gap.cc(3495)] btm_ble_process_adv_pkt_cont Data Complete 70:94:cd:a3:54:dc
07-17 10:40:51.094  6602  6745 I bt_stack: [INFO:btm_ble_gap.cc(3495)] btm_ble_process_adv_pkt_cont Data Complete 70:94:cd:a3:54:dc
07-17 10:40:51.095  6602  6745 I bt_stack: [INFO:btm_ble_gap.cc(3495)] btm_ble_process_adv_pkt_cont Data Complete 70:94:cd:a3:54:dc
07-17 10:40:51.095  6602  6745 D bt_btm_ble: bool parse_adv_audio_uuids_from_adv_pkt(const uint8_t *, size_t, uint8_t): tmap_cap_pts: false
07-17 10:40:51.097  6602  6721 D BluetoothRemoteDevices:  getMappingAddr null
07-17 10:40:51.097  6602  6721 D BluetoothAdapterService: getIdentityAddress null retruning 70:94:CD:A3:54:DC
07-17 10:40:51.097  4999  5056 D com.android.bluetooth.ble.app.o1: setScanedData: Name: JBL TOUR PRO 2address: XX:XX:XX:XX:54:DC
07-17 10:40:51.133  1161  6739 I vendor.qti.bluetooth@1.0-ibs_handler: ProcessIbsCmd: Received IBS_SLEEP_IND: 0xFE
07-17 10:40:51.133  1161  6739 D vendor.qti.bluetooth@1.0-ibs_handler: SerialClockVote: vote for UART CLK OFF
07-17 10:40:51.227  1162  2845 E CamX    : [ERROR][NCS    ] camxncsservice.cpp:1007 EnqueueJob() Can not enqueue jobs when thread is stopped
07-17 10:40:51.267  4647 25798 I MediaCodec: [mId: 2] [audio-debug-dec] Stats over last 5007ms:
07-17 10:40:51.267  4647 25798 I MediaCodec: [mId: 2] [audio-debug-dec] ClientName: com.facebook.katana ComponentName: c2.android.aac.decoder
07-17 10:40:51.267  4647 25798 I MediaCodec: [mId: 2] [audio-debug-dec] Qinput: 0, DQinput: 0 success out of 5 tries
07-17 10:40:51.267  4647 25798 I MediaCodec: [mId: 2] [audio-debug-dec] Render: 0, Drop: 0, DQoutput: 0 success out of 0 tries
07-17 10:40:51.271 20452 20495 D AudioTrackImpl: [audioTrackData][fine] 60s(f:60066 m:0 s:0 k:0 z:0) : pid 20452 uid 10185 sessionId 3401 sr 44100 ch 2 fmt 1 maxAmplitude 12744
07-17 10:40:51.283  1161  6726 D vendor.qti.bluetooth@1.0-wake_lock: Release wakelock is released 
07-17 10:40:51.427  1162  2845 E CamX    : [ERROR][NCS    ] camxncsservice.cpp:1007 EnqueueJob() Can not enqueue jobs when thread is stopped
07-17 10:40:51.627  1162  2845 E CamX    : [ERROR][NCS    ] camxncsservice.cpp:1007 EnqueueJob() Can not enqueue jobs when thread is stopped
07-17 10:40:51.827  1162  2845 E CamX    : [ERROR][NCS    ] camxncsservice.cpp:1007 EnqueueJob() Can not enqueue jobs when thread is stopped
07-17 10:40:52.028  1162  2845 E CamX    : [ERROR][NCS    ] camxncsservice.cpp:1007 EnqueueJob() Can not enqueue jobs when thread is stopped
07-17 10:40:52.228  1162  2845 E CamX    : [ERROR][NCS    ] camxncsservice.cpp:1007 EnqueueJob() Can not enqueue jobs when thread is stopped
07-17 10:40:52.268  4647 25794 D AudioTrackImpl: [audioTrackData][fine] 60s(f:60077 m:0 s:0 k:0 z:0) : pid 4647 uid 10278 sessionId 2993 sr 44100 ch 2 fmt 1 maxAmplitude 3237
07-17 10:40:52.377  1161  6739 I vendor.qti.bluetooth@1.0-ibs_handler: ProcessIbsCmd: Received IBS_WAKE_IND: 0xFD
07-17 10:40:52.377  1161  6739 D vendor.qti.bluetooth@1.0-ibs_handler: SerialClockVote: vote for UART CLK ON
07-17 10:40:52.378  1161  6739 D vendor.qti.bluetooth@1.0-wake_lock: Acquire wakelock is acquired 
07-17 10:40:52.378  1161  6739 I vendor.qti.bluetooth@1.0-ibs_handler: ProcessIbsCmd: Writing IBS_WAKE_ACK
07-17 10:40:52.380  6602  6745 I bt_stack: [INFO:btm_ble_gap.cc(3495)] btm_ble_process_adv_pkt_cont Data Complete 70:94:cd:a3:54:dc
07-17 10:40:52.380  6602  6745 I bt_stack: [INFO:btm_ble_gap.cc(3495)] btm_ble_process_adv_pkt_cont Data Complete 70:94:cd:a3:54:dc
07-17 10:40:52.381  6602  6745 D bt_btm_ble: bool parse_adv_audio_uuids_from_adv_pkt(const uint8_t *, size_t, uint8_t): tmap_cap_pts: false
07-17 10:40:52.383  6602  6721 D BluetoothRemoteDevices:  getMappingAddr null
07-17 10:40:52.383  4999  5056 D com.android.bluetooth.ble.app.o1: setScanedData: Name: JBL TOUR PRO 2address: XX:XX:XX:XX:54:DC
07-17 10:40:52.383  6602  6721 D BluetoothAdapterService: getIdentityAddress null retruning 70:94:CD:A3:54:DC
07-17 10:40:52.419  1161  6739 I vendor.qti.bluetooth@1.0-ibs_handler: ProcessIbsCmd: Received IBS_SLEEP_IND: 0xFE
07-17 10:40:52.419  1161  6739 D vendor.qti.bluetooth@1.0-ibs_handler: SerialClockVote: vote for UART CLK OFF
07-17 10:40:52.428  1162  2845 E CamX    : [ERROR][NCS    ] camxncsservice.cpp:1007 EnqueueJob() Can not enqueue jobs when thread is stopped
07-17 10:40:52.570  1161  6726 D vendor.qti.bluetooth@1.0-wake_lock: Release wakelock is released 
07-17 10:40:52.628  1162  2845 E CamX    : [ERROR][NCS    ] camxncsservice.cpp:1007 EnqueueJob() Can not enqueue jobs when thread is stopped
07-17 10:40:52.828  1162  2845 E CamX    : [ERROR][NCS    ] camxncsservice.cpp:1007 EnqueueJob() Can not enqueue jobs when thread is stopped
07-17 10:40:53.027  1162  2845 E CamX    : [ERROR][NCS    ] camxncsservice.cpp:1007 EnqueueJob() Can not enqueue jobs when thread is stopped
07-17 10:40:53.227  1162  2845 E CamX    : [ERROR][NCS    ] camxncsservice.cpp:1007 EnqueueJob() Can not enqueue jobs when thread is stopped
07-17 10:40:53.284  2085  2346 D HeapUsage Monitor: HeapAllocSize : 110MB; monitorSize : 500MB
07-17 10:40:53.428  1162  2845 E CamX    : [ERROR][NCS    ] camxncsservice.cpp:1007 EnqueueJob() Can not enqueue jobs when thread is stopped
07-17 10:40:53.627  1162  2845 E CamX    : [ERROR][NCS    ] camxncsservice.cpp:1007 EnqueueJob() Can not enqueue jobs when thread is stopped
07-17 10:40:53.737  1161  6739 I vendor.qti.bluetooth@1.0-ibs_handler: ProcessIbsCmd: Received IBS_WAKE_IND: 0xFD
07-17 10:40:53.738  1161  6739 D vendor.qti.bluetooth@1.0-ibs_handler: SerialClockVote: vote for UART CLK ON
07-17 10:40:53.739  1161  6739 D vendor.qti.bluetooth@1.0-wake_lock: Acquire wakelock is acquired 
07-17 10:40:53.739  1161  6739 I vendor.qti.bluetooth@1.0-ibs_handler: ProcessIbsCmd: Writing IBS_WAKE_ACK
07-17 10:40:53.741  6602  6745 I bt_stack: [INFO:btm_ble_gap.cc(3495)] btm_ble_process_adv_pkt_cont Data Complete 70:94:cd:a3:54:dc
