07-17 10:40:07.371  4235  4235 E backgroundBlur: setBackgroundBlurMode disable com.android.systemui.shade.NotificationPanelView
07-17 10:40:07.371  4235  4235 D backgroundBlur: enablePassWindowBlur disable com.android.systemui.shade.NotificationPanelView
07-17 10:40:07.371  4235  4235 E OpenGLRenderer: setMiShadow is not show
07-17 10:40:07.371  4235  4235 E backgroundBlur: setBackgroundBlurMode disable com.android.systemui.shade.NotificationPanelView
07-17 10:40:07.371  4235  4235 D backgroundBlur: enablePassWindowBlur disable com.android.systemui.shade.NotificationPanelView
07-17 10:40:07.371  4235  4235 E OpenGLRenderer: setMiShadow is not show
07-17 10:40:07.371  4235  4235 E backgroundBlur: setBackgroundBlurMode disable com.android.systemui.shade.NotificationPanelView
07-17 10:40:07.371  4235  4235 D backgroundBlur: enablePassWindowBlur disable com.android.systemui.shade.NotificationPanelView
07-17 10:40:07.371  4235  4235 E OpenGLRenderer: setMiShadow is not show
07-17 10:40:07.371  4235  4235 E backgroundBlur: setBackgroundBlurMode disable com.android.systemui.shade.NotificationPanelView
07-17 10:40:07.371  4235  4235 D backgroundBlur: enablePassWindowBlur disable com.android.systemui.shade.NotificationPanelView
07-17 10:40:07.371  4235  4235 E OpenGLRenderer: setMiShadow is not show
07-17 10:40:07.371  4235  4235 E backgroundBlur: setBackgroundBlurMode disable com.android.systemui.shade.NotificationPanelView
07-17 10:40:07.371  4235  4235 D backgroundBlur: enablePassWindowBlur disable com.android.systemui.shade.NotificationPanelView
07-17 10:40:07.371  4235  4235 E OpenGLRenderer: setMiShadow is not show
07-17 10:40:07.371  4235  4235 E backgroundBlur: setBackgroundBlurMode disable com.android.systemui.shade.NotificationPanelView
07-17 10:40:07.371  4235  4235 D backgroundBlur: enablePassWindowBlur disable com.android.systemui.shade.NotificationPanelView
07-17 10:40:07.371  4235  4235 E OpenGLRenderer: setMiShadow is not show
07-17 10:40:07.372  4235  4235 E backgroundBlur: setBackgroundBlurMode disable com.android.systemui.shade.NotificationPanelView
07-17 10:40:07.372  4235  4235 D backgroundBlur: enablePassWindowBlur disable com.android.systemui.shade.NotificationPanelView
07-17 10:40:07.372  4235  4235 E OpenGLRenderer: setMiShadow is not show
07-17 10:40:07.372  4235  4235 E backgroundBlur: setBackgroundBlurMode disable com.android.systemui.shade.NotificationPanelView
07-17 10:40:07.372  4235  4235 D backgroundBlur: enablePassWindowBlur disable com.android.systemui.shade.NotificationPanelView
07-17 10:40:07.372  4235  4235 E OpenGLRenderer: setMiShadow is not show
07-17 10:40:07.372  4235  4235 E backgroundBlur: setBackgroundBlurMode disable com.android.systemui.shade.NotificationPanelView
07-17 10:40:07.372  4235  4235 D backgroundBlur: enablePassWindowBlur disable com.android.systemui.shade.NotificationPanelView
07-17 10:40:07.372  4235  4235 E OpenGLRenderer: setMiShadow is not show
07-17 10:40:07.372  4235  4235 E backgroundBlur: setBackgroundBlurMode disable com.android.systemui.shade.NotificationPanelView
07-17 10:40:07.372  4235  4235 D backgroundBlur: enablePassWindowBlur disable com.android.systemui.shade.NotificationPanelView
07-17 10:40:07.372  4235  4235 E OpenGLRenderer: setMiShadow is not show
07-17 10:40:07.372  4235  4235 E backgroundBlur: setBackgroundBlurMode disable com.android.systemui.shade.NotificationPanelView
07-17 10:40:07.372  4235  4235 D backgroundBlur: enablePassWindowBlur disable com.android.systemui.shade.NotificationPanelView
07-17 10:40:07.372  4235  4235 E OpenGLRenderer: setMiShadow is not show
07-17 10:40:07.383  4235  4235 D AutoDensityController: custom density updated context dpi from 449 to 449 origin dpi:440 target dpi:449
07-17 10:40:07.383  4235  4235 I CommonUtils: using Large Screen: false
07-17 10:40:07.392  2085  4746 I SmartPower: com.google.android.inputmethod.latin/10170(16333): visible->invisible(124908ms) R(become invisible) adj=100.
07-17 10:40:07.392  2085  4746 I SmartPower: com.google.android.inputmethod.latin/10170(16333): invisible->background(0ms) R(become background) adj=100.
07-17 10:40:07.395  2085  4746 D WindowManager: Set the mSyncState to SYNC_STATE_READY
07-17 10:40:07.400  4235  4416 D MiuiFreeformModeController: avoidForInsetsBottomChangedIfNeed oldMoveableBottom: 2270 newMoveableBounds: 2270
07-17 10:40:07.400  1459  1459 D RefreshRateSelector: Touch Boost
07-17 10:40:07.401  1459  1459 D MI-SF   : mIsSupportAutomodeForMaxFpsSetting is 0(0), getCurrentBrightness() = 24(653), mIsKeepAutoMode 0
07-17 10:40:07.401  1459  1459 D RefreshRateSelector: fixedMode_group: 0, isFindModeGroup 0
07-17 10:40:07.401  1459  1459 D RefreshRateSelector: find max refresh rate:120, mode Group:0
07-17 10:40:07.401  2085  4746 I BLASTSyncEngine: SyncGroup 1341:  Unfinished container:WindowToken{d6d96ea type=2000 android.os.BinderProxy@b1d94bf}
07-17 10:40:07.401  2085  4746 I BLASTSyncEngine: isActivitySyncFinished isSyncFinished false WindowToken{d6d96ea type=2000 android.os.BinderProxy@b1d94bf}
07-17 10:40:07.406  1459  2940 I BpBinder: onLastStrongRef automatically unlinking death recipients: 
07-17 10:40:07.411  2085  4746 I BLASTSyncEngine: SyncGroup 1341:  Unfinished container:WindowToken{d6d96ea type=2000 android.os.BinderProxy@b1d94bf}
07-17 10:40:07.411  2085  4746 I BLASTSyncEngine: isActivitySyncFinished isSyncFinished false WindowToken{d6d96ea type=2000 android.os.BinderProxy@b1d94bf}
07-17 10:40:07.414  4235  4235 I vol.MiuiVolumeDialogImp-plugin: dismissH mShowing:false dialog showing:false reason:8
07-17 10:40:07.416  4235  4235 D VRI[StatusBar]: vri.reportNextDraw android.view.ViewRootImpl.handleResized:2297 android.view.ViewRootImpl.-$$Nest$mhandleResized:0 android.view.ViewRootImpl$ViewRootHandler.handleMessageImpl:6693 android.view.ViewRootImpl$ViewRootHandler.handleMessage:6662 android.os.Handler.dispatchMessage:106 
07-17 10:40:07.419  4235  4235 I FocusedNotifPromptContr: update: mCurrentNotifBean=null
07-17 10:40:07.419  4235  4235 I FocusedNotifPromptContr: , maxPriorityBean=null
07-17 10:40:07.419  4235  4235 I FocusedNotifPromptContr: , maxPriorityBeanIgnoreHeadsUp=null
07-17 10:40:07.427  1162  2845 E CamX    : [ERROR][NCS    ] camxncsservice.cpp:1007 EnqueueJob() Can not enqueue jobs when thread is stopped
07-17 10:40:07.453  4235  4235 I FocusedNotifPromptView: setData: shouldUpdate=false, isViewAnimating=false, shouldStartIconAnim=false, shouldStartContentAnim=false
07-17 10:40:07.453  4235  4235 I FocusedNotifPromptContr: update: mCurrentNotifBean=null
07-17 10:40:07.453  4235  4235 I FocusedNotifPromptContr: , maxPriorityBean=null
07-17 10:40:07.453  4235  4235 I FocusedNotifPromptContr: , maxPriorityBeanIgnoreHeadsUp=null
07-17 10:40:07.453  4235  4235 D MiuiHomePrivacyController: updateStatusBarHomePrivacyVisibilities: hide
07-17 10:40:07.454  4235  4235 D MiuiStatusBarClock: updateTime: 8:16
07-17 10:40:07.455  4235  4235 I FocusedNotifPromptView: getFocusedNotifViewRect: rect=Rect(-55, 0 - 0, 0), mRect=Rect(0, 0 - 0, 0), translationX=0, translationY=0, rotation=0
07-17 10:40:07.455  4235  4235 I FocusedNotifPromptContr: updateRectToHome: rect=Rect(-55, 0 - 0, 0)
07-17 10:40:07.455  4235  4235 I FocusedNotifPromptView: setData: shouldUpdate=true, isViewAnimating=false, shouldStartIconAnim=false, shouldStartContentAnim=false
07-17 10:40:07.455  4235  4235 I FocusedNotifPromptView: getFocusedNotifViewRect: rect=Rect(-55, 0 - 0, 0), rotation=0
07-17 10:40:07.455  4235  4235 I OverviewProxyService: onFocusedNotifUpdate: packageName=, icon=null, rect=Rect(-55, 0 - 0, 0)
07-17 10:40:07.456  3634  6855 D StatusBarIconTypeAnimHelper: onFocusedNotifUpdate pachage: icon=null rect:Rect(-55, 0 - 0, 0)
07-17 10:40:07.456  4235  4235 D CollapsedStatusBarFragment: initOperatorName: init controller
07-17 10:40:07.458  4235  4235 D CollapsedStatusBarFragment: setIsHomePrivacyShowing mIsHomePrivacyShowing: false isHomePrivacyShowing: false isHomeToDotfalse
07-17 10:40:07.459  4235  4235 D CollapsedStatusBarFragment: adjustDisableFlags: ShadeExpansionState = 0 mHideIconsForBouncer = false mWereIconsJustHidden = false, mWakeUpCoordinator.getNotificationsFullyHidden = false, mIsExpanded = false, mBypassController.getBypassEnabled = false, mStatusBarStateController.getState() = 0, mKeyguardStateController.isKeyguardGoingAway() = false, mHeadsUpManager.hasPinnedHeadsUp = false, mControlPanelExpand = false
07-17 10:40:07.459  4235  4235 I FocusedNotifPromptView: getFocusedNotifViewRect: rect=Rect(-55, 0 - 0, 0), rotation=0
07-17 10:40:07.459  4235  4235 I FocusedNotifPromptContr: updateRectToHome: rect=Rect(-55, 0 - 0, 0)
07-17 10:40:07.459  4235  4235 I FocusedNotifPromptView: setData: shouldUpdate=true, isViewAnimating=false, shouldStartIconAnim=false, shouldStartContentAnim=false
07-17 10:40:07.459  4235  4235 I FocusedNotifPromptView: getFocusedNotifViewRect: rect=Rect(-55, 0 - 0, 0), rotation=0
07-17 10:40:07.459  4235  4235 I OverviewProxyService: onFocusedNotifUpdate: packageName=, icon=null, rect=Rect(-55, 0 - 0, 0)
07-17 10:40:07.459  3634  6855 D StatusBarIconTypeAnimHelper: onFocusedNotifUpdate pachage: icon=null rect:Rect(-55, 0 - 0, 0)
07-17 10:40:07.466  4235  4235 I Choreographer: Skipped 50 frames!  The application may be doing too much work on its main thread.
07-17 10:40:07.493  4235  4235 D VRI[StatusBar]: vri.Setup new sync=wmsSync-VRI[StatusBar]#88
07-17 10:40:07.497  2085  8823 I BLASTSyncEngine: SyncGroup 1341:  Unfinished container:WindowToken{d6d96ea type=2000 android.os.BinderProxy@b1d94bf}
07-17 10:40:07.497  2085  8823 I BLASTSyncEngine: isActivitySyncFinished isSyncFinished false WindowToken{d6d96ea type=2000 android.os.BinderProxy@b1d94bf}
07-17 10:40:07.501  1161  6739 I vendor.qti.bluetooth@1.0-ibs_handler: ProcessIbsCmd: Received IBS_WAKE_IND: 0xFD
07-17 10:40:07.501  1161  6739 D vendor.qti.bluetooth@1.0-ibs_handler: SerialClockVote: vote for UART CLK ON
07-17 10:40:07.502  1161  6739 D vendor.qti.bluetooth@1.0-wake_lock: Acquire wakelock is acquired 
07-17 10:40:07.502  1161  6739 I vendor.qti.bluetooth@1.0-ibs_handler: ProcessIbsCmd: Writing IBS_WAKE_ACK
07-17 10:40:07.503  6602  6745 I bt_stack: [INFO:btm_ble_gap.cc(3495)] btm_ble_process_adv_pkt_cont Data Complete 70:94:cd:a3:54:dc
07-17 10:40:07.503  6602  6745 I bt_stack: [INFO:btm_ble_gap.cc(3495)] btm_ble_process_adv_pkt_cont Data Complete 70:94:cd:a3:54:dc
07-17 10:40:07.503  6602  6745 D bt_btm_ble: bool parse_adv_audio_uuids_from_adv_pkt(const uint8_t *, size_t, uint8_t): tmap_cap_pts: false
07-17 10:40:07.504  6602  6721 D BluetoothRemoteDevices:  getMappingAddr null
07-17 10:40:07.504  6602  6721 D BluetoothAdapterService: getIdentityAddress null retruning 70:94:CD:A3:54:DC
07-17 10:40:07.504  4999  5056 D com.android.bluetooth.ble.app.o1: setScanedData: Name: JBL TOUR PRO 2address: XX:XX:XX:XX:54:DC
07-17 10:40:07.509  4235  4235 D VRI[StatusBar]: vri.reportDrawFinished
07-17 10:40:07.509  2085  8823 E NativeTurboSchedManagerJni: open /dev/metis failed!
07-17 10:40:07.510  2085  8823 E NativeTurboSchedManagerJni: open /dev/metis failed!
07-17 10:40:07.511  4235  4235 D NavigationModeController: getCurrentUserContext: contextUser=0 currentUser=0
07-17 10:40:07.512  2085  2340 D WindowManager: Final targets: [Display{#0 state=ON size=1080x2400 ROTATION_0}]
07-17 10:40:07.513  3634  6855 I IPCThreadState: oneway function results for code 27 on binder at 0xb40000792d890cc0 will be dropped but finished with status UNKNOWN_TRANSACTION
07-17 10:40:07.514  2085  2340 D WindowManager: Calling onTransitionReady info={id=1341 t=CHANGE f=0x0 trk=0 r=[0@Point(0, 0)] c=[{WCT{RemoteToken{90d4014 Display{#0 state=ON size=1080x2400 ROTATION_0}}} m=CHANGE f=IS_DISPLAY leash=Surface(name=WindowedMagnification:0:31#2)/@0x421791d sb=Rect(0, 0 - 1080, 2400) eb=Rect(0, 0 - 1080, 2400) d=0 snapshot=Surface(name=transition snapshot: Display{#0 state=ON size=1080x2400 ROTATION_0}#24875)/@0x338ddcb}] noAni=[false] df=[false] mk=[true]}, mToken=Token{bac21d9 TransitionRecord{7015589 id=1341 type=CHANGE flags=0x0}}
07-17 10:40:07.515  2085  2340 I BLASTSyncEngine: finishNow: after onTransactionReady, mSyncId=1341
07-17 10:40:07.515  2085  2340 E NativeTurboSchedManagerJni: open /dev/metis failed!
07-17 10:40:07.516  2085  8823 D CoreBackPreview: Window{a55b66d u0 NavigationBar0}: Setting back callback OnBackInvokedCallbackInfo{mCallback=android.window.IOnBackInvokedCallback$Stub$Proxy@788724c, mPriority=0, mIsAnimationCallback=false}
07-17 10:40:07.517  4235  4416 E NativeTurboSchedManagerJni: open /dev/metis failed!
07-17 10:40:07.517  4235  4416 D MiuiFreeformAnimation: startAnimation change: {WCT{android.window.IWindowContainerToken$Stub$Proxy@7fea32e} m=CHANGE f=IS_DISPLAY leash=Surface(name=WindowedMagnification:0:31#2)/@0x4dbbae2 sb=Rect(0, 0 - 1080, 2400) eb=Rect(0, 0 - 1080, 2400) d=0 snapshot=Surface(name=transition snapshot: Display{#0 state=ON size=1080x2400 ROTATION_0}#24875)/@0x14b9e73} info.getType(): 6
07-17 10:40:07.517  4235  4416 W MiuiTaskTransitionHandler: Receive an unknown transition, token=android.os.BinderProxy@6d65495, type=6
07-17 10:40:07.520  4235  4485 D ShellTransitions: speed ui!!!!!!!!!!!
07-17 10:40:07.520  4235  4416 E NativeTurboSchedManagerJni: open /dev/metis failed!
07-17 10:40:07.525  1459  1459 D RefreshRateSelector: Touch Boost
07-17 10:40:07.525  1459  1459 D MI-SF   : mIsSupportAutomodeForMaxFpsSetting is 0(0), getCurrentBrightness() = 24(653), mIsKeepAutoMode 0
07-17 10:40:07.525  1459  1459 D RefreshRateSelector: fixedMode_group: 0, isFindModeGroup 0
07-17 10:40:07.525  1459  1459 D RefreshRateSelector: find max refresh rate:120, mode Group:0
07-17 10:40:07.525  4235  4416 D MiuiFreeformModeController: avoidForInsetsBottomChangedIfNeed oldMoveableBottom: 2270 newMoveableBounds: 2270
07-17 10:40:07.526  1459  1459 E HWComposer: getDisplayDecorationSupport: getDisplayDecorationSupport failed for display 4630946545580055170: Unsupported (8)
07-17 10:40:07.530  4235  4416 D MiuiScreenDecorations: onTransitionFinished
07-17 10:40:07.530  4235  4416 D SoScUtils: monitorTransitionFinished transition:android.os.BinderProxy@6d65495 transaction: android.view.SurfaceControl$Transaction@22ca092 mRequestCloseTransition:null mRequestOpenTransition:null mPairsOpenTransition:null mPairsOpenTransitionNull:null mRequestOpenTriggerTask:-1 mRequestCloseTriggerTask:-1 mOrientationTransition: null mMainStartingTask:-1 mSideStartingTask:-1
07-17 10:40:07.533  2085  4746 I Transition: finishTransition: updateLastSurfacePosition tf=Task{b8e07b6 #556 type=standard A=10415:com.zendo.app}
07-17 10:40:07.533  1459  1459 E HWComposer: getDisplayDecorationSupport: getDisplayDecorationSupport failed for display 4630946545580055170: Unsupported (8)
07-17 10:40:07.534  4235  4710 E OpenGLRenderer: Unable to match the desired swap behavior.
07-17 10:40:07.534  3634  4804 I IPCThreadState: oneway function results for code 27 on binder at 0xb40000792d890cc0 will be dropped but finished with status UNKNOWN_TRANSACTION
07-17 10:40:07.535  4235  4235 D VRI[NavigationBar0]: vri.reportNextDraw android.view.ViewRootImpl.performTraversals:4360 android.view.ViewRootImpl.doTraversal:2989 android.view.ViewRootImpl$TraversalRunnable.run:10304 android.view.Choreographer$CallbackRecord.run:1594 android.view.Choreographer$CallbackRecord.run:1603 
07-17 10:40:07.535  4235  4235 D VRI[NavigationBar0]: vri.Setup new sync=wmsSync-VRI[NavigationBar0]#90
07-17 10:40:07.543  6602  6745 I bt_stack: [INFO:btm_ble_gap.cc(3495)] btm_ble_process_adv_pkt_cont Data Complete 70:94:cd:a3:54:dc
07-17 10:40:07.543  6602  6745 I bt_stack: [INFO:btm_ble_gap.cc(3495)] btm_ble_process_adv_pkt_cont Data Complete 70:94:cd:a3:54:dc
07-17 10:40:07.543  6602  6745 D bt_btm_ble: bool parse_adv_audio_uuids_from_adv_pkt(const uint8_t *, size_t, uint8_t): tmap_cap_pts: false
07-17 10:40:07.544  6602  6721 D BluetoothRemoteDevices:  getMappingAddr null
07-17 10:40:07.544  6602  6721 D BluetoothAdapterService: getIdentityAddress null retruning 70:94:CD:A3:54:DC
07-17 10:40:07.544  4999  5056 D com.android.bluetooth.ble.app.o1: setScanedData: Name: JBL TOUR PRO 2address: XX:XX:XX:XX:54:DC
07-17 10:40:07.548  1459  1459 D RefreshRateSelector: Touch Boost
07-17 10:40:07.548  1459  1459 D MI-SF   : mIsSupportAutomodeForMaxFpsSetting is 0(0), getCurrentBrightness() = 24(653), mIsKeepAutoMode 0
07-17 10:40:07.548  1459  1459 D RefreshRateSelector: fixedMode_group: 0, isFindModeGroup 0
07-17 10:40:07.548  1459  1459 D RefreshRateSelector: find max refresh rate:120, mode Group:0
07-17 10:40:07.550  4235  4710 D OpenGLRenderer: makeCurrent grContext:0xb400007952bfbdc0 reset mTextureAvailable
07-17 10:40:07.553  4235  4235 D VRI[NavigationBar0]: vri.reportDrawFinished
07-17 10:40:07.555  2085  8823 E NativeTurboSchedManagerJni: open /dev/metis failed!
07-17 10:40:07.557  2085  2340 I WindowManager: wms.showSurfaceRobustly mWin:Window{a55b66d u0 NavigationBar0}
07-17 10:40:07.558  2085  8823 E NativeTurboSchedManagerJni: open /dev/metis failed!
07-17 10:40:07.561  1459  1459 W Layer   : gatherBufferInfo: Received unknown dataspace from gralloc
07-17 10:40:07.580  1459  1459 D RefreshRateSelector: Touch Boost
07-17 10:40:07.580  1459  1459 D MI-SF   : mIsSupportAutomodeForMaxFpsSetting is 0(0), getCurrentBrightness() = 24(653), mIsKeepAutoMode 0
07-17 10:40:07.580  1459  1459 D RefreshRateSelector: fixedMode_group: 0, isFindModeGroup 0
07-17 10:40:07.580  1459  1459 D RefreshRateSelector: find max refresh rate:120, mode Group:0
07-17 10:40:07.582  1161  6739 I vendor.qti.bluetooth@1.0-ibs_handler: ProcessIbsCmd: Received IBS_SLEEP_IND: 0xFE
07-17 10:40:07.582  1161  6739 D vendor.qti.bluetooth@1.0-ibs_handler: SerialClockVote: vote for UART CLK OFF
07-17 10:40:07.600  4235  4235 W Looper  : PerfMonitor doFrame : time=134ms vsyncFrame=115827326 latency=417ms procState=-1 historyMsgCount=107 (msgIndex=1 wall=412ms seq=2851451 running=135ms runnable=36ms io=103ms h=android.app.ActivityThread$H w=159)
07-17 10:40:07.600  4235  4235 D VRI[StatusBar]: vri.reportNextDraw android.view.ViewRootImpl.handleResized:2297 android.view.ViewRootImpl.-$$Nest$mhandleResized:0 android.view.ViewRootImpl$ViewRootHandler.handleMessageImpl:6693 android.view.ViewRootImpl$ViewRootHandler.handleMessage:6662 android.os.Handler.dispatchMessage:106 
07-17 10:40:07.602  4235  4235 D VRI[StatusBar]: vri.reportNextDraw android.view.ViewRootImpl.handleResized:2297 android.view.ViewRootImpl.-$$Nest$mhandleResized:0 android.view.ViewRootImpl$ViewRootHandler.handleMessageImpl:6693 android.view.ViewRootImpl$ViewRootHandler.handleMessage:6662 android.os.Handler.dispatchMessage:106 
07-17 10:40:07.602  4235  4235 V AutoDensityController: on display changed 0 context dpi:449 origin dpi:440 target dpi:449
07-17 10:40:07.602  4235  4235 D ControlCenterWindowViewController: on display changed 0
07-17 10:40:07.605  4235  4235 I vol.MiuiVolumeDialogImp-plugin: onConfigChanged not sensitive.
07-17 10:40:07.605  4235  4235 D VRI[StatusBar]: vri.reportNextDraw android.view.ViewRootImpl.handleResized:2297 android.view.ViewRootImpl.-$$Nest$mhandleResized:0 android.view.ViewRootImpl$ViewRootHandler.handleMessageImpl:6693 android.view.ViewRootImpl$ViewRootHandler.handleMessage:6662 android.os.Handler.dispatchMessage:106 
07-17 10:40:07.605  4235  4235 V AutoDensityController: on display changed 0 context dpi:449 origin dpi:440 target dpi:449
07-17 10:40:07.605  4235  4235 D ControlCenterWindowViewController: on display changed 0
07-17 10:40:07.606  4235  4235 D VRI[StatusBar]: vri.reportNextDraw android.view.ViewRootImpl.handleResized:2297 android.view.ViewRootImpl.-$$Nest$mhandleResized:0 android.view.ViewRootImpl$ViewRootHandler.handleMessageImpl:6693 android.view.ViewRootImpl$ViewRootHandler.handleMessage:6662 android.os.Handler.dispatchMessage:106 
07-17 10:40:07.606  4235  4235 I vol.MiuiVolumeDialogImp-plugin: onConfigChanged not sensitive.
07-17 10:40:07.609  4235  4235 D VRI[StatusBar]: vri.reportNextDraw android.view.ViewRootImpl.handleResized:2297 android.view.ViewRootImpl.-$$Nest$mhandleResized:0 android.view.ViewRootImpl$ViewRootHandler.handleMessageImpl:6693 android.view.ViewRootImpl$ViewRootHandler.handleMessage:6662 android.os.Handler.dispatchMessage:106 
07-17 10:40:07.611  4235  4235 I vol.MiuiVolumeDialogImp-plugin: onConfigChanged not sensitive.
07-17 10:40:07.627  1162  2845 E CamX    : [ERROR][NCS    ] camxncsservice.cpp:1007 EnqueueJob() Can not enqueue jobs when thread is stopped
07-17 10:40:07.629  4235  4235 D VRI[StatusBar]: vri.reportNextDraw android.view.ViewRootImpl.handleResized:2297 android.view.ViewRootImpl.-$$Nest$mhandleResized:0 android.view.ViewRootImpl$ViewRootHandler.handleMessageImpl:6693 android.view.ViewRootImpl$ViewRootHandler.handleMessage:6662 android.os.Handler.dispatchMessage:106 
07-17 10:40:07.632  4235  4235 D VRI[StatusBar]: vri.Setup new sync=wmsSync-VRI[StatusBar]#92
07-17 10:40:07.635  4235  4235 D VRI[StatusBar]: vri.reportDrawFinished
07-17 10:40:07.636  2085  8823 E NativeTurboSchedManagerJni: open /dev/metis failed!
07-17 10:40:07.636  2085  8823 E NativeTurboSchedManagerJni: open /dev/metis failed!
07-17 10:40:07.639  4235  4235 I FocusedNotifPromptContr: updateVisibility: shouldShow=false, mShouldShow=false, needAnimate=false, mRequestHide=false, mTopActivityPackageName=com.zendo.app, disableIconAnim=false, backToHome=false
07-17 10:40:07.640  4235  4235 D VRI[NavigationBar0]: vri.reportNextDraw android.view.ViewRootImpl.handleResized:2297 android.view.ViewRootImpl.-$$Nest$mhandleResized:0 android.view.ViewRootImpl$ViewRootHandler.handleMessageImpl:6693 android.view.ViewRootImpl$ViewRootHandler.handleMessage:6662 android.os.Handler.dispatchMessage:106 
07-17 10:40:07.640  4235  4235 I FocusedNotifPromptView: getFocusedNotifViewRect: rect=Rect(-55, 0 - 0, 0), rotation=0
07-17 10:40:07.643  4235  4235 D VRI[NavigationBar0]: vri.Setup new sync=wmsSync-VRI[NavigationBar0]#94
07-17 10:40:07.648  4235  4235 D VRI[NavigationBar0]: vri.reportDrawFinished
07-17 10:40:07.648  2085  8823 E NativeTurboSchedManagerJni: open /dev/metis failed!
07-17 10:40:07.649  2085  8823 E NativeTurboSchedManagerJni: open /dev/metis failed!
07-17 10:40:07.649  4235  4235 D CollapsedStatusBarFragment: adjustDisableFlags: ShadeExpansionState = 0 mHideIconsForBouncer = false mWereIconsJustHidden = false, mWakeUpCoordinator.getNotificationsFullyHidden = false, mIsExpanded = false, mBypassController.getBypassEnabled = false, mStatusBarStateController.getState() = 0, mKeyguardStateController.isKeyguardGoingAway() = false, mHeadsUpManager.hasPinnedHeadsUp = false, mControlPanelExpand = false
07-17 10:40:07.651  2085  8823 D SystemServerTiming: getUserSwitchability-0
07-17 10:40:07.651  2085  8823 D SystemServerTiming: TM.isInCall
07-17 10:40:07.651  2085  9321 D SystemServerTiming: getUserSwitchability-0
07-17 10:40:07.651  2085  9321 D SystemServerTiming: TM.isInCall
07-17 10:40:07.654  1459  1459 W Layer   : gatherBufferInfo: Received unknown dataspace from gralloc
07-17 10:40:07.655  1459  1459 D RefreshRateSelector: Touch Boost
07-17 10:40:07.655  1459  1459 D MI-SF   : mIsSupportAutomodeForMaxFpsSetting is 0(0), getCurrentBrightness() = 24(653), mIsKeepAutoMode 0
07-17 10:40:07.655  1459  1459 D RefreshRateSelector: fixedMode_group: 0, isFindModeGroup 0
07-17 10:40:07.655  1459  1459 D RefreshRateSelector: find max refresh rate:120, mode Group:0
07-17 10:40:07.661  2085  9321 D SystemServerTiming: hasUserRestriction-DISALLOW_USER_SWITCH
07-17 10:40:07.661  2085  8823 D SystemServerTiming: hasUserRestriction-DISALLOW_USER_SWITCH
07-17 10:40:07.661  2085  8823 D SystemServerTiming: getInt-ALLOW_USER_SWITCHING_WHEN_SYSTEM_USER_LOCKED
07-17 10:40:07.661  2085  9321 D SystemServerTiming: getInt-ALLOW_USER_SWITCHING_WHEN_SYSTEM_USER_LOCKED
07-17 10:40:07.661  2085  8823 D SystemServerTiming: isUserUnlocked-USER_SYSTEM
07-17 10:40:07.661  2085  9321 D SystemServerTiming: isUserUnlocked-USER_SYSTEM
07-17 10:40:07.733  1161  6726 D vendor.qti.bluetooth@1.0-wake_lock: Release wakelock is released 
07-17 10:40:07.736  4235  4261 W System  : A resource failed to call release. 
07-17 10:40:07.743  4235  4261 W System  : A resource failed to call release. 
07-17 10:40:07.743  4235  4261 W System  : A resource failed to call release. 
07-17 10:40:07.743  4235  4261 W System  : A resource failed to call release. 
07-17 10:40:07.743  4235  4261 W System  : A resource failed to call release. 
07-17 10:40:07.743  4235  4261 W System  : A resource failed to call release. 
07-17 10:40:07.743  4235  4261 W System  : A resource failed to call release. 
07-17 10:40:07.744  4235  4261 W System  : A resource failed to call release. 
07-17 10:40:07.744  4235  4261 W System  : A resource failed to call release. 
07-17 10:40:07.744  4235  4261 W System  : A resource failed to call release. 
07-17 10:40:07.744  4235  4261 W System  : A resource failed to call release. 
07-17 10:40:07.744  4235  4261 W System  : A resource failed to call release. 
07-17 10:40:07.744  4235  4261 W System  : A resource failed to call release. 
07-17 10:40:07.744  4235  4261 W System  : A resource failed to call release. 
07-17 10:40:07.744  4235  4261 W System  : A resource failed to call release. 
07-17 10:40:07.744  4235  4261 W System  : A resource failed to call release. 
07-17 10:40:07.744  4235  4261 W System  : A resource failed to call release. 
07-17 10:40:07.744  4235  4261 W System  : A resource failed to call release. 
07-17 10:40:07.748  4235  4235 E backgroundBlur: setBackgroundBlurMode disable com.android.systemui.shade.NotificationPanelView
07-17 10:40:07.748  4235  4235 D backgroundBlur: enablePassWindowBlur disable com.android.systemui.shade.NotificationPanelView
07-17 10:40:07.748  4235  4235 E OpenGLRenderer: setMiShadow is not show
07-17 10:40:07.765  4235  4235 E backgroundBlur: setBackgroundBlurMode disable com.android.systemui.shade.NotificationPanelView
07-17 10:40:07.765  4235  4235 D backgroundBlur: enablePassWindowBlur disable com.android.systemui.shade.NotificationPanelView
07-17 10:40:07.765  4235  4235 E OpenGLRenderer: setMiShadow is not show
07-17 10:40:07.794  4235  4235 E backgroundBlur: setBackgroundBlurMode disable com.android.systemui.shade.NotificationPanelView
07-17 10:40:07.794  4235  4235 D backgroundBlur: enablePassWindowBlur disable com.android.systemui.shade.NotificationPanelView
07-17 10:40:07.794  4235  4235 E OpenGLRenderer: setMiShadow is not show
07-17 10:40:07.796  4235  4235 E backgroundBlur: setBackgroundBlurMode disable com.android.systemui.shade.NotificationPanelView
07-17 10:40:07.796  4235  4235 D backgroundBlur: enablePassWindowBlur disable com.android.systemui.shade.NotificationPanelView
07-17 10:40:07.796  4235  4235 E OpenGLRenderer: setMiShadow is not show
07-17 10:40:07.800  4235  4692 D LocalImageResolver: Couldn't use ImageDecoder for drawable, falling back to non-resized load.
07-17 10:40:07.804  4235  4692 D LocalImageResolver: Couldn't use ImageDecoder for drawable, falling back to non-resized load.
07-17 10:40:07.804  4235  4235 E backgroundBlur: setBackgroundBlurMode disable com.android.systemui.shade.NotificationPanelView
07-17 10:40:07.804  4235  4235 D backgroundBlur: enablePassWindowBlur disable com.android.systemui.shade.NotificationPanelView
07-17 10:40:07.804  4235  4235 E OpenGLRenderer: setMiShadow is not show
07-17 10:40:07.827  1162  2845 E CamX    : [ERROR][NCS    ] camxncsservice.cpp:1007 EnqueueJob() Can not enqueue jobs when thread is stopped
07-17 10:40:07.847  4235  4235 E backgroundBlur: setBackgroundBlurMode disable com.android.systemui.shade.NotificationPanelView
07-17 10:40:07.847  4235  4235 D backgroundBlur: enablePassWindowBlur disable com.android.systemui.shade.NotificationPanelView
07-17 10:40:07.847  4235  4235 E OpenGLRenderer: setMiShadow is not show
07-17 10:40:07.849  4235  4235 E backgroundBlur: setBackgroundBlurMode disable com.android.systemui.shade.NotificationPanelView
07-17 10:40:07.849  4235  4235 D backgroundBlur: enablePassWindowBlur disable com.android.systemui.shade.NotificationPanelView
07-17 10:40:07.849  4235  4235 E OpenGLRenderer: setMiShadow is not show
07-17 10:40:07.852  4235  4235 E backgroundBlur: setBackgroundBlurMode disable com.android.systemui.shade.NotificationPanelView
07-17 10:40:07.852  4235  4235 D backgroundBlur: enablePassWindowBlur disable com.android.systemui.shade.NotificationPanelView
07-17 10:40:07.852  4235  4235 E OpenGLRenderer: setMiShadow is not show
07-17 10:40:07.855  4235  4235 E backgroundBlur: setBackgroundBlurMode disable com.android.systemui.shade.NotificationPanelView
07-17 10:40:07.855  4235  4235 D backgroundBlur: enablePassWindowBlur disable com.android.systemui.shade.NotificationPanelView
07-17 10:40:07.856  4235  4235 E OpenGLRenderer: setMiShadow is not show
07-17 10:40:07.858  4235  4235 E backgroundBlur: setBackgroundBlurMode disable com.android.systemui.shade.NotificationPanelView
07-17 10:40:07.858  4235  4235 D backgroundBlur: enablePassWindowBlur disable com.android.systemui.shade.NotificationPanelView
07-17 10:40:07.858  4235  4235 E OpenGLRenderer: setMiShadow is not show
07-17 10:40:07.932  4235  4235 E backgroundBlur: setBackgroundBlurMode disable com.android.systemui.shade.NotificationPanelView
07-17 10:40:07.932  4235  4235 D backgroundBlur: enablePassWindowBlur disable com.android.systemui.shade.NotificationPanelView
07-17 10:40:07.932  4235  4235 E OpenGLRenderer: setMiShadow is not show
07-17 10:40:07.935  4235  4235 E backgroundBlur: setBackgroundBlurMode disable com.android.systemui.shade.NotificationPanelView
07-17 10:40:07.935  4235  4235 D backgroundBlur: enablePassWindowBlur disable com.android.systemui.shade.NotificationPanelView
07-17 10:40:07.935  4235  4235 E OpenGLRenderer: setMiShadow is not show
07-17 10:40:07.937  4235  4235 E backgroundBlur: setBackgroundBlurMode disable com.android.systemui.shade.NotificationPanelView
07-17 10:40:07.937  4235  4235 D backgroundBlur: enablePassWindowBlur disable com.android.systemui.shade.NotificationPanelView
07-17 10:40:07.937  4235  4235 E OpenGLRenderer: setMiShadow is not show
07-17 10:40:07.940  4235  4235 E backgroundBlur: setBackgroundBlurMode disable com.android.systemui.shade.NotificationPanelView
07-17 10:40:07.940  4235  4235 D backgroundBlur: enablePassWindowBlur disable com.android.systemui.shade.NotificationPanelView
07-17 10:40:07.940  4235  4235 E OpenGLRenderer: setMiShadow is not show
07-17 10:40:07.941  4235  4235 W NotificationInjector:  appNameText or sbn is null
07-17 10:40:07.941  4235  4235 W NotificationInjector:  workProfile or sbn is null
07-17 10:40:07.942  4235  4235 W NotificationInjector:  appNameText or sbn is null
07-17 10:40:07.942  4235  4235 W NotificationInjector:  workProfile or sbn is null
07-17 10:40:07.942  4235  4235 E backgroundBlur: setBackgroundBlurMode disable com.android.systemui.shade.NotificationPanelView
07-17 10:40:07.942  4235  4235 D backgroundBlur: enablePassWindowBlur disable com.android.systemui.shade.NotificationPanelView
07-17 10:40:07.942  4235  4235 E OpenGLRenderer: setMiShadow is not show
07-17 10:40:07.965  4235  4235 E backgroundBlur: setBackgroundBlurMode disable com.android.systemui.shade.NotificationPanelView
07-17 10:40:07.965  4235  4235 D backgroundBlur: enablePassWindowBlur disable com.android.systemui.shade.NotificationPanelView
07-17 10:40:07.965  4235  4235 E OpenGLRenderer: setMiShadow is not show
07-17 10:40:07.986  4235  4235 W NotificationInjector:  appNameText or sbn is null
07-17 10:40:07.986  4235  4235 W NotificationInjector:  workProfile or sbn is null
07-17 10:40:07.987  4235  4235 W NotificationInjector:  appNameText or sbn is null
07-17 10:40:07.987  4235  4235 W NotificationInjector:  workProfile or sbn is null
07-17 10:40:07.987  4235  4235 E backgroundBlur: setBackgroundBlurMode disable com.android.systemui.shade.NotificationPanelView
07-17 10:40:07.987  4235  4235 D backgroundBlur: enablePassWindowBlur disable com.android.systemui.shade.NotificationPanelView
07-17 10:40:07.987  4235  4235 E OpenGLRenderer: setMiShadow is not show
07-17 10:40:07.992  4235  4235 E backgroundBlur: setBackgroundBlurMode disable com.android.systemui.shade.NotificationPanelView
07-17 10:40:07.992  4235  4235 D backgroundBlur: enablePassWindowBlur disable com.android.systemui.shade.NotificationPanelView
07-17 10:40:07.992  4235  4235 E OpenGLRenderer: setMiShadow is not show
07-17 10:40:08.016  4235  4235 E backgroundBlur: setBackgroundBlurMode disable com.android.systemui.shade.NotificationPanelView
07-17 10:40:08.016  4235  4235 D backgroundBlur: enablePassWindowBlur disable com.android.systemui.shade.NotificationPanelView
07-17 10:40:08.016  4235  4235 E OpenGLRenderer: setMiShadow is not show
07-17 10:40:08.027  1162  2845 E CamX    : [ERROR][NCS    ] camxncsservice.cpp:1007 EnqueueJob() Can not enqueue jobs when thread is stopped
07-17 10:40:08.033  4235  4235 W NotificationInjector:  appNameText or sbn is null
07-17 10:40:08.033  4235  4235 W NotificationInjector:  workProfile or sbn is null
07-17 10:40:08.034  4235  4235 W NotificationInjector:  appNameText or sbn is null
07-17 10:40:08.034  4235  4235 W NotificationInjector:  workProfile or sbn is null
07-17 10:40:08.034  4235  4235 E backgroundBlur: setBackgroundBlurMode disable com.android.systemui.shade.NotificationPanelView
07-17 10:40:08.034  4235  4235 D backgroundBlur: enablePassWindowBlur disable com.android.systemui.shade.NotificationPanelView
07-17 10:40:08.034  4235  4235 E OpenGLRenderer: setMiShadow is not show
07-17 10:40:08.053  4235  4235 E backgroundBlur: setBackgroundBlurMode disable com.android.systemui.shade.NotificationPanelView
07-17 10:40:08.053  4235  4235 D backgroundBlur: enablePassWindowBlur disable com.android.systemui.shade.NotificationPanelView
07-17 10:40:08.053  4235  4235 E OpenGLRenderer: setMiShadow is not show
07-17 10:40:08.073  4235  4235 E backgroundBlur: setBackgroundBlurMode disable com.android.systemui.shade.NotificationPanelView
07-17 10:40:08.073  4235  4235 D backgroundBlur: enablePassWindowBlur disable com.android.systemui.shade.NotificationPanelView
07-17 10:40:08.073  4235  4235 E OpenGLRenderer: setMiShadow is not show
07-17 10:40:08.109  4235  4235 W NotificationInjector:  appNameText or sbn is null
07-17 10:40:08.109  4235  4235 W NotificationInjector:  workProfile or sbn is null
07-17 10:40:08.109  4235  4235 W NotificationInjector:  appNameText or sbn is null
07-17 10:40:08.109  4235  4235 W NotificationInjector:  workProfile or sbn is null
07-17 10:40:08.109  4235  4235 E backgroundBlur: setBackgroundBlurMode disable com.android.systemui.shade.NotificationPanelView
07-17 10:40:08.109  4235  4235 D backgroundBlur: enablePassWindowBlur disable com.android.systemui.shade.NotificationPanelView
07-17 10:40:08.110  4235  4235 E OpenGLRenderer: setMiShadow is not show
07-17 10:40:08.114  4235  4235 E backgroundBlur: setBackgroundBlurMode disable com.android.systemui.shade.NotificationPanelView
07-17 10:40:08.114  4235  4235 D backgroundBlur: enablePassWindowBlur disable com.android.systemui.shade.NotificationPanelView
07-17 10:40:08.114  4235  4235 E OpenGLRenderer: setMiShadow is not show
07-17 10:40:08.117  4235  4235 E backgroundBlur: setBackgroundBlurMode disable com.android.systemui.shade.NotificationPanelView
07-17 10:40:08.117  4235  4235 D backgroundBlur: enablePassWindowBlur disable com.android.systemui.shade.NotificationPanelView
07-17 10:40:08.117  4235  4235 E OpenGLRenderer: setMiShadow is not show
07-17 10:40:08.139  4235  4692 D LocalImageResolver: Couldn't use ImageDecoder for drawable, falling back to non-resized load.
07-17 10:40:08.141  4235  4235 E backgroundBlur: setBackgroundBlurMode disable com.android.systemui.shade.NotificationPanelView
07-17 10:40:08.141  4235  4235 D backgroundBlur: enablePassWindowBlur disable com.android.systemui.shade.NotificationPanelView
07-17 10:40:08.141  4235  4235 E OpenGLRenderer: setMiShadow is not show
07-17 10:40:08.143  4235  4692 D LocalImageResolver: Couldn't use ImageDecoder for drawable, falling back to non-resized load.
07-17 10:40:08.144  4235  4235 E backgroundBlur: setBackgroundBlurMode disable com.android.systemui.shade.NotificationPanelView
07-17 10:40:08.144  4235  4235 D backgroundBlur: enablePassWindowBlur disable com.android.systemui.shade.NotificationPanelView
07-17 10:40:08.144  4235  4235 E OpenGLRenderer: setMiShadow is not show
07-17 10:40:08.146  4235  4692 D LocalImageResolver: Couldn't use ImageDecoder for drawable, falling back to non-resized load.
07-17 10:40:08.146  4235  4235 E backgroundBlur: setBackgroundBlurMode disable com.android.systemui.shade.NotificationPanelView
07-17 10:40:08.146  4235  4235 D backgroundBlur: enablePassWindowBlur disable com.android.systemui.shade.NotificationPanelView
07-17 10:40:08.146  4235  4235 E OpenGLRenderer: setMiShadow is not show
07-17 10:40:08.150  4235  4692 D LocalImageResolver: Couldn't use ImageDecoder for drawable, falling back to non-resized load.
07-17 10:40:08.192  4235  4235 E backgroundBlur: setBackgroundBlurMode disable com.android.systemui.shade.NotificationPanelView
07-17 10:40:08.192  4235  4235 D backgroundBlur: enablePassWindowBlur disable com.android.systemui.shade.NotificationPanelView
07-17 10:40:08.193  4235  4235 E OpenGLRenderer: setMiShadow is not show
07-17 10:40:08.196  4235  4235 E backgroundBlur: setBackgroundBlurMode disable com.android.systemui.shade.NotificationPanelView
07-17 10:40:08.196  4235  4235 D backgroundBlur: enablePassWindowBlur disable com.android.systemui.shade.NotificationPanelView
07-17 10:40:08.196  4235  4235 E OpenGLRenderer: setMiShadow is not show
07-17 10:40:08.197  1161  6739 I vendor.qti.bluetooth@1.0-ibs_handler: ProcessIbsCmd: Received IBS_WAKE_IND: 0xFD
07-17 10:40:08.197  1161  6739 D vendor.qti.bluetooth@1.0-ibs_handler: SerialClockVote: vote for UART CLK ON
07-17 10:40:08.198  1161  6739 D vendor.qti.bluetooth@1.0-wake_lock: Acquire wakelock is acquired 
07-17 10:40:08.198  1161  6739 I vendor.qti.bluetooth@1.0-ibs_handler: ProcessIbsCmd: Writing IBS_WAKE_ACK
07-17 10:40:08.199  6602  6745 I bt_stack: [INFO:btm_ble_gap.cc(3495)] btm_ble_process_adv_pkt_cont Data Complete 70:94:cd:a3:54:dc
07-17 10:40:08.199  6602  6745 I bt_stack: [INFO:btm_ble_gap.cc(3495)] btm_ble_process_adv_pkt_cont Data Complete 70:94:cd:a3:54:dc
07-17 10:40:08.200  6602  6745 D bt_btm_ble: bool parse_adv_audio_uuids_from_adv_pkt(const uint8_t *, size_t, uint8_t): tmap_cap_pts: false
07-17 10:40:08.201  6602  6721 D BluetoothRemoteDevices:  getMappingAddr null
07-17 10:40:08.201  4999  5056 D com.android.bluetooth.ble.app.o1: setScanedData: Name: JBL TOUR PRO 2address: XX:XX:XX:XX:54:DC
07-17 10:40:08.201  6602  6721 D BluetoothAdapterService: getIdentityAddress null retruning 70:94:CD:A3:54:DC
07-17 10:40:08.201  4235  4235 E backgroundBlur: setBackgroundBlurMode disable com.android.systemui.shade.NotificationPanelView
07-17 10:40:08.201  4235  4235 D backgroundBlur: enablePassWindowBlur disable com.android.systemui.shade.NotificationPanelView
07-17 10:40:08.201  4235  4235 E OpenGLRenderer: setMiShadow is not show
07-17 10:40:08.204  4235  4235 E backgroundBlur: setBackgroundBlurMode disable com.android.systemui.shade.NotificationPanelView
07-17 10:40:08.204  4235  4235 D backgroundBlur: enablePassWindowBlur disable com.android.systemui.shade.NotificationPanelView
07-17 10:40:08.205  4235  4235 E OpenGLRenderer: setMiShadow is not show
07-17 10:40:08.217  4235  4235 W NotificationInjector:  appNameText or sbn is null
07-17 10:40:08.217  4235  4235 W NotificationInjector:  workProfile or sbn is null
07-17 10:40:08.217  4235  4235 W NotificationInjector:  appNameText or sbn is null
07-17 10:40:08.217  4235  4235 W NotificationInjector:  workProfile or sbn is null
07-17 10:40:08.218  4235  4235 E backgroundBlur: setBackgroundBlurMode disable com.android.systemui.shade.NotificationPanelView
07-17 10:40:08.218  4235  4235 D backgroundBlur: enablePassWindowBlur disable com.android.systemui.shade.NotificationPanelView
07-17 10:40:08.218  4235  4235 E OpenGLRenderer: setMiShadow is not show
07-17 10:40:08.221  4235  4235 E backgroundBlur: setBackgroundBlurMode disable com.android.systemui.shade.NotificationPanelView
07-17 10:40:08.221  4235  4235 D backgroundBlur: enablePassWindowBlur disable com.android.systemui.shade.NotificationPanelView
07-17 10:40:08.221  4235  4235 E OpenGLRenderer: setMiShadow is not show
07-17 10:40:08.227  1162  2845 E CamX    : [ERROR][NCS    ] camxncsservice.cpp:1007 EnqueueJob() Can not enqueue jobs when thread is stopped
07-17 10:40:08.230  4235  4235 E backgroundBlur: setBackgroundBlurMode disable com.android.systemui.shade.NotificationPanelView
07-17 10:40:08.230  4235  4235 D backgroundBlur: enablePassWindowBlur disable com.android.systemui.shade.NotificationPanelView
07-17 10:40:08.230  4235  4235 E OpenGLRenderer: setMiShadow is not show
07-17 10:40:08.239  1161  6739 I vendor.qti.bluetooth@1.0-ibs_handler: ProcessIbsCmd: Received IBS_SLEEP_IND: 0xFE
07-17 10:40:08.239  1161  6739 D vendor.qti.bluetooth@1.0-ibs_handler: SerialClockVote: vote for UART CLK OFF
07-17 10:40:08.257  4235  4258 I ndroid.systemui: Background concurrent copying GC freed 28MB AllocSpace bytes, 0(0B) LOS objects, 34% free, 45MB/69MB, paused 174us,97us total 168.378ms
07-17 10:40:08.263  4235  4235 E backgroundBlur: setBackgroundBlurMode disable com.android.systemui.shade.NotificationPanelView
07-17 10:40:08.263  4235  4235 D backgroundBlur: enablePassWindowBlur disable com.android.systemui.shade.NotificationPanelView
07-17 10:40:08.263  4235  4235 E OpenGLRenderer: setMiShadow is not show
07-17 10:40:08.275  4235  4235 E backgroundBlur: setBackgroundBlurMode disable com.android.systemui.shade.NotificationPanelView
07-17 10:40:08.275  4235  4235 D backgroundBlur: enablePassWindowBlur disable com.android.systemui.shade.NotificationPanelView
07-17 10:40:08.276  1259  1539 E SDM     : HWCSession::GetClientTargetProperty: GetClinetTargetProperty interface enter
07-17 10:40:08.276  4235  4235 E OpenGLRenderer: setMiShadow is not show
07-17 10:40:08.276  1271  1271 W perf@2.2-servic: type=1400 audit(0.0:327886): avc:  denied  { dac_override } for  capability=1  scontext=u:r:vendor_hal_perf_default:s0 tcontext=u:r:vendor_hal_perf_default:s0 tclass=capability permissive=0
07-17 10:40:08.278  1271  1327 E ANDR-PERF-OPTSHANDLER: Cannot open/create foreground cgroup file
07-17 10:40:08.279  1459  1459 I MI-SF   : surfaceflinger setAffinity mode=1
07-17 10:40:08.279  1459  1459 I MI-SF   : surfaceflinger setreAffinity reTid=1552
07-17 10:40:08.288  1271  1327 E ANDR-PERF-OPTSHANDLER: Cannot open/create system background cgroup file
07-17 10:40:08.284  1271  1271 W perf@2.2-servic: type=1400 audit(0.0:327887): avc:  denied  { dac_override } for  capability=1  scontext=u:r:vendor_hal_perf_default:s0 tcontext=u:r:vendor_hal_perf_default:s0 tclass=capability permissive=0
07-17 10:40:08.284  1271  1271 W perf@2.2-servic: type=1400 audit(0.0:327888): avc:  denied  { dac_override } for  capability=1  scontext=u:r:vendor_hal_perf_default:s0 tcontext=u:r:vendor_hal_perf_default:s0 tclass=capability permissive=0
07-17 10:40:08.288  4235  4235 E backgroundBlur: setBackgroundBlurMode disable com.android.systemui.shade.NotificationPanelView
07-17 10:40:08.288  4235  4235 D backgroundBlur: enablePassWindowBlur disable com.android.systemui.shade.NotificationPanelView
07-17 10:40:08.288  4235  4235 E OpenGLRenderer: setMiShadow is not show
07-17 10:40:08.293  1459  1459 I MI-SF   : surfaceflinger setAffinity mode=0
07-17 10:40:08.301  2085  2360 I ExtM    : the number of flushable pages is relatively few
07-17 10:40:08.319  4235  4235 E backgroundBlur: setBackgroundBlurMode disable com.android.systemui.shade.NotificationPanelView
07-17 10:40:08.320  4235  4235 D backgroundBlur: enablePassWindowBlur disable com.android.systemui.shade.NotificationPanelView
07-17 10:40:08.320  4235  4235 E OpenGLRenderer: setMiShadow is not show
07-17 10:40:08.321  4235  4235 E backgroundBlur: setBackgroundBlurMode disable com.android.systemui.shade.NotificationPanelView
07-17 10:40:08.321  4235  4235 D backgroundBlur: enablePassWindowBlur disable com.android.systemui.shade.NotificationPanelView
07-17 10:40:08.321  4235  4235 E OpenGLRenderer: setMiShadow is not show
07-17 10:40:08.322  4235  4261 W System  : A resource failed to call release. 
07-17 10:40:08.322  4235  4261 W System  : A resource failed to call release. 
07-17 10:40:08.345  4235  4235 E backgroundBlur: setBackgroundBlurMode disable com.android.systemui.shade.NotificationPanelView
07-17 10:40:08.345  4235  4235 D backgroundBlur: enablePassWindowBlur disable com.android.systemui.shade.NotificationPanelView
07-17 10:40:08.345  4235  4235 E OpenGLRenderer: setMiShadow is not show
07-17 10:40:08.346  4235  4235 E backgroundBlur: setBackgroundBlurMode disable com.android.systemui.shade.NotificationPanelView
07-17 10:40:08.346  4235  4235 D backgroundBlur: enablePassWindowBlur disable com.android.systemui.shade.NotificationPanelView
07-17 10:40:08.347  4235  4235 E OpenGLRenderer: setMiShadow is not show
07-17 10:40:08.361  4235  4235 W NotificationInjector:  appNameText or sbn is null
07-17 10:40:08.361  4235  4235 W NotificationInjector:  workProfile or sbn is null
07-17 10:40:08.362  4235  4235 W NotificationInjector:  appNameText or sbn is null
07-17 10:40:08.362  4235  4235 W NotificationInjector:  workProfile or sbn is null
07-17 10:40:08.362  4235  4235 E backgroundBlur: setBackgroundBlurMode disable com.android.systemui.shade.NotificationPanelView
07-17 10:40:08.362  4235  4235 D backgroundBlur: enablePassWindowBlur disable com.android.systemui.shade.NotificationPanelView
07-17 10:40:08.362  4235  4235 E OpenGLRenderer: setMiShadow is not show
07-17 10:40:08.376  4235  4235 E backgroundBlur: setBackgroundBlurMode disable com.android.systemui.shade.NotificationPanelView
07-17 10:40:08.377  4235  4235 D backgroundBlur: enablePassWindowBlur disable com.android.systemui.shade.NotificationPanelView
07-17 10:40:08.377  4235  4235 E OpenGLRenderer: setMiShadow is not show
07-17 10:40:08.389  1161  6726 D vendor.qti.bluetooth@1.0-wake_lock: Release wakelock is released 
07-17 10:40:08.392  4235  4235 E backgroundBlur: setBackgroundBlurMode disable com.android.systemui.shade.NotificationPanelView
07-17 10:40:08.392  4235  4235 D backgroundBlur: enablePassWindowBlur disable com.android.systemui.shade.NotificationPanelView
07-17 10:40:08.393  4235  4235 E OpenGLRenderer: setMiShadow is not show
07-17 10:40:08.405  4235  4235 E backgroundBlur: setBackgroundBlurMode disable com.android.systemui.shade.NotificationPanelView
07-17 10:40:08.405  4235  4235 D backgroundBlur: enablePassWindowBlur disable com.android.systemui.shade.NotificationPanelView
07-17 10:40:08.405  4235  4235 E OpenGLRenderer: setMiShadow is not show
07-17 10:40:08.422  4235  4235 E backgroundBlur: setBackgroundBlurMode disable com.android.systemui.shade.NotificationPanelView
07-17 10:40:08.422  4235  4235 D backgroundBlur: enablePassWindowBlur disable com.android.systemui.shade.NotificationPanelView
07-17 10:40:08.422  4235  4235 E OpenGLRenderer: setMiShadow is not show
07-17 10:40:08.427  1162  2845 E CamX    : [ERROR][NCS    ] camxncsservice.cpp:1007 EnqueueJob() Can not enqueue jobs when thread is stopped
07-17 10:40:08.439  4235  4235 W NotificationInjector:  appNameText or sbn is null
07-17 10:40:08.440  4235  4235 W NotificationInjector:  workProfile or sbn is null
07-17 10:40:08.441  4235  4235 W NotificationInjector:  appNameText or sbn is null
07-17 10:40:08.441  4235  4235 W NotificationInjector:  workProfile or sbn is null
07-17 10:40:08.442  4235  4235 E backgroundBlur: setBackgroundBlurMode disable com.android.systemui.shade.NotificationPanelView
07-17 10:40:08.442  4235  4235 D backgroundBlur: enablePassWindowBlur disable com.android.systemui.shade.NotificationPanelView
07-17 10:40:08.442  4235  4235 E OpenGLRenderer: setMiShadow is not show
07-17 10:40:08.468  4235  4235 W NotificationInjector:  appNameText or sbn is null
07-17 10:40:08.468  4235  4235 W NotificationInjector:  workProfile or sbn is null
07-17 10:40:08.469  4235  4235 W NotificationInjector:  appNameText or sbn is null
07-17 10:40:08.469  4235  4235 W NotificationInjector:  workProfile or sbn is null
07-17 10:40:08.469  4235  4235 E backgroundBlur: setBackgroundBlurMode disable com.android.systemui.shade.NotificationPanelView
07-17 10:40:08.469  4235  4235 D backgroundBlur: enablePassWindowBlur disable com.android.systemui.shade.NotificationPanelView
07-17 10:40:08.469  4235  4235 E OpenGLRenderer: setMiShadow is not show
07-17 10:40:08.492  4235  4235 E backgroundBlur: setBackgroundBlurMode disable com.android.systemui.shade.NotificationPanelView
07-17 10:40:08.492  4235  4235 D backgroundBlur: enablePassWindowBlur disable com.android.systemui.shade.NotificationPanelView
07-17 10:40:08.492  4235  4235 E OpenGLRenderer: setMiShadow is not show
07-17 10:40:08.504  4235  4235 E backgroundBlur: setBackgroundBlurMode disable com.android.systemui.shade.NotificationPanelView
07-17 10:40:08.504  4235  4235 D backgroundBlur: enablePassWindowBlur disable com.android.systemui.shade.NotificationPanelView
07-17 10:40:08.504  4235  4235 E OpenGLRenderer: setMiShadow is not show
07-17 10:40:08.506  4235  4235 E backgroundBlur: setBackgroundBlurMode disable com.android.systemui.shade.NotificationPanelView
07-17 10:40:08.506  4235  4235 D backgroundBlur: enablePassWindowBlur disable com.android.systemui.shade.NotificationPanelView
07-17 10:40:08.506  4235  4235 E OpenGLRenderer: setMiShadow is not show
07-17 10:40:08.527  3634  4804 D TaskStackChangeListeners: onTaskDescriptionChanged =  taskId = 556
07-17 10:40:08.561  2022  2022 I wificond: station_bandwidth: 
