07-17 10:40:24.877  1161  6726 D vendor.qti.bluetooth@1.0-wake_lock: Release wakelock is released 
07-17 10:40:25.027  1162  2845 E CamX    : [ERROR][NCS    ] camxncsservice.cpp:1007 EnqueueJob() Can not enqueue jobs when thread is stopped
07-17 10:40:25.227  1162  2845 E CamX    : [ERROR][NCS    ] camxncsservice.cpp:1007 EnqueueJob() Can not enqueue jobs when thread is stopped
07-17 10:40:25.427  1162  2845 E CamX    : [ERROR][NCS    ] camxncsservice.cpp:1007 EnqueueJob() Can not enqueue jobs when thread is stopped
07-17 10:40:25.628  1162  2845 E CamX    : [ERROR][NCS    ] camxncsservice.cpp:1007 EnqueueJob() Can not enqueue jobs when thread is stopped
07-17 10:40:25.827  1162  2845 E CamX    : [ERROR][NCS    ] camxncsservice.cpp:1007 EnqueueJob() Can not enqueue jobs when thread is stopped
07-17 10:40:26.027  1162  2845 E CamX    : [ERROR][NCS    ] camxncsservice.cpp:1007 EnqueueJob() Can not enqueue jobs when thread is stopped
07-17 10:40:26.046  1161  6739 I vendor.qti.bluetooth@1.0-ibs_handler: ProcessIbsCmd: Received IBS_WAKE_IND: 0xFD
07-17 10:40:26.046  1161  6739 D vendor.qti.bluetooth@1.0-ibs_handler: SerialClockVote: vote for UART CLK ON
07-17 10:40:26.047  1161  6739 D vendor.qti.bluetooth@1.0-wake_lock: Acquire wakelock is acquired 
07-17 10:40:26.047  1161  6739 I vendor.qti.bluetooth@1.0-ibs_handler: ProcessIbsCmd: Writing IBS_WAKE_ACK
07-17 10:40:26.050  6602  6745 I bt_stack: [INFO:btm_ble_gap.cc(3495)] btm_ble_process_adv_pkt_cont Data Complete 70:94:cd:a3:54:dc
07-17 10:40:26.051  6602  6745 I bt_stack: [INFO:btm_ble_gap.cc(3495)] btm_ble_process_adv_pkt_cont Data Complete 70:94:cd:a3:54:dc
07-17 10:40:26.051  6602  6745 D bt_btm_ble: bool parse_adv_audio_uuids_from_adv_pkt(const uint8_t *, size_t, uint8_t): tmap_cap_pts: false
07-17 10:40:26.053  6602  6721 D BluetoothRemoteDevices:  getMappingAddr null
07-17 10:40:26.053  6602  6721 D BluetoothAdapterService: getIdentityAddress null retruning 70:94:CD:A3:54:DC
07-17 10:40:26.053  4999  5056 D com.android.bluetooth.ble.app.o1: setScanedData: Name: JBL TOUR PRO 2address: XX:XX:XX:XX:54:DC
07-17 10:40:26.088  1161  6739 I vendor.qti.bluetooth@1.0-ibs_handler: ProcessIbsCmd: Received IBS_SLEEP_IND: 0xFE
07-17 10:40:26.088  1161  6739 D vendor.qti.bluetooth@1.0-ibs_handler: SerialClockVote: vote for UART CLK OFF
07-17 10:40:26.227  1162  2845 E CamX    : [ERROR][NCS    ] camxncsservice.cpp:1007 EnqueueJob() Can not enqueue jobs when thread is stopped
07-17 10:40:26.237  4647 25798 I MediaCodec: [mId: 2] [audio-debug-dec] Stats over last 5004ms:
07-17 10:40:26.237  4647 25798 I MediaCodec: [mId: 2] [audio-debug-dec] ClientName: com.facebook.katana ComponentName: c2.android.aac.decoder
07-17 10:40:26.237  4647 25798 I MediaCodec: [mId: 2] [audio-debug-dec] Qinput: 0, DQinput: 0 success out of 5 tries
07-17 10:40:26.237  4647 25798 I MediaCodec: [mId: 2] [audio-debug-dec] Render: 0, Drop: 0, DQoutput: 0 success out of 0 tries
07-17 10:40:26.239  1161  6726 D vendor.qti.bluetooth@1.0-wake_lock: Release wakelock is released 
07-17 10:40:26.241 20452 20495 D AudioTrackImpl: [audioTrackData][fine] 35s(f:35037 m:0 s:0 k:0 z:0) : pid 20452 uid 10185 sessionId 3401 sr 44100 ch 2 fmt 1 maxAmplitude 12744
07-17 10:40:26.427  1162  2845 E CamX    : [ERROR][NCS    ] camxncsservice.cpp:1007 EnqueueJob() Can not enqueue jobs when thread is stopped
07-17 10:40:26.542 20699 20699 W delscore.mobile: Weak pointer dereference blocked for 12 milliseconds.
07-17 10:40:26.627  1162  2845 E CamX    : [ERROR][NCS    ] camxncsservice.cpp:1007 EnqueueJob() Can not enqueue jobs when thread is stopped
07-17 10:40:26.678  1161  6739 I vendor.qti.bluetooth@1.0-ibs_handler: ProcessIbsCmd: Received IBS_WAKE_IND: 0xFD
07-17 10:40:26.678  1161  6739 D vendor.qti.bluetooth@1.0-ibs_handler: SerialClockVote: vote for UART CLK ON
07-17 10:40:26.680  1161  6739 D vendor.qti.bluetooth@1.0-wake_lock: Acquire wakelock is acquired 
07-17 10:40:26.680  1161  6739 I vendor.qti.bluetooth@1.0-ibs_handler: ProcessIbsCmd: Writing IBS_WAKE_ACK
07-17 10:40:26.682  6602  6745 I bt_stack: [INFO:btm_ble_gap.cc(3495)] btm_ble_process_adv_pkt_cont Data Complete 70:94:cd:a3:54:dc
07-17 10:40:26.682  6602  6745 I bt_stack: [INFO:btm_ble_gap.cc(3495)] btm_ble_process_adv_pkt_cont Data Complete 70:94:cd:a3:54:dc
07-17 10:40:26.682  6602  6745 D bt_btm_ble: bool parse_adv_audio_uuids_from_adv_pkt(const uint8_t *, size_t, uint8_t): tmap_cap_pts: false
07-17 10:40:26.684  6602  6721 D BluetoothRemoteDevices:  getMappingAddr null
07-17 10:40:26.685  6602  6721 D BluetoothAdapterService: getIdentityAddress null retruning 70:94:CD:A3:54:DC
07-17 10:40:26.685  4999  5056 D com.android.bluetooth.ble.app.o1: setScanedData: Name: JBL TOUR PRO 2address: XX:XX:XX:XX:54:DC
07-17 10:40:26.709  2022  2022 I wificond: station_bandwidth: 
07-17 10:40:26.721  1161  6739 I vendor.qti.bluetooth@1.0-ibs_handler: ProcessIbsCmd: Received IBS_SLEEP_IND: 0xFE
07-17 10:40:26.721  1161  6739 D vendor.qti.bluetooth@1.0-ibs_handler: SerialClockVote: vote for UART CLK OFF
07-17 10:40:26.827  1162  2845 E CamX    : [ERROR][NCS    ] camxncsservice.cpp:1007 EnqueueJob() Can not enqueue jobs when thread is stopped
07-17 10:40:26.856 16333 16333 I VoiceInputManagerWrapper: VoiceInputManagerWrapper.shutdownVoiceInternal():152 shutdownVoiceInternal() [RD]
07-17 10:40:26.872  1161  6726 D vendor.qti.bluetooth@1.0-wake_lock: Release wakelock is released 
07-17 10:40:27.028  1162  2845 E CamX    : [ERROR][NCS    ] camxncsservice.cpp:1007 EnqueueJob() Can not enqueue jobs when thread is stopped
07-17 10:40:27.227  1162  2845 E CamX    : [ERROR][NCS    ] camxncsservice.cpp:1007 EnqueueJob() Can not enqueue jobs when thread is stopped
07-17 10:40:27.237  4647 25794 D AudioTrackImpl: [audioTrackData][fine] 35s(f:35047 m:0 s:0 k:0 z:0) : pid 4647 uid 10278 sessionId 2993 sr 44100 ch 2 fmt 1 maxAmplitude 3237
07-17 10:40:27.417  1161  6739 I vendor.qti.bluetooth@1.0-ibs_handler: ProcessIbsCmd: Received IBS_WAKE_IND: 0xFD
07-17 10:40:27.417  1161  6739 D vendor.qti.bluetooth@1.0-ibs_handler: SerialClockVote: vote for UART CLK ON
07-17 10:40:27.418  1161  6739 D vendor.qti.bluetooth@1.0-wake_lock: Acquire wakelock is acquired 
07-17 10:40:27.418  1161  6739 I vendor.qti.bluetooth@1.0-ibs_handler: ProcessIbsCmd: Writing IBS_WAKE_ACK
07-17 10:40:27.420  6602  6745 I bt_stack: [INFO:btm_ble_gap.cc(3495)] btm_ble_process_adv_pkt_cont Data Complete 70:94:cd:a3:54:dc
07-17 10:40:27.421  6602  6745 I bt_stack: [INFO:btm_ble_gap.cc(3495)] btm_ble_process_adv_pkt_cont Data Complete 70:94:cd:a3:54:dc
07-17 10:40:27.421  6602  6745 D bt_btm_ble: bool parse_adv_audio_uuids_from_adv_pkt(const uint8_t *, size_t, uint8_t): tmap_cap_pts: false
07-17 10:40:27.423  6602  6721 D BluetoothRemoteDevices:  getMappingAddr null
07-17 10:40:27.423  4999  5056 D com.android.bluetooth.ble.app.o1: setScanedData: Name: JBL TOUR PRO 2address: XX:XX:XX:XX:54:DC
07-17 10:40:27.423  6602  6721 D BluetoothAdapterService: getIdentityAddress null retruning 70:94:CD:A3:54:DC
07-17 10:40:27.427  1162  2845 E CamX    : [ERROR][NCS    ] camxncsservice.cpp:1007 EnqueueJob() Can not enqueue jobs when thread is stopped
07-17 10:40:27.459  1161  6739 I vendor.qti.bluetooth@1.0-ibs_handler: ProcessIbsCmd: Received IBS_SLEEP_IND: 0xFE
07-17 10:40:27.459  1161  6739 D vendor.qti.bluetooth@1.0-ibs_handler: SerialClockVote: vote for UART CLK OFF
07-17 10:40:27.610  1161  6726 D vendor.qti.bluetooth@1.0-wake_lock: Release wakelock is released 
07-17 10:40:27.628  1162  2845 E CamX    : [ERROR][NCS    ] camxncsservice.cpp:1007 EnqueueJob() Can not enqueue jobs when thread is stopped
07-17 10:40:27.827  1162  2845 E CamX    : [ERROR][NCS    ] camxncsservice.cpp:1007 EnqueueJob() Can not enqueue jobs when thread is stopped
07-17 10:40:28.027  1162  2845 E CamX    : [ERROR][NCS    ] camxncsservice.cpp:1007 EnqueueJob() Can not enqueue jobs when thread is stopped
07-17 10:40:28.227  1162  2845 E CamX    : [ERROR][NCS    ] camxncsservice.cpp:1007 EnqueueJob() Can not enqueue jobs when thread is stopped
07-17 10:40:28.427  1162  2845 E CamX    : [ERROR][NCS    ] camxncsservice.cpp:1007 EnqueueJob() Can not enqueue jobs when thread is stopped
07-17 10:40:28.627  1162  2845 E CamX    : [ERROR][NCS    ] camxncsservice.cpp:1007 EnqueueJob() Can not enqueue jobs when thread is stopped
07-17 10:40:28.715  1161  6739 I vendor.qti.bluetooth@1.0-ibs_handler: ProcessIbsCmd: Received IBS_WAKE_IND: 0xFD
07-17 10:40:28.715  1161  6739 D vendor.qti.bluetooth@1.0-ibs_handler: SerialClockVote: vote for UART CLK ON
07-17 10:40:28.716  1161  6739 D vendor.qti.bluetooth@1.0-wake_lock: Acquire wakelock is acquired 
07-17 10:40:28.716  1161  6739 I vendor.qti.bluetooth@1.0-ibs_handler: ProcessIbsCmd: Writing IBS_WAKE_ACK
07-17 10:40:28.717  6602  6745 I bt_stack: [INFO:btm_ble_gap.cc(3495)] btm_ble_process_adv_pkt_cont Data Complete 70:94:cd:a3:54:dc
07-17 10:40:28.717  6602  6745 I bt_stack: [INFO:btm_ble_gap.cc(3495)] btm_ble_process_adv_pkt_cont Data Complete 70:94:cd:a3:54:dc
07-17 10:40:28.717  6602  6745 D bt_btm_ble: bool parse_adv_audio_uuids_from_adv_pkt(const uint8_t *, size_t, uint8_t): tmap_cap_pts: false
07-17 10:40:28.719  6602  6721 D BluetoothRemoteDevices:  getMappingAddr null
07-17 10:40:28.719  6602  6721 D BluetoothAdapterService: getIdentityAddress null retruning 70:94:CD:A3:54:DC
07-17 10:40:28.719  4999  5056 D com.android.bluetooth.ble.app.o1: setScanedData: Name: JBL TOUR PRO 2address: XX:XX:XX:XX:54:DC
07-17 10:40:28.757  1161  6739 I vendor.qti.bluetooth@1.0-ibs_handler: ProcessIbsCmd: Received IBS_SLEEP_IND: 0xFE
07-17 10:40:28.757  1161  6739 D vendor.qti.bluetooth@1.0-ibs_handler: SerialClockVote: vote for UART CLK OFF
07-17 10:40:28.827  1162  2845 E CamX    : [ERROR][NCS    ] camxncsservice.cpp:1007 EnqueueJob() Can not enqueue jobs when thread is stopped
07-17 10:40:28.907  1161  6726 D vendor.qti.bluetooth@1.0-wake_lock: Release wakelock is released 
07-17 10:40:29.027  1162  2845 E CamX    : [ERROR][NCS    ] camxncsservice.cpp:1007 EnqueueJob() Can not enqueue jobs when thread is stopped
07-17 10:40:29.227  1162  2845 E CamX    : [ERROR][NCS    ] camxncsservice.cpp:1007 EnqueueJob() Can not enqueue jobs when thread is stopped
07-17 10:40:29.245  1161  6739 I vendor.qti.bluetooth@1.0-ibs_handler: ProcessIbsCmd: Received IBS_WAKE_IND: 0xFD
07-17 10:40:29.245  1161  6739 D vendor.qti.bluetooth@1.0-ibs_handler: SerialClockVote: vote for UART CLK ON
07-17 10:40:29.246  1161  6739 D vendor.qti.bluetooth@1.0-wake_lock: Acquire wakelock is acquired 
07-17 10:40:29.247  1161  6739 I vendor.qti.bluetooth@1.0-ibs_handler: ProcessIbsCmd: Writing IBS_WAKE_ACK
07-17 10:40:29.248  6602  6745 I bt_stack: [INFO:btm_ble_gap.cc(3495)] btm_ble_process_adv_pkt_cont Data Complete 70:94:cd:a3:54:dc
07-17 10:40:29.249  6602  6745 I bt_stack: [INFO:btm_ble_gap.cc(3495)] btm_ble_process_adv_pkt_cont Data Complete 70:94:cd:a3:54:dc
07-17 10:40:29.249  6602  6745 D bt_btm_ble: bool parse_adv_audio_uuids_from_adv_pkt(const uint8_t *, size_t, uint8_t): tmap_cap_pts: false
07-17 10:40:29.251  6602  6721 D BluetoothRemoteDevices:  getMappingAddr null
07-17 10:40:29.252  6602  6721 D BluetoothAdapterService: getIdentityAddress null retruning 70:94:CD:A3:54:DC
07-17 10:40:29.252  4999  5056 D com.android.bluetooth.ble.app.o1: setScanedData: Name: JBL TOUR PRO 2address: XX:XX:XX:XX:54:DC
07-17 10:40:29.288  1161  6739 I vendor.qti.bluetooth@1.0-ibs_handler: ProcessIbsCmd: Received IBS_SLEEP_IND: 0xFE
07-17 10:40:29.288  1161  6739 D vendor.qti.bluetooth@1.0-ibs_handler: SerialClockVote: vote for UART CLK OFF
07-17 10:40:29.427  1162  2845 E CamX    : [ERROR][NCS    ] camxncsservice.cpp:1007 EnqueueJob() Can not enqueue jobs when thread is stopped
07-17 10:40:29.439  1161  6726 D vendor.qti.bluetooth@1.0-wake_lock: Release wakelock is released 
07-17 10:40:29.505  1288 20582 I QC2Comp : [avcD_556] Stats: Pending(7) i/p-done(3) Works: Q: 29/Done 24|Work-Rate: Q(0.0/s Avg=0.0/s) Done(0.000/s Avg=0.000/s)| Stream: 30.00fps 1.1Mbps
07-17 10:40:29.505  1288 20582 I QC2Comp : Mem-usage:  [In-1D - 6 bufs 17.930 MB] [1D-0 - 13 bufs 0.203 MB] [2D-146 - 21 bufs 20.016 MB]
07-17 10:40:29.505  1288 20582 I QC2Comp : Total Mem-usage: 38.148 MB
07-17 10:40:29.627  1162  2845 E CamX    : [ERROR][NCS    ] camxncsservice.cpp:1007 EnqueueJob() Can not enqueue jobs when thread is stopped
07-17 10:40:29.752  2022  2022 I wificond: station_bandwidth: 
07-17 10:40:29.827  1162  2845 E CamX    : [ERROR][NCS    ] camxncsservice.cpp:1007 EnqueueJob() Can not enqueue jobs when thread is stopped
07-17 10:40:30.009  1161  6739 I vendor.qti.bluetooth@1.0-ibs_handler: ProcessIbsCmd: Received IBS_WAKE_IND: 0xFD
07-17 10:40:30.009  1161  6739 D vendor.qti.bluetooth@1.0-ibs_handler: SerialClockVote: vote for UART CLK ON
07-17 10:40:30.010  1161  6739 D vendor.qti.bluetooth@1.0-wake_lock: Acquire wakelock is acquired 
07-17 10:40:30.010  1161  6739 I vendor.qti.bluetooth@1.0-ibs_handler: ProcessIbsCmd: Writing IBS_WAKE_ACK
07-17 10:40:30.012  6602  6745 I bt_stack: [INFO:btm_ble_gap.cc(3495)] btm_ble_process_adv_pkt_cont Data Complete 70:94:cd:a3:54:dc
07-17 10:40:30.013  6602  6745 I bt_stack: [INFO:btm_ble_gap.cc(3495)] btm_ble_process_adv_pkt_cont Data Complete 70:94:cd:a3:54:dc
07-17 10:40:30.013  6602  6745 D bt_btm_ble: bool parse_adv_audio_uuids_from_adv_pkt(const uint8_t *, size_t, uint8_t): tmap_cap_pts: false
07-17 10:40:30.015  6602  6721 D BluetoothRemoteDevices:  getMappingAddr null
07-17 10:40:30.015  6602  6721 D BluetoothAdapterService: getIdentityAddress null retruning 70:94:CD:A3:54:DC
07-17 10:40:30.016  4999  5056 D com.android.bluetooth.ble.app.o1: setScanedData: Name: JBL TOUR PRO 2address: XX:XX:XX:XX:54:DC
07-17 10:40:30.027  1162  2845 E CamX    : [ERROR][NCS    ] camxncsservice.cpp:1007 EnqueueJob() Can not enqueue jobs when thread is stopped
07-17 10:40:30.051  1161  6739 I vendor.qti.bluetooth@1.0-ibs_handler: ProcessIbsCmd: Received IBS_SLEEP_IND: 0xFE
07-17 10:40:30.051  1161  6739 D vendor.qti.bluetooth@1.0-ibs_handler: SerialClockVote: vote for UART CLK OFF
07-17 10:40:30.202  1161  6726 D vendor.qti.bluetooth@1.0-wake_lock: Release wakelock is released 
07-17 10:40:30.227  1162  2845 E CamX    : [ERROR][NCS    ] camxncsservice.cpp:1007 EnqueueJob() Can not enqueue jobs when thread is stopped
07-17 10:40:30.427  1162  2845 E CamX    : [ERROR][NCS    ] camxncsservice.cpp:1007 EnqueueJob() Can not enqueue jobs when thread is stopped
07-17 10:40:30.628  1162  2845 E CamX    : [ERROR][NCS    ] camxncsservice.cpp:1007 EnqueueJob() Can not enqueue jobs when thread is stopped
07-17 10:40:30.636  1161  6739 I vendor.qti.bluetooth@1.0-ibs_handler: ProcessIbsCmd: Received IBS_WAKE_IND: 0xFD
07-17 10:40:30.636  1161  6739 D vendor.qti.bluetooth@1.0-ibs_handler: SerialClockVote: vote for UART CLK ON
07-17 10:40:30.637  1161  6739 D vendor.qti.bluetooth@1.0-wake_lock: Acquire wakelock is acquired 
07-17 10:40:30.637  1161  6739 I vendor.qti.bluetooth@1.0-ibs_handler: ProcessIbsCmd: Writing IBS_WAKE_ACK
07-17 10:40:30.639  6602  6745 I bt_stack: [INFO:btm_ble_gap.cc(3495)] btm_ble_process_adv_pkt_cont Data Complete 70:94:cd:a3:54:dc
07-17 10:40:30.639  6602  6745 I bt_stack: [INFO:btm_ble_gap.cc(3495)] btm_ble_process_adv_pkt_cont Data Complete 70:94:cd:a3:54:dc
07-17 10:40:30.639  6602  6745 D bt_btm_ble: bool parse_adv_audio_uuids_from_adv_pkt(const uint8_t *, size_t, uint8_t): tmap_cap_pts: false
07-17 10:40:30.642  6602  6721 D BluetoothRemoteDevices:  getMappingAddr null
07-17 10:40:30.642  6602  6721 D BluetoothAdapterService: getIdentityAddress null retruning 70:94:CD:A3:54:DC
07-17 10:40:30.642  4999  5056 D com.android.bluetooth.ble.app.o1: setScanedData: Name: JBL TOUR PRO 2address: XX:XX:XX:XX:54:DC
07-17 10:40:30.678  1161  6739 I vendor.qti.bluetooth@1.0-ibs_handler: ProcessIbsCmd: Received IBS_SLEEP_IND: 0xFE
07-17 10:40:30.678  1161  6739 D vendor.qti.bluetooth@1.0-ibs_handler: SerialClockVote: vote for UART CLK OFF
07-17 10:40:30.798  2085  4063 D SLM-SRV-SLAService: checktemp temperature = 40303 temperature_average = 40248 isPerformanceMode = false thermal_enable_slm = true
07-17 10:40:30.828  1162  2845 E CamX    : [ERROR][NCS    ] camxncsservice.cpp:1007 EnqueueJob() Can not enqueue jobs when thread is stopped
07-17 10:40:30.829  1161  6726 D vendor.qti.bluetooth@1.0-wake_lock: Release wakelock is released 
07-17 10:40:31.027  1162  2845 E CamX    : [ERROR][NCS    ] camxncsservice.cpp:1007 EnqueueJob() Can not enqueue jobs when thread is stopped
07-17 10:40:31.227  1162  2845 E CamX    : [ERROR][NCS    ] camxncsservice.cpp:1007 EnqueueJob() Can not enqueue jobs when thread is stopped
07-17 10:40:31.243  4647 25798 I MediaCodec: [mId: 2] [audio-debug-dec] Stats over last 5005ms:
07-17 10:40:31.243  4647 25798 I MediaCodec: [mId: 2] [audio-debug-dec] ClientName: com.facebook.katana ComponentName: c2.android.aac.decoder
07-17 10:40:31.243  4647 25798 I MediaCodec: [mId: 2] [audio-debug-dec] Qinput: 0, DQinput: 0 success out of 5 tries
07-17 10:40:31.243  4647 25798 I MediaCodec: [mId: 2] [audio-debug-dec] Render: 0, Drop: 0, DQoutput: 0 success out of 0 tries
07-17 10:40:31.247 20452 20495 D AudioTrackImpl: [audioTrackData][fine] 40s(f:40042 m:0 s:0 k:0 z:0) : pid 20452 uid 10185 sessionId 3401 sr 44100 ch 2 fmt 1 maxAmplitude 12744
07-17 10:40:31.427  1162  2845 E CamX    : [ERROR][NCS    ] camxncsservice.cpp:1007 EnqueueJob() Can not enqueue jobs when thread is stopped
07-17 10:40:31.628  1162  2845 E CamX    : [ERROR][NCS    ] camxncsservice.cpp:1007 EnqueueJob() Can not enqueue jobs when thread is stopped
07-17 10:40:31.828  1162  2845 E CamX    : [ERROR][NCS    ] camxncsservice.cpp:1007 EnqueueJob() Can not enqueue jobs when thread is stopped
07-17 10:40:31.871  1219  6613 I WifiHAL : event received NL80211_CMD_VENDOR, vendor_id = 0x1374, subcmd = 0xa
07-17 10:40:31.871  2058  2058 I cnss-daemon: nl80211 response handler invoked
07-17 10:40:31.871  2058  2058 I cnss-daemon: nl80211_response_handler: cmd 103, vendorID 4980, subcmd 10  received
07-17 10:40:31.878 10692 10692 I wpa_supplicant: wlan0: CTRL-EVENT-AVOID-FREQ ranges=5500-5640
07-17 10:40:31.983  1161  6739 I vendor.qti.bluetooth@1.0-ibs_handler: ProcessIbsCmd: Received IBS_WAKE_IND: 0xFD
07-17 10:40:31.983  1161  6739 D vendor.qti.bluetooth@1.0-ibs_handler: SerialClockVote: vote for UART CLK ON
07-17 10:40:31.984  1161  6739 D vendor.qti.bluetooth@1.0-wake_lock: Acquire wakelock is acquired 
07-17 10:40:31.984  1161  6739 I vendor.qti.bluetooth@1.0-ibs_handler: ProcessIbsCmd: Writing IBS_WAKE_ACK
07-17 10:40:31.987  6602  6745 I bt_stack: [INFO:btm_ble_gap.cc(3495)] btm_ble_process_adv_pkt_cont Data Complete 70:94:cd:a3:54:dc
07-17 10:40:31.987  6602  6745 I bt_stack: [INFO:btm_ble_gap.cc(3495)] btm_ble_process_adv_pkt_cont Data Complete 70:94:cd:a3:54:dc
07-17 10:40:31.988  6602  6745 I bt_stack: [INFO:btm_ble_gap.cc(3495)] btm_ble_process_adv_pkt_cont Data Complete 70:94:cd:a3:54:dc
07-17 10:40:31.988  6602  6745 D bt_btm_ble: bool parse_adv_audio_uuids_from_adv_pkt(const uint8_t *, size_t, uint8_t): tmap_cap_pts: false
07-17 10:40:31.990  6602  6721 D BluetoothRemoteDevices:  getMappingAddr null
07-17 10:40:31.990  4999  5056 D com.android.bluetooth.ble.app.o1: setScanedData: Name: JBL TOUR PRO 2address: XX:XX:XX:XX:54:DC
07-17 10:40:31.990  6602  6721 D BluetoothAdapterService: getIdentityAddress null retruning 70:94:CD:A3:54:DC
07-17 10:40:32.025  1161  6739 I vendor.qti.bluetooth@1.0-ibs_handler: ProcessIbsCmd: Received IBS_SLEEP_IND: 0xFE
07-17 10:40:32.025  1161  6739 D vendor.qti.bluetooth@1.0-ibs_handler: SerialClockVote: vote for UART CLK OFF
07-17 10:40:32.027  1162  2845 E CamX    : [ERROR][NCS    ] camxncsservice.cpp:1007 EnqueueJob() Can not enqueue jobs when thread is stopped
07-17 10:40:32.176  1161  6726 D vendor.qti.bluetooth@1.0-wake_lock: Release wakelock is released 
07-17 10:40:32.227  1162  2845 E CamX    : [ERROR][NCS    ] camxncsservice.cpp:1007 EnqueueJob() Can not enqueue jobs when thread is stopped
07-17 10:40:32.243  4647 25794 D AudioTrackImpl: [audioTrackData][fine] 40s(f:40053 m:0 s:0 k:0 z:0) : pid 4647 uid 10278 sessionId 2993 sr 44100 ch 2 fmt 1 maxAmplitude 3237
07-17 10:40:32.427  1162  2845 E CamX    : [ERROR][NCS    ] camxncsservice.cpp:1007 EnqueueJob() Can not enqueue jobs when thread is stopped
07-17 10:40:32.627  1162  2845 E CamX    : [ERROR][NCS    ] camxncsservice.cpp:1007 EnqueueJob() Can not enqueue jobs when thread is stopped
07-17 10:40:32.796  2022  2022 I wificond: station_bandwidth: 
07-17 10:40:32.827  1162  2845 E CamX    : [ERROR][NCS    ] camxncsservice.cpp:1007 EnqueueJob() Can not enqueue jobs when thread is stopped
07-17 10:40:33.027  1162  2845 E CamX    : [ERROR][NCS    ] camxncsservice.cpp:1007 EnqueueJob() Can not enqueue jobs when thread is stopped
07-17 10:40:33.227  1162  2845 E CamX    : [ERROR][NCS    ] camxncsservice.cpp:1007 EnqueueJob() Can not enqueue jobs when thread is stopped
07-17 10:40:33.427  1162  2845 E CamX    : [ERROR][NCS    ] camxncsservice.cpp:1007 EnqueueJob() Can not enqueue jobs when thread is stopped
07-17 10:40:33.627  1162  2845 E CamX    : [ERROR][NCS    ] camxncsservice.cpp:1007 EnqueueJob() Can not enqueue jobs when thread is stopped
07-17 10:40:33.827  1162  2845 E CamX    : [ERROR][NCS    ] camxncsservice.cpp:1007 EnqueueJob() Can not enqueue jobs when thread is stopped
07-17 10:40:33.934  2085  2991 D MiuiNetworkPolicy: updateLimit mLimitEnabled=true,enabled=false,mNetworkPriorityMode=255,mThermalForceMode=0
07-17 10:40:33.936  2085  2991 I MiuiNetworkPolicy: getDisableLimitTimeout when thermal mode is:0
07-17 10:40:34.002  1161  6739 I vendor.qti.bluetooth@1.0-ibs_handler: ProcessIbsCmd: Received IBS_WAKE_IND: 0xFD
07-17 10:40:34.002  1161  6739 D vendor.qti.bluetooth@1.0-ibs_handler: SerialClockVote: vote for UART CLK ON
07-17 10:40:34.003  1161  6739 D vendor.qti.bluetooth@1.0-wake_lock: Acquire wakelock is acquired 
07-17 10:40:34.003  1161  6739 I vendor.qti.bluetooth@1.0-ibs_handler: ProcessIbsCmd: Writing IBS_WAKE_ACK
07-17 10:40:34.006  6602  6745 I bt_stack: [INFO:btm_ble_gap.cc(3495)] btm_ble_process_adv_pkt_cont Data Complete 70:94:cd:a3:54:dc
07-17 10:40:34.006  6602  6745 I bt_stack: [INFO:btm_ble_gap.cc(3495)] btm_ble_process_adv_pkt_cont Data Complete 70:94:cd:a3:54:dc
07-17 10:40:34.007  6602  6745 D bt_btm_ble: bool parse_adv_audio_uuids_from_adv_pkt(const uint8_t *, size_t, uint8_t): tmap_cap_pts: false
07-17 10:40:34.009  6602  6721 D BluetoothRemoteDevices:  getMappingAddr null
07-17 10:40:34.009  4999  5056 D com.android.bluetooth.ble.app.o1: setScanedData: Name: JBL TOUR PRO 2address: XX:XX:XX:XX:54:DC
07-17 10:40:34.009  6602  6721 D BluetoothAdapterService: getIdentityAddress null retruning 70:94:CD:A3:54:DC
07-17 10:40:34.027  1162  2845 E CamX    : [ERROR][NCS    ] camxncsservice.cpp:1007 EnqueueJob() Can not enqueue jobs when thread is stopped
07-17 10:40:34.044  1161  6739 I vendor.qti.bluetooth@1.0-ibs_handler: ProcessIbsCmd: Received IBS_SLEEP_IND: 0xFE
07-17 10:40:34.044  1161  6739 D vendor.qti.bluetooth@1.0-ibs_handler: SerialClockVote: vote for UART CLK OFF
07-17 10:40:34.195  1161  6726 D vendor.qti.bluetooth@1.0-wake_lock: Release wakelock is released 
07-17 10:40:34.227  1162  2845 E CamX    : [ERROR][NCS    ] camxncsservice.cpp:1007 EnqueueJob() Can not enqueue jobs when thread is stopped
07-17 10:40:34.303  4003  4003 I adbd    : adbd service requested 'shell,v2,raw:settings get system font_scale'
07-17 10:40:34.381  4003  4003 I adbd    : adbd service requested 'shell,v2,raw:cmd uimode night'
07-17 10:40:34.427  1162  2845 E CamX    : [ERROR][NCS    ] camxncsservice.cpp:1007 EnqueueJob() Can not enqueue jobs when thread is stopped
07-17 10:40:34.451  4003  4003 I adbd    : adbd service requested 'shell,v2,raw:settings get secure navigation_mode'
07-17 10:40:34.506  1288 20582 I QC2Comp : [avcD_556] Stats: Pending(7) i/p-done(3) Works: Q: 29/Done 24|Work-Rate: Q(0.0/s Avg=0.0/s) Done(0.000/s Avg=0.000/s)| Stream: 30.00fps 1.1Mbps
07-17 10:40:34.506  1288 20582 I QC2Comp : Mem-usage:  [In-1D - 6 bufs 17.930 MB] [1D-0 - 13 bufs 0.203 MB] [2D-146 - 21 bufs 20.016 MB]
07-17 10:40:34.506  1288 20582 I QC2Comp : Total Mem-usage: 38.148 MB
07-17 10:40:34.596  6277  6277 W ip      : type=1400 audit(0.0:327901): avc:  denied  { bind } for  scontext=u:r:untrusted_app:s0:c34,c257,c512,c768 tcontext=u:r:untrusted_app:s0:c34,c257,c512,c768 tclass=netlink_route_socket permissive=0 bug=b/155595000 app=com.zhiliaoapp.musically
07-17 10:40:34.618  1161  6739 I vendor.qti.bluetooth@1.0-ibs_handler: ProcessIbsCmd: Received IBS_WAKE_IND: 0xFD
07-17 10:40:34.618  1161  6739 D vendor.qti.bluetooth@1.0-ibs_handler: SerialClockVote: vote for UART CLK ON
07-17 10:40:34.618  1161  6739 D vendor.qti.bluetooth@1.0-wake_lock: Acquire wakelock is acquired 
07-17 10:40:34.618  1161  6739 I vendor.qti.bluetooth@1.0-ibs_handler: ProcessIbsCmd: Writing IBS_WAKE_ACK
07-17 10:40:34.620  6602  6745 I bt_stack: [INFO:btm_ble_gap.cc(3495)] btm_ble_process_adv_pkt_cont Data Complete 70:94:cd:a3:54:dc
07-17 10:40:34.620  6602  6745 I bt_stack: [INFO:btm_ble_gap.cc(3495)] btm_ble_process_adv_pkt_cont Data Complete 70:94:cd:a3:54:dc
07-17 10:40:34.620  6602  6745 D bt_btm_ble: bool parse_adv_audio_uuids_from_adv_pkt(const uint8_t *, size_t, uint8_t): tmap_cap_pts: false
07-17 10:40:34.620  6602  6745 I bt_stack: [INFO:btm_ble_gap.cc(3495)] btm_ble_process_adv_pkt_cont Data Complete 70:94:cd:a3:54:dc
07-17 10:40:34.620  6602  6745 I bt_stack: [INFO:btm_ble_gap.cc(3495)] btm_ble_process_adv_pkt_cont Data Complete 70:94:cd:a3:54:dc
07-17 10:40:34.620  6602  6745 D bt_btm_ble: bool parse_adv_audio_uuids_from_adv_pkt(const uint8_t *, size_t, uint8_t): tmap_cap_pts: false
07-17 10:40:34.621  6602  6721 D BluetoothRemoteDevices:  getMappingAddr null
07-17 10:40:34.621  6602  6721 D BluetoothAdapterService: getIdentityAddress null retruning 70:94:CD:A3:54:DC
07-17 10:40:34.621  4999  5056 D com.android.bluetooth.ble.app.o1: setScanedData: Name: JBL TOUR PRO 2address: XX:XX:XX:XX:54:DC
07-17 10:40:34.624  6602  6721 D BluetoothRemoteDevices:  getMappingAddr null
07-17 10:40:34.624  6602  6721 D BluetoothAdapterService: getIdentityAddress null retruning 70:94:CD:A3:54:DC
07-17 10:40:34.624  4999  5056 D com.android.bluetooth.ble.app.o1: setScanedData: Name: JBL TOUR PRO 2address: XX:XX:XX:XX:54:DC
07-17 10:40:34.627  1162  2845 E CamX    : [ERROR][NCS    ] camxncsservice.cpp:1007 EnqueueJob() Can not enqueue jobs when thread is stopped
07-17 10:40:34.632  2085  4746 W ProcessStats: Tracking association SourceState{2d3f43b com.google.android.gms/10138 BFgs #834587} whose proc state 4 is better than process ProcessState{6478a15 com.google.android.adservices.api/10247 pkg=com.google.android.adservices.api} proc state 8 (11 skipped)
07-17 10:40:34.633 30342 30342 D BoundBrokerSvc: onRebind: Intent { act=com.google.android.gms.findmydevice.spot.service.locationreport.START dat=chimera-action:/... cmp=com.google.android.gms/.chimera.PersistentApiService }
07-17 10:40:34.659  1161  6739 I vendor.qti.bluetooth@1.0-ibs_handler: ProcessIbsCmd: Received IBS_SLEEP_IND: 0xFE
07-17 10:40:34.660  1161  6739 D vendor.qti.bluetooth@1.0-ibs_handler: SerialClockVote: vote for UART CLK OFF
07-17 10:40:34.668 30342  5870 I NewSightingsProcessor: Dropping a sighting in a notable location [CONTEXT service_id=284 ratelimit_period="30 SECONDS" skipped=1 ]
07-17 10:40:34.708 22802 22802 W Thread-12: type=1400 audit(0.0:327902): avc:  denied  { search } for  name="input" dev="tmpfs" ino=17538 scontext=u:r:untrusted_app:s0:c34,c257,c512,c768 tcontext=u:object_r:input_device:s0 tclass=dir permissive=0 app=com.zhiliaoapp.musically
07-17 10:40:34.708 22802 22802 W Thread-12: type=1400 audit(0.0:327903): avc:  denied  { read } for  name="u:object_r:oem_unlock_prop:s0" dev="tmpfs" ino=13109 scontext=u:r:untrusted_app:s0:c34,c257,c512,c768 tcontext=u:object_r:oem_unlock_prop:s0 tclass=file permissive=0 app=com.zhiliaoapp.musically
07-17 10:40:34.713 22802 26996 W libc    : Access denied finding property "ro.oem_unlock_supported"
07-17 10:40:34.737  4003  4003 I adbd    : adbd service requested 'exec:screencap '-p''
07-17 10:40:34.769  6284  6284 W cmd     : Can't find service window
07-17 10:40:34.810  1161  6726 D vendor.qti.bluetooth@1.0-wake_lock: Release wakelock is released 
07-17 10:40:34.816  6298  6298 W cmd     : Can't find service window
07-17 10:40:34.824 22802 22802 W Thread-12: type=1400 audit(0.0:327904): avc:  denied  { search } for  name="net" dev="sysfs" ino=58540 scontext=u:r:untrusted_app:s0:c34,c257,c512,c768 tcontext=u:object_r:sysfs_net:s0 tclass=dir permissive=0 app=com.zhiliaoapp.musically
07-17 10:40:34.827  1162  2845 E CamX    : [ERROR][NCS    ] camxncsservice.cpp:1007 EnqueueJob() Can not enqueue jobs when thread is stopped
07-17 10:40:34.834  6286  6286 W libc    : Access denied finding property "ro.vendor.audio.zoom.support"
07-17 10:40:34.835  6286  6286 W libc    : Access denied finding property "ro.vendor.audio.zoom.support"
07-17 10:40:34.832  6286  6286 W screencap: type=1400 audit(0.0:327905): avc:  denied  { read } for  name="u:object_r:vendor_audio_prop:s0" dev="tmpfs" ino=13198 scontext=u:r:shell:s0 tcontext=u:object_r:vendor_audio_prop:s0 tclass=file permissive=0
07-17 10:40:34.836  6286  6286 W libc    : Access denied finding property "ro.vendor.audio.zoom.support"
07-17 10:40:34.837  6286  6286 W libc    : Access denied finding property "ro.vendor.audio.zoom.support"
07-17 10:40:34.837  6286  6286 W libc    : Access denied finding property "ro.vendor.audio.zoom.support"
07-17 10:40:34.843  6286  6286 W BpBinder: Linking to death on android.gui.ISurfaceComposer but there are no threads (yet?) listening to incoming transactions. See ProcessState::startThreadPool and ProcessState::setThreadPoolMaxThreadCount. Generally you should setup the binder threadpool before other initialization steps.
07-17 10:40:34.843  6286  6286 W ProcessState: Extra binder thread started, but 0 threads requested. Do not use *startThreadPool when zero threads are requested.
07-17 10:40:34.912 22802 26996 W System.err: FlagsHookHelper: skip hook flags method getInstanceHook
07-17 10:40:34.924 22802 26984 W NaviWarn: StackPtr is not 8-byte aligned.
07-17 10:40:35.027  1162  2845 E CamX    : [ERROR][NCS    ] camxncsservice.cpp:1007 EnqueueJob() Can not enqueue jobs when thread is stopped
07-17 10:40:35.069  6286  6286 I DoViGenericTag: Logger Terminated
07-17 10:40:35.228  1162  2845 E CamX    : [ERROR][NCS    ] camxncsservice.cpp:1007 EnqueueJob() Can not enqueue jobs when thread is stopped
07-17 10:40:35.254  1161  6739 I vendor.qti.bluetooth@1.0-ibs_handler: ProcessIbsCmd: Received IBS_WAKE_IND: 0xFD
07-17 10:40:35.254  1161  6739 D vendor.qti.bluetooth@1.0-ibs_handler: SerialClockVote: vote for UART CLK ON
07-17 10:40:35.255  1161  6739 D vendor.qti.bluetooth@1.0-wake_lock: Acquire wakelock is acquired 
07-17 10:40:35.255  1161  6739 I vendor.qti.bluetooth@1.0-ibs_handler: ProcessIbsCmd: Writing IBS_WAKE_ACK
07-17 10:40:35.257  6602  6745 I bt_stack: [INFO:btm_ble_gap.cc(3495)] btm_ble_process_adv_pkt_cont Data Complete 70:94:cd:a3:54:dc
07-17 10:40:35.258  6602  6745 I bt_stack: [INFO:btm_ble_gap.cc(3495)] btm_ble_process_adv_pkt_cont Data Complete 70:94:cd:a3:54:dc
07-17 10:40:35.258  6602  6745 D bt_btm_ble: bool parse_adv_audio_uuids_from_adv_pkt(const uint8_t *, size_t, uint8_t): tmap_cap_pts: false
07-17 10:40:35.260  6602  6721 D BluetoothRemoteDevices:  getMappingAddr null
07-17 10:40:35.261  6602  6721 D BluetoothAdapterService: getIdentityAddress null retruning 70:94:CD:A3:54:DC
07-17 10:40:35.261  4999  5056 D com.android.bluetooth.ble.app.o1: setScanedData: Name: JBL TOUR PRO 2address: XX:XX:XX:XX:54:DC
07-17 10:40:35.296  1161  6739 I vendor.qti.bluetooth@1.0-ibs_handler: ProcessIbsCmd: Received IBS_SLEEP_IND: 0xFE
07-17 10:40:35.296  1161  6739 D vendor.qti.bluetooth@1.0-ibs_handler: SerialClockVote: vote for UART CLK OFF
07-17 10:40:35.427  1162  2845 E CamX    : [ERROR][NCS    ] camxncsservice.cpp:1007 EnqueueJob() Can not enqueue jobs when thread is stopped
07-17 10:40:35.447  1161  6726 D vendor.qti.bluetooth@1.0-wake_lock: Release wakelock is released 
07-17 10:40:35.464 22802 26829 E BlackDenseThreshold: searchMovCode64 failed, found 0 sites
07-17 10:40:35.627  1162  2845 E CamX    : [ERROR][NCS    ] camxncsservice.cpp:1007 EnqueueJob() Can not enqueue jobs when thread is stopped
07-17 10:40:35.819  2022  2022 I wificond: station_bandwidth: 
07-17 10:40:35.827  1162  2845 E CamX    : [ERROR][NCS    ] camxncsservice.cpp:1007 EnqueueJob() Can not enqueue jobs when thread is stopped
07-17 10:40:36.027  1162  2845 E CamX    : [ERROR][NCS    ] camxncsservice.cpp:1007 EnqueueJob() Can not enqueue jobs when thread is stopped
07-17 10:40:36.227  1162  2845 E CamX    : [ERROR][NCS    ] camxncsservice.cpp:1007 EnqueueJob() Can not enqueue jobs when thread is stopped
07-17 10:40:36.247  4647 25798 I MediaCodec: [mId: 2] [audio-debug-dec] Stats over last 5004ms:
07-17 10:40:36.248  4647 25798 I MediaCodec: [mId: 2] [audio-debug-dec] ClientName: com.facebook.katana ComponentName: c2.android.aac.decoder
07-17 10:40:36.248  4647 25798 I MediaCodec: [mId: 2] [audio-debug-dec] Qinput: 0, DQinput: 0 success out of 5 tries
07-17 10:40:36.248  4647 25798 I MediaCodec: [mId: 2] [audio-debug-dec] Render: 0, Drop: 0, DQoutput: 0 success out of 0 tries
07-17 10:40:36.253 20452 20495 D AudioTrackImpl: [audioTrackData][fine] 45s(f:45049 m:0 s:0 k:0 z:0) : pid 20452 uid 10185 sessionId 3401 sr 44100 ch 2 fmt 1 maxAmplitude 12744
07-17 10:40:36.427  1162  2845 E CamX    : [ERROR][NCS    ] camxncsservice.cpp:1007 EnqueueJob() Can not enqueue jobs when thread is stopped
07-17 10:40:36.615  1161  6739 I vendor.qti.bluetooth@1.0-ibs_handler: ProcessIbsCmd: Received IBS_WAKE_IND: 0xFD
07-17 10:40:36.615  1161  6739 D vendor.qti.bluetooth@1.0-ibs_handler: SerialClockVote: vote for UART CLK ON
07-17 10:40:36.616  1161  6739 D vendor.qti.bluetooth@1.0-wake_lock: Acquire wakelock is acquired 
07-17 10:40:36.616  1161  6739 I vendor.qti.bluetooth@1.0-ibs_handler: ProcessIbsCmd: Writing IBS_WAKE_ACK
07-17 10:40:36.618  6602  6745 I bt_stack: [INFO:btm_ble_gap.cc(3495)] btm_ble_process_adv_pkt_cont Data Complete 70:94:cd:a3:54:dc
07-17 10:40:36.618  6602  6745 I bt_stack: [INFO:btm_ble_gap.cc(3495)] btm_ble_process_adv_pkt_cont Data Complete 70:94:cd:a3:54:dc
07-17 10:40:36.618  6602  6745 D bt_btm_ble: bool parse_adv_audio_uuids_from_adv_pkt(const uint8_t *, size_t, uint8_t): tmap_cap_pts: false
07-17 10:40:36.620  6602  6721 D BluetoothRemoteDevices:  getMappingAddr null
07-17 10:40:36.621  6602  6721 D BluetoothAdapterService: getIdentityAddress null retruning 70:94:CD:A3:54:DC
07-17 10:40:36.621  4999  5056 D com.android.bluetooth.ble.app.o1: setScanedData: Name: JBL TOUR PRO 2address: XX:XX:XX:XX:54:DC
07-17 10:40:36.627  1162  2845 E CamX    : [ERROR][NCS    ] camxncsservice.cpp:1007 EnqueueJob() Can not enqueue jobs when thread is stopped
07-17 10:40:36.657  1161  6739 I vendor.qti.bluetooth@1.0-ibs_handler: ProcessIbsCmd: Received IBS_SLEEP_IND: 0xFE
07-17 10:40:36.657  1161  6739 D vendor.qti.bluetooth@1.0-ibs_handler: SerialClockVote: vote for UART CLK OFF
07-17 10:40:36.808  1161  6726 D vendor.qti.bluetooth@1.0-wake_lock: Release wakelock is released 
07-17 10:40:36.828  1162  2845 E CamX    : [ERROR][NCS    ] camxncsservice.cpp:1007 EnqueueJob() Can not enqueue jobs when thread is stopped
07-17 10:40:37.027  1162  2845 E CamX    : [ERROR][NCS    ] camxncsservice.cpp:1007 EnqueueJob() Can not enqueue jobs when thread is stopped
07-17 10:40:37.227  1162  2845 E CamX    : [ERROR][NCS    ] camxncsservice.cpp:1007 EnqueueJob() Can not enqueue jobs when thread is stopped
07-17 10:40:37.248  4647 25794 D AudioTrackImpl: [audioTrackData][fine] 45s(f:45057 m:0 s:0 k:0 z:0) : pid 4647 uid 10278 sessionId 2993 sr 44100 ch 2 fmt 1 maxAmplitude 3237
07-17 10:40:37.250  1161  6739 I vendor.qti.bluetooth@1.0-ibs_handler: ProcessIbsCmd: Received IBS_WAKE_IND: 0xFD
07-17 10:40:37.250  1161  6739 D vendor.qti.bluetooth@1.0-ibs_handler: SerialClockVote: vote for UART CLK ON
07-17 10:40:37.251  1161  6739 D vendor.qti.bluetooth@1.0-wake_lock: Acquire wakelock is acquired 
07-17 10:40:37.251  1161  6739 I vendor.qti.bluetooth@1.0-ibs_handler: ProcessIbsCmd: Writing IBS_WAKE_ACK
07-17 10:40:37.253  6602  6745 I bt_stack: [INFO:btm_ble_gap.cc(3495)] btm_ble_process_adv_pkt_cont Data Complete 70:94:cd:a3:54:dc
07-17 10:40:37.253  6602  6745 I bt_stack: [INFO:btm_ble_gap.cc(3495)] btm_ble_process_adv_pkt_cont Data Complete 70:94:cd:a3:54:dc
07-17 10:40:37.253  6602  6745 D bt_btm_ble: bool parse_adv_audio_uuids_from_adv_pkt(const uint8_t *, size_t, uint8_t): tmap_cap_pts: false
07-17 10:40:37.255  6602  6721 D BluetoothRemoteDevices:  getMappingAddr null
07-17 10:40:37.255  6602  6721 D BluetoothAdapterService: getIdentityAddress null retruning 70:94:CD:A3:54:DC
07-17 10:40:37.255  4999  5056 D com.android.bluetooth.ble.app.o1: setScanedData: Name: JBL TOUR PRO 2address: XX:XX:XX:XX:54:DC
07-17 10:40:37.292  1161  6739 I vendor.qti.bluetooth@1.0-ibs_handler: ProcessIbsCmd: Received IBS_SLEEP_IND: 0xFE
07-17 10:40:37.292  1161  6739 D vendor.qti.bluetooth@1.0-ibs_handler: SerialClockVote: vote for UART CLK OFF
07-17 10:40:37.428  1162  2845 E CamX    : [ERROR][NCS    ] camxncsservice.cpp:1007 EnqueueJob() Can not enqueue jobs when thread is stopped
07-17 10:40:37.443  1161  6726 D vendor.qti.bluetooth@1.0-wake_lock: Release wakelock is released 
07-17 10:40:37.627  1162  2845 E CamX    : [ERROR][NCS    ] camxncsservice.cpp:1007 EnqueueJob() Can not enqueue jobs when thread is stopped
07-17 10:40:37.827  1162  2845 E CamX    : [ERROR][NCS    ] camxncsservice.cpp:1007 EnqueueJob() Can not enqueue jobs when thread is stopped
07-17 10:40:37.899  1161  6739 I vendor.qti.bluetooth@1.0-ibs_handler: ProcessIbsCmd: Received IBS_WAKE_IND: 0xFD
07-17 10:40:37.899  1161  6739 D vendor.qti.bluetooth@1.0-ibs_handler: SerialClockVote: vote for UART CLK ON
07-17 10:40:37.900  1161  6739 D vendor.qti.bluetooth@1.0-wake_lock: Acquire wakelock is acquired 
07-17 10:40:37.900  1161  6739 I vendor.qti.bluetooth@1.0-ibs_handler: ProcessIbsCmd: Writing IBS_WAKE_ACK
07-17 10:40:37.902  6602  6745 I bt_stack: [INFO:btm_ble_gap.cc(3495)] btm_ble_process_adv_pkt_cont Data Complete 70:94:cd:a3:54:dc
07-17 10:40:37.903  6602  6745 I bt_stack: [INFO:btm_ble_gap.cc(3495)] btm_ble_process_adv_pkt_cont Data Complete 70:94:cd:a3:54:dc
07-17 10:40:37.903  6602  6745 D bt_btm_ble: bool parse_adv_audio_uuids_from_adv_pkt(const uint8_t *, size_t, uint8_t): tmap_cap_pts: false
07-17 10:40:37.905  6602  6721 D BluetoothRemoteDevices:  getMappingAddr null
07-17 10:40:37.905  6602  6721 D BluetoothAdapterService: getIdentityAddress null retruning 70:94:CD:A3:54:DC
07-17 10:40:37.906  4999  5056 D com.android.bluetooth.ble.app.o1: setScanedData: Name: JBL TOUR PRO 2address: XX:XX:XX:XX:54:DC
07-17 10:40:37.941  1161  6739 I vendor.qti.bluetooth@1.0-ibs_handler: ProcessIbsCmd: Received IBS_SLEEP_IND: 0xFE
07-17 10:40:37.941  1161  6739 D vendor.qti.bluetooth@1.0-ibs_handler: SerialClockVote: vote for UART CLK OFF
07-17 10:40:38.028  1162  2845 E CamX    : [ERROR][NCS    ] camxncsservice.cpp:1007 EnqueueJob() Can not enqueue jobs when thread is stopped
07-17 10:40:38.092  1161  6726 D vendor.qti.bluetooth@1.0-wake_lock: Release wakelock is released 
07-17 10:40:38.227  1162  2845 E CamX    : [ERROR][NCS    ] camxncsservice.cpp:1007 EnqueueJob() Can not enqueue jobs when thread is stopped
07-17 10:40:38.427  1162  2845 E CamX    : [ERROR][NCS    ] camxncsservice.cpp:1007 EnqueueJob() Can not enqueue jobs when thread is stopped
07-17 10:40:38.536  1161  6739 I vendor.qti.bluetooth@1.0-ibs_handler: ProcessIbsCmd: Received IBS_WAKE_IND: 0xFD
07-17 10:40:38.536  1161  6739 D vendor.qti.bluetooth@1.0-ibs_handler: SerialClockVote: vote for UART CLK ON
07-17 10:40:38.537  1161  6739 D vendor.qti.bluetooth@1.0-wake_lock: Acquire wakelock is acquired 
07-17 10:40:38.537  1161  6739 I vendor.qti.bluetooth@1.0-ibs_handler: ProcessIbsCmd: Writing IBS_WAKE_ACK
07-17 10:40:38.540  6602  6745 I bt_stack: [INFO:btm_ble_gap.cc(3495)] btm_ble_process_adv_pkt_cont Data Complete 70:94:cd:a3:54:dc
07-17 10:40:38.540  6602  6745 I bt_stack: [INFO:btm_ble_gap.cc(3495)] btm_ble_process_adv_pkt_cont Data Complete 70:94:cd:a3:54:dc
07-17 10:40:38.540  6602  6745 D bt_btm_ble: bool parse_adv_audio_uuids_from_adv_pkt(const uint8_t *, size_t, uint8_t): tmap_cap_pts: false
07-17 10:40:38.542  6602  6721 D BluetoothRemoteDevices:  getMappingAddr null
07-17 10:40:38.542  4999  5056 D com.android.bluetooth.ble.app.o1: setScanedData: Name: JBL TOUR PRO 2address: XX:XX:XX:XX:54:DC
07-17 10:40:38.542  6602  6721 D BluetoothAdapterService: getIdentityAddress null retruning 70:94:CD:A3:54:DC
07-17 10:40:38.578  1161  6739 I vendor.qti.bluetooth@1.0-ibs_handler: ProcessIbsCmd: Received IBS_SLEEP_IND: 0xFE
07-17 10:40:38.578  1161  6739 D vendor.qti.bluetooth@1.0-ibs_handler: SerialClockVote: vote for UART CLK OFF
07-17 10:40:38.627  1162  2845 E CamX    : [ERROR][NCS    ] camxncsservice.cpp:1007 EnqueueJob() Can not enqueue jobs when thread is stopped
07-17 10:40:38.729  1161  6726 D vendor.qti.bluetooth@1.0-wake_lock: Release wakelock is released 
07-17 10:40:38.828  1162  2845 E CamX    : [ERROR][NCS    ] camxncsservice.cpp:1007 EnqueueJob() Can not enqueue jobs when thread is stopped
07-17 10:40:38.844  2022  2022 I wificond: station_bandwidth: 
07-17 10:40:38.941  2085  2991 D MiuiNetworkPolicy: updateLimit mLimitEnabled=false,enabled=true,mNetworkPriorityMode=255,mThermalForceMode=0
07-17 10:40:38.942  2085  2991 I MiuiNetworkPolicy: getEnableLimitTimeout when thermal mode is:0
07-17 10:40:39.028  1162  2845 E CamX    : [ERROR][NCS    ] camxncsservice.cpp:1007 EnqueueJob() Can not enqueue jobs when thread is stopped
07-17 10:40:39.227  1162  2845 E CamX    : [ERROR][NCS    ] camxncsservice.cpp:1007 EnqueueJob() Can not enqueue jobs when thread is stopped
07-17 10:40:39.280  1161  6739 I vendor.qti.bluetooth@1.0-ibs_handler: ProcessIbsCmd: Received IBS_WAKE_IND: 0xFD
07-17 10:40:39.281  1161  6739 D vendor.qti.bluetooth@1.0-ibs_handler: SerialClockVote: vote for UART CLK ON
07-17 10:40:39.282  1161  6739 D vendor.qti.bluetooth@1.0-wake_lock: Acquire wakelock is acquired 
07-17 10:40:39.282  1161  6739 I vendor.qti.bluetooth@1.0-ibs_handler: ProcessIbsCmd: Writing IBS_WAKE_ACK
07-17 10:40:39.284  6602  6745 I bt_stack: [INFO:btm_ble_gap.cc(3495)] btm_ble_process_adv_pkt_cont Data Complete 70:94:cd:a3:54:dc
07-17 10:40:39.284  6602  6745 I bt_stack: [INFO:btm_ble_gap.cc(3495)] btm_ble_process_adv_pkt_cont Data Complete 70:94:cd:a3:54:dc
07-17 10:40:39.284  6602  6745 D bt_btm_ble: bool parse_adv_audio_uuids_from_adv_pkt(const uint8_t *, size_t, uint8_t): tmap_cap_pts: false
07-17 10:40:39.287  6602  6721 D BluetoothRemoteDevices:  getMappingAddr null
07-17 10:40:39.287  4999  5056 D com.android.bluetooth.ble.app.o1: setScanedData: Name: JBL TOUR PRO 2address: XX:XX:XX:XX:54:DC
07-17 10:40:39.287  6602  6721 D BluetoothAdapterService: getIdentityAddress null retruning 70:94:CD:A3:54:DC
07-17 10:40:39.323  1161  6739 I vendor.qti.bluetooth@1.0-ibs_handler: ProcessIbsCmd: Received IBS_SLEEP_IND: 0xFE
07-17 10:40:39.323  1161  6739 D vendor.qti.bluetooth@1.0-ibs_handler: SerialClockVote: vote for UART CLK OFF
07-17 10:40:39.427  1162  2845 E CamX    : [ERROR][NCS    ] camxncsservice.cpp:1007 EnqueueJob() Can not enqueue jobs when thread is stopped
07-17 10:40:39.473  1161  6726 D vendor.qti.bluetooth@1.0-wake_lock: Release wakelock is released 
07-17 10:40:39.506  1288 20582 I QC2Comp : [avcD_556] Stats: Pending(7) i/p-done(3) Works: Q: 29/Done 24|Work-Rate: Q(0.0/s Avg=0.0/s) Done(0.000/s Avg=0.000/s)| Stream: 30.00fps 1.1Mbps
07-17 10:40:39.506  1288 20582 I QC2Comp : Mem-usage:  [In-1D - 6 bufs 17.930 MB] [1D-0 - 13 bufs 0.203 MB] [2D-146 - 21 bufs 20.016 MB]
07-17 10:40:39.506  1288 20582 I QC2Comp : Total Mem-usage: 38.148 MB
07-17 10:40:39.628  1162  2845 E CamX    : [ERROR][NCS    ] camxncsservice.cpp:1007 EnqueueJob() Can not enqueue jobs when thread is stopped
07-17 10:40:39.827  1162  2845 E CamX    : [ERROR][NCS    ] camxncsservice.cpp:1007 EnqueueJob() Can not enqueue jobs when thread is stopped
07-17 10:40:39.912  1161  6739 I vendor.qti.bluetooth@1.0-ibs_handler: ProcessIbsCmd: Received IBS_WAKE_IND: 0xFD
07-17 10:40:39.912  1161  6739 D vendor.qti.bluetooth@1.0-ibs_handler: SerialClockVote: vote for UART CLK ON
07-17 10:40:39.913  1161  6739 D vendor.qti.bluetooth@1.0-wake_lock: Acquire wakelock is acquired 
07-17 10:40:39.913  1161  6739 I vendor.qti.bluetooth@1.0-ibs_handler: ProcessIbsCmd: Writing IBS_WAKE_ACK
07-17 10:40:39.915  6602  6745 I bt_stack: [INFO:btm_ble_gap.cc(3495)] btm_ble_process_adv_pkt_cont Data Complete 70:94:cd:a3:54:dc
07-17 10:40:39.915  6602  6745 I bt_stack: [INFO:btm_ble_gap.cc(3495)] btm_ble_process_adv_pkt_cont Data Complete 70:94:cd:a3:54:dc
07-17 10:40:39.915  6602  6745 D bt_btm_ble: bool parse_adv_audio_uuids_from_adv_pkt(const uint8_t *, size_t, uint8_t): tmap_cap_pts: false
07-17 10:40:39.917  6602  6721 D BluetoothRemoteDevices:  getMappingAddr null
07-17 10:40:39.918  6602  6721 D BluetoothAdapterService: getIdentityAddress null retruning 70:94:CD:A3:54:DC
07-17 10:40:39.918  4999  5056 D com.android.bluetooth.ble.app.o1: setScanedData: Name: JBL TOUR PRO 2address: XX:XX:XX:XX:54:DC
07-17 10:40:39.954  1161  6739 I vendor.qti.bluetooth@1.0-ibs_handler: ProcessIbsCmd: Received IBS_SLEEP_IND: 0xFE
07-17 10:40:39.954  1161  6739 D vendor.qti.bluetooth@1.0-ibs_handler: SerialClockVote: vote for UART CLK OFF
07-17 10:40:40.027  1162  2845 E CamX    : [ERROR][NCS    ] camxncsservice.cpp:1007 EnqueueJob() Can not enqueue jobs when thread is stopped
07-17 10:40:40.105  1161  6726 D vendor.qti.bluetooth@1.0-wake_lock: Release wakelock is released 
07-17 10:40:40.228  1162  2845 E CamX    : [ERROR][NCS    ] camxncsservice.cpp:1007 EnqueueJob() Can not enqueue jobs when thread is stopped
07-17 10:40:40.428  1162  2845 E CamX    : [ERROR][NCS    ] camxncsservice.cpp:1007 EnqueueJob() Can not enqueue jobs when thread is stopped
07-17 10:40:40.539  1161  6739 I vendor.qti.bluetooth@1.0-ibs_handler: ProcessIbsCmd: Received IBS_WAKE_IND: 0xFD
07-17 10:40:40.540  1161  6739 D vendor.qti.bluetooth@1.0-ibs_handler: SerialClockVote: vote for UART CLK ON
07-17 10:40:40.540  1161  6739 D vendor.qti.bluetooth@1.0-wake_lock: Acquire wakelock is acquired 
07-17 10:40:40.541  1161  6739 I vendor.qti.bluetooth@1.0-ibs_handler: ProcessIbsCmd: Writing IBS_WAKE_ACK
07-17 10:40:40.543  6602  6745 I bt_stack: [INFO:btm_ble_gap.cc(3495)] btm_ble_process_adv_pkt_cont Data Complete 70:94:cd:a3:54:dc
07-17 10:40:40.543  6602  6745 I bt_stack: [INFO:btm_ble_gap.cc(3495)] btm_ble_process_adv_pkt_cont Data Complete 70:94:cd:a3:54:dc
07-17 10:40:40.543  6602  6745 D bt_btm_ble: bool parse_adv_audio_uuids_from_adv_pkt(const uint8_t *, size_t, uint8_t): tmap_cap_pts: false
07-17 10:40:40.545  6602  6721 D BluetoothRemoteDevices:  getMappingAddr null
07-17 10:40:40.545  4999  5056 D com.android.bluetooth.ble.app.o1: setScanedData: Name: JBL TOUR PRO 2address: XX:XX:XX:XX:54:DC
07-17 10:40:40.545  6602  6721 D BluetoothAdapterService: getIdentityAddress null retruning 70:94:CD:A3:54:DC
07-17 10:40:40.582  1161  6739 I vendor.qti.bluetooth@1.0-ibs_handler: ProcessIbsCmd: Received IBS_SLEEP_IND: 0xFE
07-17 10:40:40.582  1161  6739 D vendor.qti.bluetooth@1.0-ibs_handler: SerialClockVote: vote for UART CLK OFF
07-17 10:40:40.629  1162  2845 E CamX    : [ERROR][NCS    ] camxncsservice.cpp:1007 EnqueueJob() Can not enqueue jobs when thread is stopped
07-17 10:40:40.733  1161  6726 D vendor.qti.bluetooth@1.0-wake_lock: Release wakelock is released 
07-17 10:40:40.808  2085  4063 D SLM-SRV-SLAService: checktemp temperature = 40221 temperature_average = 40253 isPerformanceMode = false thermal_enable_slm = true
07-17 10:40:40.827  1162  2845 E CamX    : [ERROR][NCS    ] camxncsservice.cpp:1007 EnqueueJob() Can not enqueue jobs when thread is stopped
07-17 10:40:41.027  1162  2845 E CamX    : [ERROR][NCS    ] camxncsservice.cpp:1007 EnqueueJob() Can not enqueue jobs when thread is stopped
07-17 10:40:41.227  1162  2845 E CamX    : [ERROR][NCS    ] camxncsservice.cpp:1007 EnqueueJob() Can not enqueue jobs when thread is stopped
07-17 10:40:41.253  4647 25798 I MediaCodec: [mId: 2] [audio-debug-dec] Stats over last 5005ms:
07-17 10:40:41.253  4647 25798 I MediaCodec: [mId: 2] [audio-debug-dec] ClientName: com.facebook.katana ComponentName: c2.android.aac.decoder
07-17 10:40:41.253  4647 25798 I MediaCodec: [mId: 2] [audio-debug-dec] Qinput: 0, DQinput: 0 success out of 5 tries
07-17 10:40:41.253  4647 25798 I MediaCodec: [mId: 2] [audio-debug-dec] Render: 0, Drop: 0, DQoutput: 0 success out of 0 tries
07-17 10:40:41.259 20452 20495 D AudioTrackImpl: [audioTrackData][fine] 50s(f:50054 m:0 s:0 k:0 z:0) : pid 20452 uid 10185 sessionId 3401 sr 44100 ch 2 fmt 1 maxAmplitude 12744
07-17 10:40:41.276  1161  6739 I vendor.qti.bluetooth@1.0-ibs_handler: ProcessIbsCmd: Received IBS_WAKE_IND: 0xFD
07-17 10:40:41.277  1161  6739 D vendor.qti.bluetooth@1.0-ibs_handler: SerialClockVote: vote for UART CLK ON
07-17 10:40:41.277  1161  6739 D vendor.qti.bluetooth@1.0-wake_lock: Acquire wakelock is acquired 
07-17 10:40:41.277  1161  6739 I vendor.qti.bluetooth@1.0-ibs_handler: ProcessIbsCmd: Writing IBS_WAKE_ACK
07-17 10:40:41.278  6602  6745 I bt_stack: [INFO:btm_ble_gap.cc(3495)] btm_ble_process_adv_pkt_cont Data Complete 70:94:cd:a3:54:dc
07-17 10:40:41.279  6602  6745 I bt_stack: [INFO:btm_ble_gap.cc(3495)] btm_ble_process_adv_pkt_cont Data Complete 70:94:cd:a3:54:dc
