07-17 10:40:08.564 16333 16333 I GoogleInputMethodService: GoogleInputMethodService.onStartInput():1459 onStartInput(EditorInfo{EditorInfo{packageName=com.zendo.app, inputType=80001, inputTypeString=Normal[NoSuggestion], enableLearning=true, autoCorrection=true, autoComplete=true, imeOptions=3, privateImeOptions=null, actionName=SEARCH, actionLabel=null, initialSelStart=0, initialSelEnd=0, initialCapsMode=3000, label=null, fieldId=1949, fieldName=null, extras=Bundle[mParcelledData.dataSize=308], hintText=non-empty, hintLocales=[]}}, true)
07-17 10:40:08.564 16333 16333 W SessionManager: SessionManager.beginSession():72 Try to begin an already begun session [INPUT_SESSION], end it first
07-17 10:40:08.564 16333 16333 W LatinIMEBase: LatinIMEBase.updateInputViewCoverNavigation():322 Null input view, cannot update padding!
07-17 10:40:08.565 16333  6166 I Module  : DeviceLockedStatusModuleProvider$Module.updateDeviceLockedStatusInternal():128 repeatCheckTimes = 1, locked = false
07-17 10:40:08.566  2085  9321 W PackageConfigPersister: App-specific configuration not found for packageName: com.zendo.app and userId: 0
07-17 10:40:08.571  1459  1459 D RefreshRateSelector: Touch Boost
07-17 10:40:08.571  1459  1459 D MI-SF   : mIsSupportAutomodeForMaxFpsSetting is 0(0), getCurrentBrightness() = 24(653), mIsKeepAutoMode 0
07-17 10:40:08.571  1459  1459 D RefreshRateSelector: fixedMode_group: 0, isFindModeGroup 0
07-17 10:40:08.571  1459  1459 D RefreshRateSelector: find max refresh rate:120, mode Group:0
07-17 10:40:08.571  9789 10067 W Settings: Setting device_provisioned has moved from android.provider.Settings.Secure to android.provider.Settings.Global.
07-17 10:40:08.572  9789 10067 I JoyoseCloudControlManager3: network metered changed, network metered: false, deviceProvisioned: true, scAllowConn: true, try to setNetworkAccessEnabled: true
07-17 10:40:08.579 22886 22937 I BugleRcsEngine: handleMessage processing message:[NOTIFY_UPTIME_IGNORE_STATE_CHANGED] with [non-null]:RcsEngineImpl reference [CONTEXT log_prefix="RcsEngineImpl[DUAL_REG]:[838c36b5-e84c]>Handler" thread_id=4408 ]
07-17 10:40:08.580 22886 22929 I BugleRcsEngine: Connected state: [1], networkType: [WIFI] [CONTEXT thread_id=4401 ]
07-17 10:40:08.581 22886 22937 I BugleRcsEngine: Cannot use CS.apk as it's battery optimized [CONTEXT thread_id=4408 ]
07-17 10:40:08.581  4192  5407 E PhoneInterfaceManager: getCarrierPrivilegeStatusForUid: Invalid subId
07-17 10:40:08.584  2085  3006 D ConnectivityService: NetReassign [no changes] [c 0] [a 1] [i 0]
07-17 10:40:08.586  2085  5200 I ClipboardServiceI: checkProviderWakePathForClipboard: primaryClip is null
07-17 10:40:08.586  2085  5200 I SmartPower: com.google.android.apps.messaging/10188(1220): idle->background(12134ms) R(content provider start ContentProviderRecord{aab2916 u0 com.google.android.apps.messaging/.shared.datamodel.provider.sharedstorage.SharedStorageProvider}) adj=200.
07-17 10:40:08.589  8955  8955 I NetBusNetworkMonitor: gateway=192.*.*.1
07-17 10:40:08.589 30342  5870 I NearbyMediums: Wifi changed new SSID: "Zelda"
07-17 10:40:08.589 30342  5870 I NearbyMediums: WifiLanConnectivityInfo is not changed, skip notify.
07-17 10:40:08.594  8955  8955 I NetBusNetworkMonitor: addConnectNetworkInterface mediumType:256, detail:NetworkDetailInfo{mIsConnected=false, mNetworkType=0, mIpAddress=192.*.*.106, mIfName=wlan0, mGateway=192.*.*.1, mNetmask=255.*.*.0}
07-17 10:40:08.594  8955  8955 I NetBusNetworkMonitor: onCapabilitiesChanged handle=505916870669, mediumType=256, ifName=wlan0
07-17 10:40:08.627  1162  2845 E CamX    : [ERROR][NCS    ] camxncsservice.cpp:1007 EnqueueJob() Can not enqueue jobs when thread is stopped
07-17 10:40:08.702  2085  4746 D PerfShielderService: com.android.systemui|StatusBar|586|1078641325586496|459|0|2
07-17 10:40:08.703  6240  6273 W MiuiPerfServiceClient: interceptAndQueuing:4235|com.android.systemui|586|459|1078641325586496|Slow main thread|2
07-17 10:40:08.827  1162  2845 E CamX    : [ERROR][NCS    ] camxncsservice.cpp:1007 EnqueueJob() Can not enqueue jobs when thread is stopped
07-17 10:40:08.930  2085  2991 D MiuiNetworkPolicy: updateLimit mLimitEnabled=false,enabled=true,mNetworkPriorityMode=255,mThermalForceMode=0
07-17 10:40:08.931  2085  2991 I MiuiNetworkPolicy: getEnableLimitTimeout when thermal mode is:0
07-17 10:40:09.028  1162  2845 E CamX    : [ERROR][NCS    ] camxncsservice.cpp:1007 EnqueueJob() Can not enqueue jobs when thread is stopped
07-17 10:40:09.073  2085  4746 D PerfShielderService: com.zendo.app|com.zendo.app/com.zendo.app.MainActivity|180|1078642255753579|180|0|1
07-17 10:40:09.074  6240  6273 W MiuiPerfServiceClient: interceptAndQueuing:32541|com.zendo.app|180|180|1078642255753579|Slow main thread|1
07-17 10:40:09.081 30342  5870 I NearbySharing: Network state changed: NetworkState(isRestricted=false, isOnline=true, isCongested=false, isMetered=false, isWifiConnected=true)
07-17 10:40:09.081  1459  1459 D RefreshRateSelector: Touch Boost
07-17 10:40:09.081  1459  1459 D MI-SF   : mIsSupportAutomodeForMaxFpsSetting is 0(0), getCurrentBrightness() = 24(653), mIsKeepAutoMode 0
07-17 10:40:09.081  1459  1459 D RefreshRateSelector: fixedMode_group: 0, isFindModeGroup 0
07-17 10:40:09.081  1459  1459 D RefreshRateSelector: find max refresh rate:120, mode Group:0
07-17 10:40:09.199  4003  4003 I adbd    : adbd service requested 'shell,v2,raw:settings get system font_scale'
07-17 10:40:09.227  1162  2845 E CamX    : [ERROR][NCS    ] camxncsservice.cpp:1007 EnqueueJob() Can not enqueue jobs when thread is stopped
07-17 10:40:09.298  4003  4003 I adbd    : adbd service requested 'shell,v2,raw:cmd uimode night'
07-17 10:40:09.421  4003  4003 I adbd    : adbd service requested 'shell,v2,raw:settings get secure navigation_mode'
07-17 10:40:09.427  1162  2845 E CamX    : [ERROR][NCS    ] camxncsservice.cpp:1007 EnqueueJob() Can not enqueue jobs when thread is stopped
07-17 10:40:09.502  1288 20582 I QC2Comp : [avcD_556] Stats: Pending(7) i/p-done(3) Works: Q: 29/Done 24|Work-Rate: Q(0.0/s Avg=0.0/s) Done(0.000/s Avg=0.000/s)| Stream: 30.00fps 1.1Mbps
07-17 10:40:09.502  1288 20582 I QC2Comp : Mem-usage:  [In-1D - 6 bufs 17.930 MB] [1D-0 - 13 bufs 0.203 MB] [2D-146 - 21 bufs 20.016 MB]
07-17 10:40:09.502  1288 20582 I QC2Comp : Total Mem-usage: 38.148 MB
07-17 10:40:09.548  4003  4003 I adbd    : adbd service requested 'exec:screencap '-p''
07-17 10:40:09.587  1259  1539 E SDM     : HWCSession::GetClientTargetProperty: GetClinetTargetProperty interface enter
07-17 10:40:09.591  1271  1327 E ANDR-PERF-OPTSHANDLER: Cannot open/create foreground cgroup file
07-17 10:40:09.588  1271  1271 W perf@2.2-servic: type=1400 audit(0.0:327889): avc:  denied  { dac_override } for  capability=1  scontext=u:r:vendor_hal_perf_default:s0 tcontext=u:r:vendor_hal_perf_default:s0 tclass=capability permissive=0
07-17 10:40:09.591  1459  1459 I MI-SF   : surfaceflinger setAffinity mode=1
07-17 10:40:09.591  1459  1459 I MI-SF   : surfaceflinger setreAffinity reTid=1552
07-17 10:40:09.600  1271  1327 E ANDR-PERF-OPTSHANDLER: Cannot open/create system background cgroup file
07-17 10:40:09.596  1271  1271 W perf@2.2-servic: type=1400 audit(0.0:327890): avc:  denied  { dac_override } for  capability=1  scontext=u:r:vendor_hal_perf_default:s0 tcontext=u:r:vendor_hal_perf_default:s0 tclass=capability permissive=0
07-17 10:40:09.627  1162  2845 E CamX    : [ERROR][NCS    ] camxncsservice.cpp:1007 EnqueueJob() Can not enqueue jobs when thread is stopped
07-17 10:40:09.653  6201  6201 W libc    : Access denied finding property "ro.vendor.audio.zoom.support"
07-17 10:40:09.653  6201  6201 W libc    : Access denied finding property "ro.vendor.audio.zoom.support"
07-17 10:40:09.648  6201  6201 W screencap: type=1400 audit(0.0:327891): avc:  denied  { read } for  name="u:object_r:vendor_audio_prop:s0" dev="tmpfs" ino=13198 scontext=u:r:shell:s0 tcontext=u:object_r:vendor_audio_prop:s0 tclass=file permissive=0
07-17 10:40:09.648  6201  6201 W screencap: type=1400 audit(0.0:327892): avc:  denied  { read } for  name="u:object_r:vendor_audio_prop:s0" dev="tmpfs" ino=13198 scontext=u:r:shell:s0 tcontext=u:object_r:vendor_audio_prop:s0 tclass=file permissive=0
07-17 10:40:09.655  6201  6201 W libc    : Access denied finding property "ro.vendor.audio.zoom.support"
07-17 10:40:09.652  6201  6201 W screencap: type=1400 audit(0.0:327893): avc:  denied  { read } for  name="u:object_r:vendor_audio_prop:s0" dev="tmpfs" ino=13198 scontext=u:r:shell:s0 tcontext=u:object_r:vendor_audio_prop:s0 tclass=file permissive=0
07-17 10:40:09.656  6201  6201 W libc    : Access denied finding property "ro.vendor.audio.zoom.support"
07-17 10:40:09.656  6201  6201 W libc    : Access denied finding property "ro.vendor.audio.zoom.support"
07-17 10:40:09.652  6201  6201 W screencap: type=1400 audit(0.0:327894): avc:  denied  { read } for  name="u:object_r:vendor_audio_prop:s0" dev="tmpfs" ino=13198 scontext=u:r:shell:s0 tcontext=u:object_r:vendor_audio_prop:s0 tclass=file permissive=0
07-17 10:40:09.652  6201  6201 W screencap: type=1400 audit(0.0:327895): avc:  denied  { read } for  name="u:object_r:vendor_audio_prop:s0" dev="tmpfs" ino=13198 scontext=u:r:shell:s0 tcontext=u:object_r:vendor_audio_prop:s0 tclass=file permissive=0
07-17 10:40:09.659  6201  6201 W BpBinder: Linking to death on android.gui.ISurfaceComposer but there are no threads (yet?) listening to incoming transactions. See ProcessState::startThreadPool and ProcessState::setThreadPoolMaxThreadCount. Generally you should setup the binder threadpool before other initialization steps.
07-17 10:40:09.659  6201  6201 W ProcessState: Extra binder thread started, but 0 threads requested. Do not use *startThreadPool when zero threads are requested.
07-17 10:40:09.827  1162  2845 E CamX    : [ERROR][NCS    ] camxncsservice.cpp:1007 EnqueueJob() Can not enqueue jobs when thread is stopped
07-17 10:40:09.873  6201  6201 I DoViGenericTag: Logger Terminated
07-17 10:40:10.027  1162  2845 E CamX    : [ERROR][NCS    ] camxncsservice.cpp:1007 EnqueueJob() Can not enqueue jobs when thread is stopped
07-17 10:40:10.082  1459  1459 I MI-SF   : surfaceflinger setAffinity mode=0
07-17 10:40:10.102  1161  6739 I vendor.qti.bluetooth@1.0-ibs_handler: ProcessIbsCmd: Received IBS_WAKE_IND: 0xFD
07-17 10:40:10.102  1161  6739 D vendor.qti.bluetooth@1.0-ibs_handler: SerialClockVote: vote for UART CLK ON
07-17 10:40:10.103  1161  6739 D vendor.qti.bluetooth@1.0-wake_lock: Acquire wakelock is acquired 
07-17 10:40:10.103  1161  6739 I vendor.qti.bluetooth@1.0-ibs_handler: ProcessIbsCmd: Writing IBS_WAKE_ACK
07-17 10:40:10.105  6602  6745 I bt_stack: [INFO:btm_ble_gap.cc(3495)] btm_ble_process_adv_pkt_cont Data Complete 70:94:cd:a3:54:dc
07-17 10:40:10.105  6602  6745 I bt_stack: [INFO:btm_ble_gap.cc(3495)] btm_ble_process_adv_pkt_cont Data Complete 70:94:cd:a3:54:dc
07-17 10:40:10.105  6602  6745 D bt_btm_ble: bool parse_adv_audio_uuids_from_adv_pkt(const uint8_t *, size_t, uint8_t): tmap_cap_pts: false
07-17 10:40:10.107  6602  6721 D BluetoothRemoteDevices:  getMappingAddr null
07-17 10:40:10.107  4999  5056 D com.android.bluetooth.ble.app.o1: setScanedData: Name: JBL TOUR PRO 2address: XX:XX:XX:XX:54:DC
07-17 10:40:10.107  6602  6721 D BluetoothAdapterService: getIdentityAddress null retruning 70:94:CD:A3:54:DC
07-17 10:40:10.144  1161  6739 I vendor.qti.bluetooth@1.0-ibs_handler: ProcessIbsCmd: Received IBS_SLEEP_IND: 0xFE
07-17 10:40:10.144  1161  6739 D vendor.qti.bluetooth@1.0-ibs_handler: SerialClockVote: vote for UART CLK OFF
07-17 10:40:10.228  1162  2845 E CamX    : [ERROR][NCS    ] camxncsservice.cpp:1007 EnqueueJob() Can not enqueue jobs when thread is stopped
07-17 10:40:10.233  1459  1783 D MI-SF   : mIsSupportAutomodeForMaxFpsSetting is 0(0), getCurrentBrightness() = 24(653), mIsKeepAutoMode 0
07-17 10:40:10.233  1459  1783 D RefreshRateSelector: fixedMode_group: 0, isFindModeGroup 0
07-17 10:40:10.233  1459  1783 D RefreshRateSelector: find max refresh rate:120, mode Group:0
07-17 10:40:10.233  1459  1783 D MI-SF   : mIsSupportAutomodeForMaxFpsSetting is 0(0), getCurrentBrightness() = 24(653), mIsKeepAutoMode 0
07-17 10:40:10.233  1459  1783 D RefreshRateSelector: fixedMode_group: 0, isFindModeGroup 0
07-17 10:40:10.233  1459  1783 D RefreshRateSelector: find max refresh rate:120, mode Group:0
07-17 10:40:10.233  1459  1783 D RefreshRateSelector: ForceSkipIdleTimer - choose 120.00 Hz
07-17 10:40:10.295  1161  6726 D vendor.qti.bluetooth@1.0-wake_lock: Release wakelock is released 
07-17 10:40:10.396  2085  3276 I SmartPower: com.google.android.inputmethod.latin/10170(16333): background->idle(3003ms) R(become invisible) adj=100.
07-17 10:40:10.427  1162  2845 E CamX    : [ERROR][NCS    ] camxncsservice.cpp:1007 EnqueueJob() Can not enqueue jobs when thread is stopped
07-17 10:40:10.628  1162  2845 E CamX    : [ERROR][NCS    ] camxncsservice.cpp:1007 EnqueueJob() Can not enqueue jobs when thread is stopped
07-17 10:40:10.777  2085  4063 D SLM-SRV-SLAService: checktemp temperature = 40132 temperature_average = 40185 isPerformanceMode = false thermal_enable_slm = true
07-17 10:40:10.827  1162  2845 E CamX    : [ERROR][NCS    ] camxncsservice.cpp:1007 EnqueueJob() Can not enqueue jobs when thread is stopped
07-17 10:40:10.849 19778 19797 I Finsky  : [9727] Stats for Executor: LightweightExecutor wds@482667f[Running, pool size = 4, active threads = 0, queued tasks = 0, completed tasks = 3389]
07-17 10:40:10.849 19778 19797 I Finsky  : [9727] Stats for Executor: BlockingExecutor wds@329f34d[Running, pool size = 0, active threads = 0, queued tasks = 0, completed tasks = 427]
07-17 10:40:10.849 19778 19797 I Finsky  : [9727] Stats for Executor: bgExecutor wds@a7051f1[Running, pool size = 4, active threads = 0, queued tasks = 0, completed tasks = 6494]
07-17 10:40:10.868 19778 19797 I Finsky  : [9727] Stats for Executor: GrpcBackgroundExecutor wds@5a08789[Running, pool size = 4, active threads = 0, queued tasks = 0, completed tasks = 17]
07-17 10:40:11.027  1162  2845 E CamX    : [ERROR][NCS    ] camxncsservice.cpp:1007 EnqueueJob() Can not enqueue jobs when thread is stopped
07-17 10:40:11.219  4647 25798 I MediaCodec: [mId: 2] [audio-debug-dec] Stats over last 5005ms:
07-17 10:40:11.219  4647 25798 I MediaCodec: [mId: 2] [audio-debug-dec] ClientName: com.facebook.katana ComponentName: c2.android.aac.decoder
07-17 10:40:11.219  4647 25798 I MediaCodec: [mId: 2] [audio-debug-dec] Qinput: 0, DQinput: 0 success out of 5 tries
07-17 10:40:11.220  4647 25798 I MediaCodec: [mId: 2] [audio-debug-dec] Render: 0, Drop: 0, DQoutput: 0 success out of 0 tries
07-17 10:40:11.226 20452 20495 D AudioTrackImpl: [audioTrackData][fine] 20s(f:20022 m:0 s:0 k:0 z:0) : pid 20452 uid 10185 sessionId 3401 sr 44100 ch 2 fmt 1 maxAmplitude 12744
07-17 10:40:11.227  1162  2845 E CamX    : [ERROR][NCS    ] camxncsservice.cpp:1007 EnqueueJob() Can not enqueue jobs when thread is stopped
07-17 10:40:11.427  1162  2845 E CamX    : [ERROR][NCS    ] camxncsservice.cpp:1007 EnqueueJob() Can not enqueue jobs when thread is stopped
07-17 10:40:11.476  1161  6739 I vendor.qti.bluetooth@1.0-ibs_handler: ProcessIbsCmd: Received IBS_WAKE_IND: 0xFD
07-17 10:40:11.476  1161  6739 D vendor.qti.bluetooth@1.0-ibs_handler: SerialClockVote: vote for UART CLK ON
07-17 10:40:11.477  1161  6739 D vendor.qti.bluetooth@1.0-wake_lock: Acquire wakelock is acquired 
07-17 10:40:11.478  1161  6739 I vendor.qti.bluetooth@1.0-ibs_handler: ProcessIbsCmd: Writing IBS_WAKE_ACK
07-17 10:40:11.480  6602  6745 I bt_stack: [INFO:btm_ble_gap.cc(3495)] btm_ble_process_adv_pkt_cont Data Complete 70:94:cd:a3:54:dc
07-17 10:40:11.480  6602  6745 I bt_stack: [INFO:btm_ble_gap.cc(3495)] btm_ble_process_adv_pkt_cont Data Complete 70:94:cd:a3:54:dc
07-17 10:40:11.480  6602  6745 D bt_btm_ble: bool parse_adv_audio_uuids_from_adv_pkt(const uint8_t *, size_t, uint8_t): tmap_cap_pts: false
07-17 10:40:11.482  6602  6721 D BluetoothRemoteDevices:  getMappingAddr null
07-17 10:40:11.482  4999  5056 D com.android.bluetooth.ble.app.o1: setScanedData: Name: JBL TOUR PRO 2address: XX:XX:XX:XX:54:DC
07-17 10:40:11.483  6602  6721 D BluetoothAdapterService: getIdentityAddress null retruning 70:94:CD:A3:54:DC
07-17 10:40:11.519  1161  6739 I vendor.qti.bluetooth@1.0-ibs_handler: ProcessIbsCmd: Received IBS_SLEEP_IND: 0xFE
07-17 10:40:11.519  1161  6739 D vendor.qti.bluetooth@1.0-ibs_handler: SerialClockVote: vote for UART CLK OFF
07-17 10:40:11.574  2022  2022 I wificond: station_bandwidth: 
07-17 10:40:11.586  2085  3276 I SmartPower: com.google.android.apps.messaging/10188(1220): background->idle(3000ms) R(content provider start ContentProviderRecord{aab2916 u0 com.google.android.apps.messaging/.shared.datamodel.provider.sharedstorage.SharedStorageProvider}) adj=200.
07-17 10:40:11.627  1162  2845 E CamX    : [ERROR][NCS    ] camxncsservice.cpp:1007 EnqueueJob() Can not enqueue jobs when thread is stopped
07-17 10:40:11.669  1161  6726 D vendor.qti.bluetooth@1.0-wake_lock: Release wakelock is released 
07-17 10:40:11.827  1162  2845 E CamX    : [ERROR][NCS    ] camxncsservice.cpp:1007 EnqueueJob() Can not enqueue jobs when thread is stopped
07-17 10:40:12.027  1162  2845 E CamX    : [ERROR][NCS    ] camxncsservice.cpp:1007 EnqueueJob() Can not enqueue jobs when thread is stopped
07-17 10:40:12.219  4647 25794 D AudioTrackImpl: [audioTrackData][fine] 20s(f:20028 m:0 s:0 k:0 z:0) : pid 4647 uid 10278 sessionId 2993 sr 44100 ch 2 fmt 1 maxAmplitude 3237
07-17 10:40:12.227  1162  2845 E CamX    : [ERROR][NCS    ] camxncsservice.cpp:1007 EnqueueJob() Can not enqueue jobs when thread is stopped
07-17 10:40:12.427  1162  2845 E CamX    : [ERROR][NCS    ] camxncsservice.cpp:1007 EnqueueJob() Can not enqueue jobs when thread is stopped
07-17 10:40:12.627  1162  2845 E CamX    : [ERROR][NCS    ] camxncsservice.cpp:1007 EnqueueJob() Can not enqueue jobs when thread is stopped
07-17 10:40:12.828  1162  2845 E CamX    : [ERROR][NCS    ] camxncsservice.cpp:1007 EnqueueJob() Can not enqueue jobs when thread is stopped
07-17 10:40:12.869  1161  6739 I vendor.qti.bluetooth@1.0-ibs_handler: ProcessIbsCmd: Received IBS_WAKE_IND: 0xFD
07-17 10:40:12.869  1161  6739 D vendor.qti.bluetooth@1.0-ibs_handler: SerialClockVote: vote for UART CLK ON
07-17 10:40:12.870  1161  6739 D vendor.qti.bluetooth@1.0-wake_lock: Acquire wakelock is acquired 
07-17 10:40:12.871  1161  6739 I vendor.qti.bluetooth@1.0-ibs_handler: ProcessIbsCmd: Writing IBS_WAKE_ACK
07-17 10:40:12.872  6602  6745 I bt_stack: [INFO:btm_ble_gap.cc(3495)] btm_ble_process_adv_pkt_cont Data Complete 70:94:cd:a3:54:dc
07-17 10:40:12.911  1161  6739 I vendor.qti.bluetooth@1.0-ibs_handler: ProcessIbsCmd: Received IBS_SLEEP_IND: 0xFE
07-17 10:40:12.912  1161  6739 D vendor.qti.bluetooth@1.0-ibs_handler: SerialClockVote: vote for UART CLK OFF
07-17 10:40:13.028  1162  2845 E CamX    : [ERROR][NCS    ] camxncsservice.cpp:1007 EnqueueJob() Can not enqueue jobs when thread is stopped
07-17 10:40:13.062  1161  6726 D vendor.qti.bluetooth@1.0-wake_lock: Release wakelock is released 
07-17 10:40:13.227  1162  2845 E CamX    : [ERROR][NCS    ] camxncsservice.cpp:1007 EnqueueJob() Can not enqueue jobs when thread is stopped
07-17 10:40:13.427  1162  2845 E CamX    : [ERROR][NCS    ] camxncsservice.cpp:1007 EnqueueJob() Can not enqueue jobs when thread is stopped
07-17 10:40:13.627  1162  2845 E CamX    : [ERROR][NCS    ] camxncsservice.cpp:1007 EnqueueJob() Can not enqueue jobs when thread is stopped
07-17 10:40:13.827  1162  2845 E CamX    : [ERROR][NCS    ] camxncsservice.cpp:1007 EnqueueJob() Can not enqueue jobs when thread is stopped
07-17 10:40:14.027  1162  2845 E CamX    : [ERROR][NCS    ] camxncsservice.cpp:1007 EnqueueJob() Can not enqueue jobs when thread is stopped
07-17 10:40:14.151  1161  6739 I vendor.qti.bluetooth@1.0-ibs_handler: ProcessIbsCmd: Received IBS_WAKE_IND: 0xFD
07-17 10:40:14.151  1161  6739 D vendor.qti.bluetooth@1.0-ibs_handler: SerialClockVote: vote for UART CLK ON
07-17 10:40:14.152  1161  6739 D vendor.qti.bluetooth@1.0-wake_lock: Acquire wakelock is acquired 
07-17 10:40:14.152  1161  6739 I vendor.qti.bluetooth@1.0-ibs_handler: ProcessIbsCmd: Writing IBS_WAKE_ACK
07-17 10:40:14.154  6602  6745 I bt_stack: [INFO:btm_ble_gap.cc(3495)] btm_ble_process_adv_pkt_cont Data Complete 70:94:cd:a3:54:dc
07-17 10:40:14.155  6602  6745 I bt_stack: [INFO:btm_ble_gap.cc(3495)] btm_ble_process_adv_pkt_cont Data Complete 70:94:cd:a3:54:dc
07-17 10:40:14.155  6602  6745 D bt_btm_ble: bool parse_adv_audio_uuids_from_adv_pkt(const uint8_t *, size_t, uint8_t): tmap_cap_pts: false
07-17 10:40:14.157  6602  6721 D BluetoothRemoteDevices:  getMappingAddr null
07-17 10:40:14.157  4999  5056 D com.android.bluetooth.ble.app.o1: setScanedData: Name: JBL TOUR PRO 2address: XX:XX:XX:XX:54:DC
07-17 10:40:14.157  6602  6721 D BluetoothAdapterService: getIdentityAddress null retruning 70:94:CD:A3:54:DC
07-17 10:40:14.193  1161  6739 I vendor.qti.bluetooth@1.0-ibs_handler: ProcessIbsCmd: Received IBS_SLEEP_IND: 0xFE
07-17 10:40:14.193  1161  6739 D vendor.qti.bluetooth@1.0-ibs_handler: SerialClockVote: vote for UART CLK OFF
07-17 10:40:14.227  1162  2845 E CamX    : [ERROR][NCS    ] camxncsservice.cpp:1007 EnqueueJob() Can not enqueue jobs when thread is stopped
07-17 10:40:14.344  1161  6726 D vendor.qti.bluetooth@1.0-wake_lock: Release wakelock is released 
07-17 10:40:14.427  1162  2845 E CamX    : [ERROR][NCS    ] camxncsservice.cpp:1007 EnqueueJob() Can not enqueue jobs when thread is stopped
07-17 10:40:14.503  1288 20582 I QC2Comp : [avcD_556] Stats: Pending(7) i/p-done(3) Works: Q: 29/Done 24|Work-Rate: Q(0.0/s Avg=0.0/s) Done(0.000/s Avg=0.000/s)| Stream: 30.00fps 1.1Mbps
07-17 10:40:14.503  1288 20582 I QC2Comp : Mem-usage:  [In-1D - 6 bufs 17.930 MB] [1D-0 - 13 bufs 0.203 MB] [2D-146 - 21 bufs 20.016 MB]
07-17 10:40:14.503  1288 20582 I QC2Comp : Total Mem-usage: 38.148 MB
07-17 10:40:14.614  2022  2022 I wificond: station_bandwidth: 
07-17 10:40:14.627  1162  2845 E CamX    : [ERROR][NCS    ] camxncsservice.cpp:1007 EnqueueJob() Can not enqueue jobs when thread is stopped
07-17 10:40:14.827  1162  2845 E CamX    : [ERROR][NCS    ] camxncsservice.cpp:1007 EnqueueJob() Can not enqueue jobs when thread is stopped
07-17 10:40:15.027  1162  2845 E CamX    : [ERROR][NCS    ] camxncsservice.cpp:1007 EnqueueJob() Can not enqueue jobs when thread is stopped
07-17 10:40:15.228  1162  2845 E CamX    : [ERROR][NCS    ] camxncsservice.cpp:1007 EnqueueJob() Can not enqueue jobs when thread is stopped
07-17 10:40:15.427  1162  2845 E CamX    : [ERROR][NCS    ] camxncsservice.cpp:1007 EnqueueJob() Can not enqueue jobs when thread is stopped
07-17 10:40:15.627  1162  2845 E CamX    : [ERROR][NCS    ] camxncsservice.cpp:1007 EnqueueJob() Can not enqueue jobs when thread is stopped
07-17 10:40:15.827  1162  2845 E CamX    : [ERROR][NCS    ] camxncsservice.cpp:1007 EnqueueJob() Can not enqueue jobs when thread is stopped
07-17 10:40:16.027  1162  2845 E CamX    : [ERROR][NCS    ] camxncsservice.cpp:1007 EnqueueJob() Can not enqueue jobs when thread is stopped
07-17 10:40:16.224  4647 25798 I MediaCodec: [mId: 2] [audio-debug-dec] Stats over last 5004ms:
07-17 10:40:16.224  4647 25798 I MediaCodec: [mId: 2] [audio-debug-dec] ClientName: com.facebook.katana ComponentName: c2.android.aac.decoder
07-17 10:40:16.224  4647 25798 I MediaCodec: [mId: 2] [audio-debug-dec] Qinput: 0, DQinput: 0 success out of 5 tries
07-17 10:40:16.224  4647 25798 I MediaCodec: [mId: 2] [audio-debug-dec] Render: 0, Drop: 0, DQoutput: 0 success out of 0 tries
07-17 10:40:16.227  1162  2845 E CamX    : [ERROR][NCS    ] camxncsservice.cpp:1007 EnqueueJob() Can not enqueue jobs when thread is stopped
07-17 10:40:16.231 20452 20495 D AudioTrackImpl: [audioTrackData][fine] 25s(f:25027 m:0 s:0 k:0 z:0) : pid 20452 uid 10185 sessionId 3401 sr 44100 ch 2 fmt 1 maxAmplitude 12744
07-17 10:40:16.427  1162  2845 E CamX    : [ERROR][NCS    ] camxncsservice.cpp:1007 EnqueueJob() Can not enqueue jobs when thread is stopped
07-17 10:40:16.628  1162  2845 E CamX    : [ERROR][NCS    ] camxncsservice.cpp:1007 EnqueueJob() Can not enqueue jobs when thread is stopped
07-17 10:40:16.633  2085  4061 I NetworkBoostStatusManager: handle: 105
07-17 10:40:16.635  2085  4061 D NetworkBoostStatusManager: isModemSingnalStrengthStatus signalStrength or serviceState is null
07-17 10:40:16.795  1161  6739 I vendor.qti.bluetooth@1.0-ibs_handler: ProcessIbsCmd: Received IBS_WAKE_IND: 0xFD
07-17 10:40:16.795  1161  6739 D vendor.qti.bluetooth@1.0-ibs_handler: SerialClockVote: vote for UART CLK ON
07-17 10:40:16.796  1161  6739 D vendor.qti.bluetooth@1.0-wake_lock: Acquire wakelock is acquired 
07-17 10:40:16.796  1161  6739 I vendor.qti.bluetooth@1.0-ibs_handler: ProcessIbsCmd: Writing IBS_WAKE_ACK
07-17 10:40:16.799  6602  6745 I bt_stack: [INFO:btm_ble_gap.cc(3495)] btm_ble_process_adv_pkt_cont Data Complete 70:94:cd:a3:54:dc
07-17 10:40:16.799  6602  6745 I bt_stack: [INFO:btm_ble_gap.cc(3495)] btm_ble_process_adv_pkt_cont Data Complete 70:94:cd:a3:54:dc
07-17 10:40:16.799  6602  6745 D bt_btm_ble: bool parse_adv_audio_uuids_from_adv_pkt(const uint8_t *, size_t, uint8_t): tmap_cap_pts: false
07-17 10:40:16.802  6602  6721 D BluetoothRemoteDevices:  getMappingAddr null
07-17 10:40:16.802  6602  6721 D BluetoothAdapterService: getIdentityAddress null retruning 70:94:CD:A3:54:DC
07-17 10:40:16.802  4999  5056 D com.android.bluetooth.ble.app.o1: setScanedData: Name: JBL TOUR PRO 2address: XX:XX:XX:XX:54:DC
07-17 10:40:16.827  1162  2845 E CamX    : [ERROR][NCS    ] camxncsservice.cpp:1007 EnqueueJob() Can not enqueue jobs when thread is stopped
07-17 10:40:16.837  1161  6739 I vendor.qti.bluetooth@1.0-ibs_handler: ProcessIbsCmd: Received IBS_SLEEP_IND: 0xFE
07-17 10:40:16.837  1161  6739 D vendor.qti.bluetooth@1.0-ibs_handler: SerialClockVote: vote for UART CLK OFF
07-17 10:40:16.858 16333 19421 I ProtoXDBBufferWrapper: ProtoXDBBufferWrapper.flushToStorage():158 Flushed 5 data item(s) to storage.
07-17 10:40:16.988  1161  6726 D vendor.qti.bluetooth@1.0-wake_lock: Release wakelock is released 
07-17 10:40:17.027  1162  2845 E CamX    : [ERROR][NCS    ] camxncsservice.cpp:1007 EnqueueJob() Can not enqueue jobs when thread is stopped
07-17 10:40:17.224  4647 25794 D AudioTrackImpl: [audioTrackData][fine] 25s(f:25034 m:0 s:0 k:0 z:0) : pid 4647 uid 10278 sessionId 2993 sr 44100 ch 2 fmt 1 maxAmplitude 3237
07-17 10:40:17.227  1162  2845 E CamX    : [ERROR][NCS    ] camxncsservice.cpp:1007 EnqueueJob() Can not enqueue jobs when thread is stopped
07-17 10:40:17.427  1162  2845 E CamX    : [ERROR][NCS    ] camxncsservice.cpp:1007 EnqueueJob() Can not enqueue jobs when thread is stopped
07-17 10:40:17.627  1162  2845 E CamX    : [ERROR][NCS    ] camxncsservice.cpp:1007 EnqueueJob() Can not enqueue jobs when thread is stopped
07-17 10:40:17.653  2022  2022 I wificond: station_bandwidth: 
07-17 10:40:17.667  9789 10067 W Settings: Setting device_provisioned has moved from android.provider.Settings.Secure to android.provider.Settings.Global.
07-17 10:40:17.667  9789 10067 I JoyoseCloudControlManager3: network metered changed, network metered: false, deviceProvisioned: true, scAllowConn: true, try to setNetworkAccessEnabled: true
07-17 10:40:17.671  8955  8955 I NetBusNetworkMonitor: gateway=192.*.*.1
07-17 10:40:17.675  8955  8955 I NetBusNetworkMonitor: addConnectNetworkInterface mediumType:256, detail:NetworkDetailInfo{mIsConnected=false, mNetworkType=0, mIpAddress=192.*.*.106, mIfName=wlan0, mGateway=192.*.*.1, mNetmask=255.*.*.0}
07-17 10:40:17.676  8955  8955 I NetBusNetworkMonitor: onCapabilitiesChanged handle=505916870669, mediumType=256, ifName=wlan0
07-17 10:40:17.679 22886 22929 I BugleRcsEngine: Connected state: [1], networkType: [WIFI] [CONTEXT thread_id=4401 ]
07-17 10:40:17.679 22886 22937 I BugleRcsEngine: handleMessage processing message:[NOTIFY_UPTIME_IGNORE_STATE_CHANGED] with [non-null]:RcsEngineImpl reference [CONTEXT log_prefix="RcsEngineImpl[DUAL_REG]:[838c36b5-e84c]>Handler" thread_id=4408 ]
07-17 10:40:17.680 22886 22937 I BugleRcsEngine: Cannot use CS.apk as it's battery optimized [CONTEXT thread_id=4408 ]
07-17 10:40:17.680  4192  5407 E PhoneInterfaceManager: getCarrierPrivilegeStatusForUid: Invalid subId
07-17 10:40:17.682  2085  8823 W ProcessStats: Tracking association SourceState{2d3f43b com.google.android.gms/10138 BFgs #834582} whose proc state 4 is better than process ProcessState{6478a15 com.google.android.adservices.api/10247 pkg=com.google.android.adservices.api} proc state 8 (23 skipped)
07-17 10:40:17.682  2085  8823 I ClipboardServiceI: checkProviderWakePathForClipboard: primaryClip is null
07-17 10:40:17.683  2085  8823 I SmartPower: com.google.android.apps.messaging/10188(1220): idle->background(6096ms) R(content provider start ContentProviderRecord{aab2916 u0 com.google.android.apps.messaging/.shared.datamodel.provider.sharedstorage.SharedStorageProvider}) adj=200.
07-17 10:40:17.688  2085  3006 D ConnectivityService: NetReassign [no changes] [c 0] [a 1] [i 1]
07-17 10:40:17.690 30342 28082 I NearbyMediums: Wifi changed new SSID: "Zelda"
07-17 10:40:17.690 30342 28082 I NearbyMediums: WifiLanConnectivityInfo is not changed, skip notify.
07-17 10:40:17.828  1162  2845 E CamX    : [ERROR][NCS    ] camxncsservice.cpp:1007 EnqueueJob() Can not enqueue jobs when thread is stopped
07-17 10:40:18.028  1162  2845 E CamX    : [ERROR][NCS    ] camxncsservice.cpp:1007 EnqueueJob() Can not enqueue jobs when thread is stopped
07-17 10:40:18.183 30342 28082 I NearbySharing: Network state changed: NetworkState(isRestricted=false, isOnline=true, isCongested=false, isMetered=false, isWifiConnected=true)
07-17 10:40:18.227  1162  2845 E CamX    : [ERROR][NCS    ] camxncsservice.cpp:1007 EnqueueJob() Can not enqueue jobs when thread is stopped
07-17 10:40:18.380  3958 10699 D IpClient/wlan0: addressUpdated: fd65:d0bf:e34d:5cc4:b89b:ceff:feb7:1dcd/64 on ifindex 24 flags 0x00000100 scope 0
07-17 10:40:18.383  3958 10699 D IpClient/wlan0: addressUpdated: fd65:d0bf:e34d:5cc4:352f:ee2e:434f:8166/64 on ifindex 24 flags 0x00000001 scope 0
07-17 10:40:18.384  3958 10699 W AlarmManager: Unrecognized alarm listener com.android.networkstack.android.net.ip.IpClientLinkObserver$Dhcp6PdPreferredPrefixAlarmListener@df351e1
07-17 10:40:18.384  3958 10699 D ApfFilter: (wlan0): Adding RA fe80::feae:387b:fe7a:228f -> ff02::1 0s fd65:d0bf:e34d:5cc4::/64 1800s/1800s RIO 1800s fd59:abd4:6803:1::/64 
07-17 10:40:18.385  3958 10699 I ApfFilter: Past maximum program size, skipping RAs
07-17 10:40:18.428  1162  2845 E CamX    : [ERROR][NCS    ] camxncsservice.cpp:1007 EnqueueJob() Can not enqueue jobs when thread is stopped
07-17 10:40:18.627  1162  2845 E CamX    : [ERROR][NCS    ] camxncsservice.cpp:1007 EnqueueJob() Can not enqueue jobs when thread is stopped
07-17 10:40:18.827  1162  2845 E CamX    : [ERROR][NCS    ] camxncsservice.cpp:1007 EnqueueJob() Can not enqueue jobs when thread is stopped
07-17 10:40:18.839  1161  6739 I vendor.qti.bluetooth@1.0-ibs_handler: ProcessIbsCmd: Received IBS_WAKE_IND: 0xFD
07-17 10:40:18.839  1161  6739 D vendor.qti.bluetooth@1.0-ibs_handler: SerialClockVote: vote for UART CLK ON
07-17 10:40:18.840  1161  6739 D vendor.qti.bluetooth@1.0-wake_lock: Acquire wakelock is acquired 
07-17 10:40:18.840  1161  6739 I vendor.qti.bluetooth@1.0-ibs_handler: ProcessIbsCmd: Writing IBS_WAKE_ACK
07-17 10:40:18.842  6602  6745 I bt_stack: [INFO:btm_ble_gap.cc(3495)] btm_ble_process_adv_pkt_cont Data Complete 70:94:cd:a3:54:dc
07-17 10:40:18.842  6602  6745 I bt_stack: [INFO:btm_ble_gap.cc(3495)] btm_ble_process_adv_pkt_cont Data Complete 70:94:cd:a3:54:dc
07-17 10:40:18.843  6602  6745 D bt_btm_ble: bool parse_adv_audio_uuids_from_adv_pkt(const uint8_t *, size_t, uint8_t): tmap_cap_pts: false
07-17 10:40:18.845  6602  6721 D BluetoothRemoteDevices:  getMappingAddr null
07-17 10:40:18.845  6602  6721 D BluetoothAdapterService: getIdentityAddress null retruning 70:94:CD:A3:54:DC
07-17 10:40:18.845  4999  5056 D com.android.bluetooth.ble.app.o1: setScanedData: Name: JBL TOUR PRO 2address: XX:XX:XX:XX:54:DC
07-17 10:40:18.881  1161  6739 I vendor.qti.bluetooth@1.0-ibs_handler: ProcessIbsCmd: Received IBS_SLEEP_IND: 0xFE
07-17 10:40:18.881  1161  6739 D vendor.qti.bluetooth@1.0-ibs_handler: SerialClockVote: vote for UART CLK OFF
07-17 10:40:19.028  1162  2845 E CamX    : [ERROR][NCS    ] camxncsservice.cpp:1007 EnqueueJob() Can not enqueue jobs when thread is stopped
07-17 10:40:19.031  1161  6726 D vendor.qti.bluetooth@1.0-wake_lock: Release wakelock is released 
07-17 10:40:19.228  1162  2845 E CamX    : [ERROR][NCS    ] camxncsservice.cpp:1007 EnqueueJob() Can not enqueue jobs when thread is stopped
07-17 10:40:19.428  1162  2845 E CamX    : [ERROR][NCS    ] camxncsservice.cpp:1007 EnqueueJob() Can not enqueue jobs when thread is stopped
07-17 10:40:19.475  1161  6739 I vendor.qti.bluetooth@1.0-ibs_handler: ProcessIbsCmd: Received IBS_WAKE_IND: 0xFD
07-17 10:40:19.475  1161  6739 D vendor.qti.bluetooth@1.0-ibs_handler: SerialClockVote: vote for UART CLK ON
07-17 10:40:19.476  1161  6739 D vendor.qti.bluetooth@1.0-wake_lock: Acquire wakelock is acquired 
07-17 10:40:19.476  1161  6739 I vendor.qti.bluetooth@1.0-ibs_handler: ProcessIbsCmd: Writing IBS_WAKE_ACK
07-17 10:40:19.480  6602  6745 I bt_stack: [INFO:btm_ble_gap.cc(3495)] btm_ble_process_adv_pkt_cont Data Complete 70:94:cd:a3:54:dc
07-17 10:40:19.480  6602  6745 I bt_stack: [INFO:btm_ble_gap.cc(3495)] btm_ble_process_adv_pkt_cont Data Complete 70:94:cd:a3:54:dc
07-17 10:40:19.481  6602  6745 D bt_btm_ble: bool parse_adv_audio_uuids_from_adv_pkt(const uint8_t *, size_t, uint8_t): tmap_cap_pts: false
07-17 10:40:19.483  6602  6721 D BluetoothRemoteDevices:  getMappingAddr null
07-17 10:40:19.483  4999  5056 D com.android.bluetooth.ble.app.o1: setScanedData: Name: JBL TOUR PRO 2address: XX:XX:XX:XX:54:DC
07-17 10:40:19.483  6602  6721 D BluetoothAdapterService: getIdentityAddress null retruning 70:94:CD:A3:54:DC
07-17 10:40:19.504  1288 20582 I QC2Comp : [avcD_556] Stats: Pending(7) i/p-done(3) Works: Q: 29/Done 24|Work-Rate: Q(0.0/s Avg=0.0/s) Done(0.000/s Avg=0.000/s)| Stream: 30.00fps 1.1Mbps
07-17 10:40:19.504  1288 20582 I QC2Comp : Mem-usage:  [In-1D - 6 bufs 17.930 MB] [1D-0 - 13 bufs 0.203 MB] [2D-146 - 21 bufs 20.016 MB]
07-17 10:40:19.504  1288 20582 I QC2Comp : Total Mem-usage: 38.148 MB
07-17 10:40:19.517  1161  6739 I vendor.qti.bluetooth@1.0-ibs_handler: ProcessIbsCmd: Received IBS_SLEEP_IND: 0xFE
07-17 10:40:19.517  1161  6739 D vendor.qti.bluetooth@1.0-ibs_handler: SerialClockVote: vote for UART CLK OFF
07-17 10:40:19.627  1162  2845 E CamX    : [ERROR][NCS    ] camxncsservice.cpp:1007 EnqueueJob() Can not enqueue jobs when thread is stopped
07-17 10:40:19.668  1161  6726 D vendor.qti.bluetooth@1.0-wake_lock: Release wakelock is released 
07-17 10:40:19.827  1162  2845 E CamX    : [ERROR][NCS    ] camxncsservice.cpp:1007 EnqueueJob() Can not enqueue jobs when thread is stopped
07-17 10:40:19.889 28772 28772 D MemoryOptimizationService: wifiDisplayOnSetting: false wifiP2pEnabled: false
07-17 10:40:19.889 28772 28772 I MemoryOptimizationService: Not the latest command， return！
07-17 10:40:19.890 28772 28772 D MemoryOptimizationService: wifiDisplayOnSetting: false wifiP2pEnabled: false
07-17 10:40:19.890 28772 28772 I MemoryOptimizationService: kill process [Handler (com.android.settings.services.MemoryOptimizationService$MemoryHandler) {dfd0820}] [false]-> com.android.settings,true
07-17 10:40:19.890 28772 28772 D MemoryOptimizationService: Delay killing the Settings process -> 
07-17 10:40:19.890 28772 28772 I MemoryOptimizationService: Invalid message -> com.android.settings,1
07-17 10:40:19.891 28772 28772 I MemoryOptimizationService: kill process [Handler (com.android.settings.services.MemoryOptimizationService$MemoryHandler) {dfd0820}] [false]-> com.android.settings,true
07-17 10:40:19.891 28772 28772 D MemoryOptimizationService: Delay killing the Settings process -> 
07-17 10:40:20.027  1162  2845 E CamX    : [ERROR][NCS    ] camxncsservice.cpp:1007 EnqueueJob() Can not enqueue jobs when thread is stopped
07-17 10:40:20.228  1162  2845 E CamX    : [ERROR][NCS    ] camxncsservice.cpp:1007 EnqueueJob() Can not enqueue jobs when thread is stopped
07-17 10:40:20.427  1162  2845 E CamX    : [ERROR][NCS    ] camxncsservice.cpp:1007 EnqueueJob() Can not enqueue jobs when thread is stopped
07-17 10:40:20.627  1162  2845 E CamX    : [ERROR][NCS    ] camxncsservice.cpp:1007 EnqueueJob() Can not enqueue jobs when thread is stopped
07-17 10:40:20.672  2022  2022 I wificond: station_bandwidth: 
07-17 10:40:20.685  2085  3276 I SmartPower: com.google.android.apps.messaging/10188(1220): background->idle(3003ms) R(content provider start ContentProviderRecord{aab2916 u0 com.google.android.apps.messaging/.shared.datamodel.provider.sharedstorage.SharedStorageProvider}) adj=200.
07-17 10:40:20.755  1161  6739 I vendor.qti.bluetooth@1.0-ibs_handler: ProcessIbsCmd: Received IBS_WAKE_IND: 0xFD
07-17 10:40:20.755  1161  6739 D vendor.qti.bluetooth@1.0-ibs_handler: SerialClockVote: vote for UART CLK ON
07-17 10:40:20.756  1161  6739 D vendor.qti.bluetooth@1.0-wake_lock: Acquire wakelock is acquired 
07-17 10:40:20.756  1161  6739 I vendor.qti.bluetooth@1.0-ibs_handler: ProcessIbsCmd: Writing IBS_WAKE_ACK
07-17 10:40:20.759  6602  6745 I bt_stack: [INFO:btm_ble_gap.cc(3495)] btm_ble_process_adv_pkt_cont Data Complete 70:94:cd:a3:54:dc
07-17 10:40:20.759  6602  6745 I bt_stack: [INFO:btm_ble_gap.cc(3495)] btm_ble_process_adv_pkt_cont Data Complete 70:94:cd:a3:54:dc
07-17 10:40:20.759  6602  6745 D bt_btm_ble: bool parse_adv_audio_uuids_from_adv_pkt(const uint8_t *, size_t, uint8_t): tmap_cap_pts: false
07-17 10:40:20.761  6602  6721 D BluetoothRemoteDevices:  getMappingAddr null
07-17 10:40:20.761  4999  5056 D com.android.bluetooth.ble.app.o1: setScanedData: Name: JBL TOUR PRO 2address: XX:XX:XX:XX:54:DC
07-17 10:40:20.762  6602  6721 D BluetoothAdapterService: getIdentityAddress null retruning 70:94:CD:A3:54:DC
07-17 10:40:20.789  2085  4063 D SLM-SRV-SLAService: checktemp temperature = 40542 temperature_average = 40234 isPerformanceMode = false thermal_enable_slm = true
07-17 10:40:20.797  1161  6739 I vendor.qti.bluetooth@1.0-ibs_handler: ProcessIbsCmd: Received IBS_SLEEP_IND: 0xFE
07-17 10:40:20.798  1161  6739 D vendor.qti.bluetooth@1.0-ibs_handler: SerialClockVote: vote for UART CLK OFF
07-17 10:40:20.827  1162  2845 E CamX    : [ERROR][NCS    ] camxncsservice.cpp:1007 EnqueueJob() Can not enqueue jobs when thread is stopped
07-17 10:40:20.948  1161  6726 D vendor.qti.bluetooth@1.0-wake_lock: Release wakelock is released 
07-17 10:40:21.027  1162  2845 E CamX    : [ERROR][NCS    ] camxncsservice.cpp:1007 EnqueueJob() Can not enqueue jobs when thread is stopped
07-17 10:40:21.227  1162  2845 E CamX    : [ERROR][NCS    ] camxncsservice.cpp:1007 EnqueueJob() Can not enqueue jobs when thread is stopped
07-17 10:40:21.232  4647 25798 I MediaCodec: [mId: 2] [audio-debug-dec] Stats over last 5008ms:
07-17 10:40:21.232  4647 25798 I MediaCodec: [mId: 2] [audio-debug-dec] ClientName: com.facebook.katana ComponentName: c2.android.aac.decoder
07-17 10:40:21.232  4647 25798 I MediaCodec: [mId: 2] [audio-debug-dec] Qinput: 0, DQinput: 0 success out of 5 tries
07-17 10:40:21.232  4647 25798 I MediaCodec: [mId: 2] [audio-debug-dec] Render: 0, Drop: 0, DQoutput: 0 success out of 0 tries
07-17 10:40:21.234 20452 20495 D AudioTrackImpl: [audioTrackData][fine] 30s(f:30030 m:0 s:0 k:0 z:0) : pid 20452 uid 10185 sessionId 3401 sr 44100 ch 2 fmt 1 maxAmplitude 12744
07-17 10:40:21.407  1161  6739 I vendor.qti.bluetooth@1.0-ibs_handler: ProcessIbsCmd: Received IBS_WAKE_IND: 0xFD
07-17 10:40:21.407  1161  6739 D vendor.qti.bluetooth@1.0-ibs_handler: SerialClockVote: vote for UART CLK ON
07-17 10:40:21.408  1161  6739 D vendor.qti.bluetooth@1.0-wake_lock: Acquire wakelock is acquired 
07-17 10:40:21.408  1161  6739 I vendor.qti.bluetooth@1.0-ibs_handler: ProcessIbsCmd: Writing IBS_WAKE_ACK
07-17 10:40:21.410  6602  6745 I bt_stack: [INFO:btm_ble_gap.cc(3495)] btm_ble_process_adv_pkt_cont Data Complete 70:94:cd:a3:54:dc
07-17 10:40:21.411  6602  6745 I bt_stack: [INFO:btm_ble_gap.cc(3495)] btm_ble_process_adv_pkt_cont Data Complete 70:94:cd:a3:54:dc
07-17 10:40:21.411  6602  6745 D bt_btm_ble: bool parse_adv_audio_uuids_from_adv_pkt(const uint8_t *, size_t, uint8_t): tmap_cap_pts: false
07-17 10:40:21.413  6602  6721 D BluetoothRemoteDevices:  getMappingAddr null
07-17 10:40:21.413  6602  6721 D BluetoothAdapterService: getIdentityAddress null retruning 70:94:CD:A3:54:DC
07-17 10:40:21.413  4999  5056 D com.android.bluetooth.ble.app.o1: setScanedData: Name: JBL TOUR PRO 2address: XX:XX:XX:XX:54:DC
07-17 10:40:21.423 30342 32566 I NearbyDiscovery: (REDACTED) %s
07-17 10:40:21.424 30342 32566 I NearbyDiscovery: (REDACTED) %s
07-17 10:40:21.425 30342 32566 I NearbyDiscovery: (REDACTED) %s
07-17 10:40:21.427  1162  2845 E CamX    : [ERROR][NCS    ] camxncsservice.cpp:1007 EnqueueJob() Can not enqueue jobs when thread is stopped
07-17 10:40:21.449  1161  6739 I vendor.qti.bluetooth@1.0-ibs_handler: ProcessIbsCmd: Received IBS_SLEEP_IND: 0xFE
07-17 10:40:21.449  1161  6739 D vendor.qti.bluetooth@1.0-ibs_handler: SerialClockVote: vote for UART CLK OFF
07-17 10:40:21.600  1161  6726 D vendor.qti.bluetooth@1.0-wake_lock: Release wakelock is released 
07-17 10:40:21.627  1162  2845 E CamX    : [ERROR][NCS    ] camxncsservice.cpp:1007 EnqueueJob() Can not enqueue jobs when thread is stopped
07-17 10:40:21.827  1162  2845 E CamX    : [ERROR][NCS    ] camxncsservice.cpp:1007 EnqueueJob() Can not enqueue jobs when thread is stopped
07-17 10:40:22.027  1162  2845 E CamX    : [ERROR][NCS    ] camxncsservice.cpp:1007 EnqueueJob() Can not enqueue jobs when thread is stopped
07-17 10:40:22.028  1161  6739 I vendor.qti.bluetooth@1.0-ibs_handler: ProcessIbsCmd: Received IBS_WAKE_IND: 0xFD
07-17 10:40:22.029  1161  6739 D vendor.qti.bluetooth@1.0-ibs_handler: SerialClockVote: vote for UART CLK ON
07-17 10:40:22.029  1161  6739 D vendor.qti.bluetooth@1.0-wake_lock: Acquire wakelock is acquired 
07-17 10:40:22.030  1161  6739 I vendor.qti.bluetooth@1.0-ibs_handler: ProcessIbsCmd: Writing IBS_WAKE_ACK
07-17 10:40:22.032  6602  6745 I bt_stack: [INFO:btm_ble_gap.cc(3495)] btm_ble_process_adv_pkt_cont Data Complete 70:94:cd:a3:54:dc
07-17 10:40:22.032  6602  6745 I bt_stack: [INFO:btm_ble_gap.cc(3495)] btm_ble_process_adv_pkt_cont Data Complete 70:94:cd:a3:54:dc
07-17 10:40:22.032  6602  6745 D bt_btm_ble: bool parse_adv_audio_uuids_from_adv_pkt(const uint8_t *, size_t, uint8_t): tmap_cap_pts: false
07-17 10:40:22.034  6602  6721 D BluetoothRemoteDevices:  getMappingAddr null
07-17 10:40:22.034  4999  5056 D com.android.bluetooth.ble.app.o1: setScanedData: Name: JBL TOUR PRO 2address: XX:XX:XX:XX:54:DC
07-17 10:40:22.035  6602  6721 D BluetoothAdapterService: getIdentityAddress null retruning 70:94:CD:A3:54:DC
07-17 10:40:22.071  1161  6739 I vendor.qti.bluetooth@1.0-ibs_handler: ProcessIbsCmd: Received IBS_SLEEP_IND: 0xFE
07-17 10:40:22.071  1161  6739 D vendor.qti.bluetooth@1.0-ibs_handler: SerialClockVote: vote for UART CLK OFF
07-17 10:40:22.222  1161  6726 D vendor.qti.bluetooth@1.0-wake_lock: Release wakelock is released 
07-17 10:40:22.228  1162  2845 E CamX    : [ERROR][NCS    ] camxncsservice.cpp:1007 EnqueueJob() Can not enqueue jobs when thread is stopped
07-17 10:40:22.233  4647 25794 D AudioTrackImpl: [audioTrackData][fine] 30s(f:30042 m:0 s:0 k:0 z:0) : pid 4647 uid 10278 sessionId 2993 sr 44100 ch 2 fmt 1 maxAmplitude 3237
07-17 10:40:22.427  1162  2845 E CamX    : [ERROR][NCS    ] camxncsservice.cpp:1007 EnqueueJob() Can not enqueue jobs when thread is stopped
07-17 10:40:22.521 30342 30342 D BoundBrokerSvc: onUnbind: Intent { act=com.google.android.gms.findmydevice.spot.service.locationreport.START dat=chimera-action:/... cmp=com.google.android.gms/.chimera.PersistentApiService }
07-17 10:40:22.627  1162  2845 E CamX    : [ERROR][NCS    ] camxncsservice.cpp:1007 EnqueueJob() Can not enqueue jobs when thread is stopped
07-17 10:40:22.828  1162  2845 E CamX    : [ERROR][NCS    ] camxncsservice.cpp:1007 EnqueueJob() Can not enqueue jobs when thread is stopped
07-17 10:40:23.028  1162  2845 E CamX    : [ERROR][NCS    ] camxncsservice.cpp:1007 EnqueueJob() Can not enqueue jobs when thread is stopped
07-17 10:40:23.228  1162  2845 E CamX    : [ERROR][NCS    ] camxncsservice.cpp:1007 EnqueueJob() Can not enqueue jobs when thread is stopped
07-17 10:40:23.283  2085  2346 D HeapUsage Monitor: HeapAllocSize : 104MB; monitorSize : 500MB
07-17 10:40:23.427  1162  2845 E CamX    : [ERROR][NCS    ] camxncsservice.cpp:1007 EnqueueJob() Can not enqueue jobs when thread is stopped
07-17 10:40:23.627  1162  2845 E CamX    : [ERROR][NCS    ] camxncsservice.cpp:1007 EnqueueJob() Can not enqueue jobs when thread is stopped
07-17 10:40:23.694  2022  2022 I wificond: station_bandwidth: 
07-17 10:40:23.828  1162  2845 E CamX    : [ERROR][NCS    ] camxncsservice.cpp:1007 EnqueueJob() Can not enqueue jobs when thread is stopped
07-17 10:40:24.027  1162  2845 E CamX    : [ERROR][NCS    ] camxncsservice.cpp:1007 EnqueueJob() Can not enqueue jobs when thread is stopped
07-17 10:40:24.074  4003  4003 I adbd    : adbd service requested 'shell,v2,raw:settings get system font_scale'
07-17 10:40:24.146  4003  4003 I adbd    : adbd service requested 'shell,v2,raw:cmd uimode night'
07-17 10:40:24.205  4003  4003 I adbd    : adbd service requested 'shell,v2,raw:settings get secure navigation_mode'
07-17 10:40:24.227  1162  2845 E CamX    : [ERROR][NCS    ] camxncsservice.cpp:1007 EnqueueJob() Can not enqueue jobs when thread is stopped
07-17 10:40:24.270  4003  4003 I adbd    : adbd service requested 'exec:screencap '-p''
07-17 10:40:24.387  6237  6237 W libc    : Access denied finding property "ro.vendor.audio.zoom.support"
07-17 10:40:24.387  6237  6237 W libc    : Access denied finding property "ro.vendor.audio.zoom.support"
07-17 10:40:24.384  6237  6237 W screencap: type=1400 audit(0.0:327896): avc:  denied  { read } for  name="u:object_r:vendor_audio_prop:s0" dev="tmpfs" ino=13198 scontext=u:r:shell:s0 tcontext=u:object_r:vendor_audio_prop:s0 tclass=file permissive=0
07-17 10:40:24.384  6237  6237 W screencap: type=1400 audit(0.0:327897): avc:  denied  { read } for  name="u:object_r:vendor_audio_prop:s0" dev="tmpfs" ino=13198 scontext=u:r:shell:s0 tcontext=u:object_r:vendor_audio_prop:s0 tclass=file permissive=0
07-17 10:40:24.388  6237  6237 W libc    : Access denied finding property "ro.vendor.audio.zoom.support"
07-17 10:40:24.384  6237  6237 W screencap: type=1400 audit(0.0:327898): avc:  denied  { read } for  name="u:object_r:vendor_audio_prop:s0" dev="tmpfs" ino=13198 scontext=u:r:shell:s0 tcontext=u:object_r:vendor_audio_prop:s0 tclass=file permissive=0
07-17 10:40:24.389  6237  6237 W libc    : Access denied finding property "ro.vendor.audio.zoom.support"
07-17 10:40:24.389  6237  6237 W libc    : Access denied finding property "ro.vendor.audio.zoom.support"
07-17 10:40:24.384  6237  6237 W screencap: type=1400 audit(0.0:327899): avc:  denied  { read } for  name="u:object_r:vendor_audio_prop:s0" dev="tmpfs" ino=13198 scontext=u:r:shell:s0 tcontext=u:object_r:vendor_audio_prop:s0 tclass=file permissive=0
07-17 10:40:24.384  6237  6237 W screencap: type=1400 audit(0.0:327900): avc:  denied  { read } for  name="u:object_r:vendor_audio_prop:s0" dev="tmpfs" ino=13198 scontext=u:r:shell:s0 tcontext=u:object_r:vendor_audio_prop:s0 tclass=file permissive=0
07-17 10:40:24.395  6237  6237 W BpBinder: Linking to death on android.gui.ISurfaceComposer but there are no threads (yet?) listening to incoming transactions. See ProcessState::startThreadPool and ProcessState::setThreadPoolMaxThreadCount. Generally you should setup the binder threadpool before other initialization steps.
07-17 10:40:24.395  6237  6237 W ProcessState: Extra binder thread started, but 0 threads requested. Do not use *startThreadPool when zero threads are requested.
07-17 10:40:24.427  1162  2845 E CamX    : [ERROR][NCS    ] camxncsservice.cpp:1007 EnqueueJob() Can not enqueue jobs when thread is stopped
07-17 10:40:24.505  1288 20582 I QC2Comp : [avcD_556] Stats: Pending(7) i/p-done(3) Works: Q: 29/Done 24|Work-Rate: Q(0.0/s Avg=0.0/s) Done(0.000/s Avg=0.000/s)| Stream: 30.00fps 1.1Mbps
07-17 10:40:24.505  1288 20582 I QC2Comp : Mem-usage:  [In-1D - 6 bufs 17.930 MB] [1D-0 - 13 bufs 0.203 MB] [2D-146 - 21 bufs 20.016 MB]
07-17 10:40:24.505  1288 20582 I QC2Comp : Total Mem-usage: 38.148 MB
07-17 10:40:24.627  1162  2845 E CamX    : [ERROR][NCS    ] camxncsservice.cpp:1007 EnqueueJob() Can not enqueue jobs when thread is stopped
07-17 10:40:24.667  6237  6237 I DoViGenericTag: Logger Terminated
07-17 10:40:24.685  1161  6739 I vendor.qti.bluetooth@1.0-ibs_handler: ProcessIbsCmd: Received IBS_WAKE_IND: 0xFD
07-17 10:40:24.685  1161  6739 D vendor.qti.bluetooth@1.0-ibs_handler: SerialClockVote: vote for UART CLK ON
07-17 10:40:24.686  1161  6739 D vendor.qti.bluetooth@1.0-wake_lock: Acquire wakelock is acquired 
07-17 10:40:24.686  1161  6739 I vendor.qti.bluetooth@1.0-ibs_handler: ProcessIbsCmd: Writing IBS_WAKE_ACK
07-17 10:40:24.687  6602  6745 I bt_stack: [INFO:btm_ble_gap.cc(3495)] btm_ble_process_adv_pkt_cont Data Complete 70:94:cd:a3:54:dc
07-17 10:40:24.727  1161  6739 I vendor.qti.bluetooth@1.0-ibs_handler: ProcessIbsCmd: Received IBS_SLEEP_IND: 0xFE
07-17 10:40:24.727  1161  6739 D vendor.qti.bluetooth@1.0-ibs_handler: SerialClockVote: vote for UART CLK OFF
07-17 10:40:24.827  1162  2845 E CamX    : [ERROR][NCS    ] camxncsservice.cpp:1007 EnqueueJob() Can not enqueue jobs when thread is stopped
