--------- beginning of main
07-17 10:40:07.180  2085  9193 E NativeTurboSchedManagerJni: open /dev/metis failed!
--------- beginning of system
07-17 10:40:07.181  2085  2340 I BLASTSyncEngine: SyncGroup 1341:  Unfinished container:WindowToken{d6d96ea type=2000 android.os.BinderProxy@b1d94bf}
07-17 10:40:07.181  2085  2340 I BLASTSyncEngine: isActivitySyncFinished isSyncFinished false WindowToken{d6d96ea type=2000 android.os.BinderProxy@b1d94bf}
07-17 10:40:07.184  4235  4235 D NavigationModeController: getCurrentInteractionMode: mode=0 contextUser=0
07-17 10:40:07.184  4235  4235 D NavigationModeController: getCurrentUserContext: contextUser=0 currentUser=0
07-17 10:40:07.190  6502  6595 W kloadclassifier: Reducing the number of considered missed Gc histogram windows from 13604 to 100
07-17 10:40:07.195  2085  2360 I ExtM    : the number of flushable pages is relatively few
07-17 10:40:07.196  2085  2339 D DisplayManagerService: Ignore redundant display event 0/2 to 10087/3144
07-17 10:40:07.196  2085  2339 D DisplayManagerService: Ignore redundant display event 0/2 to 10292/5065
07-17 10:40:07.196  2085  2339 D DisplayManagerService: Ignore redundant display event 0/2 to 10165/5790
07-17 10:40:07.196  2085  2339 D DisplayManagerService: Ignore redundant display event 0/2 to 10165/9720
07-17 10:40:07.196  3634  3634 W Launcher: onDisplayChanged: newRotation=0, mCurrentRotation=0
07-17 10:40:07.197  2085  2339 D DisplayManagerService: Ignore redundant display event 0/2 to 10245/18630
07-17 10:40:07.197  2085  2339 D DisplayManagerService: Ignore redundant display event 0/2 to 10172/19245
07-17 10:40:07.197  2085  2339 D DisplayManagerService: Ignore redundant display event 0/2 to 10155/19778
07-17 10:40:07.197  2085  2339 D DisplayManagerService: Ignore redundant display event 0/2 to 10348/20699
07-17 10:40:07.197  2085  2339 D DisplayManagerService: Ignore redundant display event 0/2 to 10290/22802
07-17 10:40:07.197  2085  9193 I ActivityTaskManager: Config changes=20000400 {1.0 ?mcc0mnc [en_US] ldltr sw393dp w393dp h795dp 440dpi nrml long hdr widecg port night finger -keyb/v/h -nav/h winConfig={ mBounds=Rect(0, 0 - 1080, 2400) mAppBounds=Rect(0, 84 - 1080, 2270) mMaxBounds=Rect(0, 0 - 1080, 2400) mDisplayRotation=ROTATION_0 mWindowingMode=fullscreen mDisplayWindowingMode=fullscreen mActivityType=undefined mAlwaysOnTop=undefined mRotation=ROTATION_0 mInSplitScreen=false letterBoxed=false foScaledfalse} s.71498 fontWeightAdjustment=300/d/0 themeChanged=0 themeChangedFlags=0 extraData = Bundle[{}] screenType=0} ImeAppBounds:null ;isMultiWindowMode:false
07-17 10:40:07.197  2085  2339 D DisplayManagerService: Ignore redundant display event 0/2 to 10345/25693
07-17 10:40:07.197  2085  2339 D DisplayManagerService: Ignore redundant display event 0/2 to 10164/26048
07-17 10:40:07.197  2085  2339 D DisplayManagerService: Ignore redundant display event 0/2 to 10085/30817
07-17 10:40:07.198  6602  6717 I BtGatt.ScanManager: msg.what = MSG_SCREEN_ON, msg.arg1 = None
07-17 10:40:07.199  4192  4932 D FiveGPowerController: onDisplayChanged Sim not inserted, not processed!
07-17 10:40:07.213  4647 25794 D AudioTrackImpl: [audioTrackData][fine] 15s(f:15023 m:0 s:0 k:0 z:0) : pid 4647 uid 10278 sessionId 2993 sr 44100 ch 2 fmt 1 maxAmplitude 3237
07-17 10:40:07.216  8861  8861 D AutoDensity: 	getAccessibilityDpi Exception: android.provider.Settings$SettingNotFoundException: display_density_forced
07-17 10:40:07.220  2085  9193 I WindowManager: Override config changes=20000400 {1.0 ?mcc0mnc [en_US] ldltr sw393dp w393dp h795dp 440dpi nrml long hdr widecg port night finger -keyb/v/h -nav/h winConfig={ mBounds=Rect(0, 0 - 1080, 2400) mAppBounds=Rect(0, 84 - 1080, 2270) mMaxBounds=Rect(0, 0 - 1080, 2400) mDisplayRotation=ROTATION_0 mWindowingMode=fullscreen mDisplayWindowingMode=fullscreen mActivityType=undefined mAlwaysOnTop=undefined mRotation=ROTATION_0 mInSplitScreen=false letterBoxed=false foScaledfalse} s.71498 fontWeightAdjustment=300/d/0 themeChanged=0 themeChangedFlags=0 extraData = Bundle[{}] screenType=0} ImeAppBounds:null ;isMultiWindowMode:false for displayId=0
07-17 10:40:07.220  2085  9193 D WindowManager: Collecting in transition 1341: Task{b8e07b6 #556 type=standard A=10415:com.zendo.app} init visibleRequested:true
07-17 10:40:07.221  2085  9193 D MiuiSplitInputMethodImpl: IME or device not support split ime
07-17 10:40:07.222  2085  9193 D MiuiSplitInputMethodImpl: IME or device not support split ime
07-17 10:40:07.222  2085  9193 D MiuiSplitInputMethodImpl: IME or device not support split ime
07-17 10:40:07.222  2085  9193 D MiuiSplitInputMethodImpl: IME or device not support split ime
07-17 10:40:07.222  2085  9193 D MiuiSplitInputMethodImpl: IME or device not support split ime
07-17 10:40:07.223  2085  9193 D MiuiSplitInputMethodImpl: IME or device not support split ime
07-17 10:40:07.223  2085  9193 D MiuiSplitInputMethodImpl: IME or device not support split ime
07-17 10:40:07.223  2085  9193 D MiuiSplitInputMethodImpl: IME or device not support split ime
07-17 10:40:07.223  2085  9193 D MiuiSplitInputMethodImpl: IME or device not support split ime
07-17 10:40:07.223  2085  9193 D MiuiSplitInputMethodImpl: IME or device not support split ime
07-17 10:40:07.223  2085  9193 D MiuiSplitInputMethodImpl: IME or device not support split ime
07-17 10:40:07.223  2085  9193 D MiuiSplitInputMethodImpl: IME or device not support split ime
07-17 10:40:07.223  2085  9193 D MiuiSplitInputMethodImpl: IME or device not support split ime
07-17 10:40:07.226 32541 32541 I ForceDarkHelperStubImpl: setViewRootImplForceDark: false for com.zendo.app.MainActivity@ecf7cce, reason: AppDarkModeEnable
07-17 10:40:07.226  4235  4416 D MiuiFreeformModeController: avoidForInsetsBottomChangedIfNeed oldMoveableBottom: 2270 newMoveableBounds: 2270
07-17 10:40:07.227  4235  4416 D MiuiFullScreenTaskRepository: setFocusedTask taskId=556, displayId=0, topActivity=ComponentInfo{com.zendo.app/com.zendo.app.MainActivity}
07-17 10:40:07.227  4235  4416 D MiuiFullScreenTaskRepository: addOrUpdateFullScreenTaskInfo taskId=556, topActivity=ComponentInfo{com.zendo.app/com.zendo.app.MainActivity}
07-17 10:40:07.227  2085  9193 I BLASTSyncEngine: SyncGroup 1341:  Unfinished container:WindowToken{d6d96ea type=2000 android.os.BinderProxy@b1d94bf}
07-17 10:40:07.227  2085  9193 I BLASTSyncEngine: isActivitySyncFinished isSyncFinished false WindowToken{d6d96ea type=2000 android.os.BinderProxy@b1d94bf}
07-17 10:40:07.227  4235  4416 D MiuiFullScreenTaskRepository: addOrUpdateFullScreenTaskInfo taskId=1, topActivity=ComponentInfo{com.miui.home/com.miui.home.launcher.Launcher}
07-17 10:40:07.227  4235  4416 D MiuiFullScreenTaskRepository: addOrUpdateFullScreenTaskInfo taskId=536, topActivity=ComponentInfo{com.miui.securitycenter/com.miui.permcenter.privacymanager.SpecialPermissionInterceptActivity}
07-17 10:40:07.227  4235  4416 D MiuiFullScreenTaskRepository: addOrUpdateFullScreenTaskInfo taskId=447, topActivity=ComponentInfo{com.todoist/com.todoist.activity.HomeActivity}
07-17 10:40:07.227  4235  4416 D MiuiFullScreenTaskRepository: addOrUpdateFullScreenTaskInfo taskId=342, topActivity=ComponentInfo{com.google.android.gms/com.google.android.gms.octarine.ui.OctarineActivity}
07-17 10:40:07.227  1162  2845 E CamX    : [ERROR][NCS    ] camxncsservice.cpp:1007 EnqueueJob() Can not enqueue jobs when thread is stopped
07-17 10:40:07.228  3634  3634 D Launcher.application: onConfigurationChanged , sw = 393  , isInFoldDeviceLargeScreen= false  , isInFoldLargeScreenfalse
07-17 10:40:07.228  3634  3634 D TouchInteractionService: onConfigurationChanged
07-17 10:40:07.228  3634  3634 D TouchInteractionService: preloadOverview: mIsUserUnlocked=true
07-17 10:40:07.228  8100  8100 D AutoDensity: 	getAccessibilityDpi Exception: android.provider.Settings$SettingNotFoundException: display_density_forced
07-17 10:40:07.228  2085  2354 D MiuiMultiWindowRecommendHelper: displayConfigurationChange: configuration= {1.0 ?mcc0mnc [en_US] ldltr sw393dp w393dp h795dp 440dpi nrml long hdr widecg port night finger -keyb/v/h -nav/h winConfig={ mBounds=Rect(0, 0 - 1080, 2400) mAppBounds=Rect(0, 84 - 1080, 2270) mMaxBounds=Rect(0, 0 - 1080, 2400) mDisplayRotation=ROTATION_0 mWindowingMode=fullscreen mDisplayWindowingMode=fullscreen mActivityType=undefined mAlwaysOnTop=undefined mRotation=ROTATION_0 mInSplitScreen=false letterBoxed=false foScaledfalse} s.71498 fontWeightAdjustment=300/d/0 themeChanged=0 themeChangedFlags=0 extraData = Bundle[{}] screenType=0} ImeAppBounds:null ;isMultiWindowMode:false
07-17 10:40:07.229  4235  4416 D MiuiFullScreenTaskRepository: addOrUpdateFullScreenTaskInfo taskId=332, topActivity=ComponentInfo{com.bremert.padelscore.mobile/com.bremert.padelscore.mobile.MainActivity}
07-17 10:40:07.229  4235  4416 I SoScStageCoordinator: onTaskInfoChanged configChanged:false mFoldedChanged:false visible:false
07-17 10:40:07.231 11020 11020 D AndroidAutoSize: initScaledDensity = 2.75 on ConfigurationChanged
07-17 10:40:07.231 11020 11020 D AutoDensity: 	getAccessibilityDpi Exception: android.provider.Settings$SettingNotFoundException: display_density_forced
07-17 10:40:07.231 11020 11020 I LauncherOverlayService: setActivityState  onConfigurationChanged
07-17 10:40:07.233  2085  8811 I PowerManagerServiceImpl: Release wakelock: SCREEN_BRIGHT_WAKE_LOCK        'WindowManager/displayId:0' ON_AFTER_RELEASE DISABLED ACQ=-103ms (uid=1000 pid=2085 pkg=android ws=WorkSource{10415 com.zendo.app})
07-17 10:40:07.233  4235  4416 W libc    : Access denied finding property "qemu.hw.mainkeys"
07-17 10:40:07.233  2085  2085 V AS.AudioService: action = android.intent.action.CONFIGURATION_CHANGED
07-17 10:40:07.233 16567 16567 I MiuiWallpaper-ImageWallpaper: onConfigurationChanged
07-17 10:40:07.233  4235  4416 D MiuiFreeformModeDisplayInfo:  onDisplayConfigurationChanged: displayId: 0 newConfig: {1.0 ?mcc0mnc [en_US] ldltr sw393dp w393dp h795dp 440dpi nrml long hdr widecg port night finger -keyb/v/h -nav/h winConfig={ mBounds=Rect(0, 0 - 1080, 2400) mAppBounds=Rect(0, 84 - 1080, 2270) mMaxBounds=Rect(0, 0 - 1080, 2400) mDisplayRotation=ROTATION_0 mWindowingMode=fullscreen mDisplayWindowingMode=fullscreen mActivityType=undefined mAlwaysOnTop=undefined mRotation=ROTATION_0 mInSplitScreen=false letterBoxed=false foScaledfalse} s.71498 fontWeightAdjustment=300/d/0 themeChanged=0 themeChangedFlags=0 extraData = Bundle[{}] screenType=0} ImeAppBounds:null ;isMultiWindowMode:false
07-17 10:40:07.233 16567 16567 I MiuiWallpaper-MiuiKeyguardPictorialWallpaper: onConfigurationChanged
07-17 10:40:07.233  4235  4416 D SoScStageCoordinator: onDisplayConfigurationChanged mFoldedChanged:false
07-17 10:40:07.233  4235  4416 D SoScStageCoordinator:  newConfig:{1.0 ?mcc0mnc [en_US] ldltr sw393dp w393dp h795dp 440dpi nrml long hdr widecg port night finger -keyb/v/h -nav/h winConfig={ mBounds=Rect(0, 0 - 1080, 2400) mAppBounds=Rect(0, 84 - 1080, 2270) mMaxBounds=Rect(0, 0 - 1080, 2400) mDisplayRotation=ROTATION_0 mWindowingMode=fullscreen mDisplayWindowingMode=fullscreen mActivityType=undefined mAlwaysOnTop=undefined mRotation=ROTATION_0 mInSplitScreen=false letterBoxed=false foScaledfalse} s.71498 fontWeightAdjustment=300/d/0 themeChanged=0 themeChangedFlags=0 extraData = Bundle[{}] screenType=0} ImeAppBounds:null ;isMultiWindowMode:false
07-17 10:40:07.233  4235  4416 D SoScStageCoordinator:  mConfigUpdateByFoldedChanged:{1.0 ?mcc0mnc [en_US] ldltr sw393dp w393dp h842dp 440dpi nrml long hdr widecg port night finger -keyb/v/h -nav/h winConfig={ mBounds=Rect(0, 0 - 1080, 2400) mAppBounds=Rect(0, 84 - 1080, 2400) mMaxBounds=Rect(0, 0 - 1080, 2400) mDisplayRotation=ROTATION_0 mWindowingMode=fullscreen mDisplayWindowingMode=fullscreen mActivityType=undefined mAlwaysOnTop=undefined mRotation=ROTATION_0 mInSplitScreen=false letterBoxed=false foScaledfalse} s.71360 fontWeightAdjustment=300/d/0 themeChanged=0 themeChangedFlags=0 extraData = Bundle[{}] screenType=0} ImeAppBounds:null ;isMultiWindowMode:false
07-17 10:40:07.228  4235  4235 W wmshell.main: type=1400 audit(0.0:327884): avc:  denied  { read } for  name="u:object_r:qemu_hw_prop:s0" dev="tmpfs" ino=13127 scontext=u:r:system_app:s0 tcontext=u:object_r:qemu_hw_prop:s0 tclass=file permissive=0
07-17 10:40:07.234  2085  8811 I BLASTSyncEngine: SyncGroup 1341:  Unfinished container:WindowToken{d6d96ea type=2000 android.os.BinderProxy@b1d94bf}
07-17 10:40:07.234  2085  8811 I BLASTSyncEngine: isActivitySyncFinished isSyncFinished false WindowToken{d6d96ea type=2000 android.os.BinderProxy@b1d94bf}
07-17 10:40:07.235  4235  4416 D MiuiFreeformModeController: avoidForInsetsBottomChangedIfNeed oldMoveableBottom: 2270 newMoveableBounds: 2270
07-17 10:40:07.238 11020 11020 I LauncherOverlayCallback: handleMessage WHAT_CONFIGURATION_CHANGE
07-17 10:40:07.238  4235  4962 D VRI[RoundCornerTop]: vri.reportNextDraw android.view.ViewRootImpl.handleResized:2297 android.view.ViewRootImpl.-$$Nest$mhandleResized:0 android.view.ViewRootImpl$ViewRootHandler.handleMessageImpl:6693 android.view.ViewRootImpl$ViewRootHandler.handleMessage:6662 android.os.Handler.dispatchMessage:106 
07-17 10:40:07.238  4235  4962 D VRI[RoundCornerTop]: vri.reportNextDraw android.view.ViewRootImpl.handleResized:2297 android.view.ViewRootImpl.-$$Nest$mhandleResized:0 android.view.ViewRootImpl$ViewRootHandler.handleMessageImpl:6693 android.view.ViewRootImpl$ViewRootHandler.handleMessage:6662 android.os.Handler.dispatchMessage:106 
07-17 10:40:07.239  4235  4962 D VRI[RoundCornerBottom]: vri.reportNextDraw android.view.ViewRootImpl.handleResized:2297 android.view.ViewRootImpl.-$$Nest$mhandleResized:0 android.view.ViewRootImpl$ViewRootHandler.handleMessageImpl:6693 android.view.ViewRootImpl$ViewRootHandler.handleMessage:6662 android.os.Handler.dispatchMessage:106 
07-17 10:40:07.239  4235  4962 D VRI[RoundCornerBottom]: vri.reportNextDraw android.view.ViewRootImpl.handleResized:2297 android.view.ViewRootImpl.-$$Nest$mhandleResized:0 android.view.ViewRootImpl$ViewRootHandler.handleMessageImpl:6693 android.view.ViewRootImpl$ViewRootHandler.handleMessage:6662 android.os.Handler.dispatchMessage:106 
07-17 10:40:07.239  4235  4962 D VRI[RoundCornerTop]: vri.Setup new sync=wmsSync-VRI[RoundCornerTop]#84
07-17 10:40:07.239  2085  2340 I BLASTSyncEngine: SyncGroup 1341:  Unfinished container:WindowToken{d6d96ea type=2000 android.os.BinderProxy@b1d94bf}
07-17 10:40:07.239  2085  2340 I BLASTSyncEngine: isActivitySyncFinished isSyncFinished false WindowToken{d6d96ea type=2000 android.os.BinderProxy@b1d94bf}
07-17 10:40:07.242 32541 32541 D VRI[MainActivity]: vri.reportNextDraw android.view.ViewRootImpl.performTraversals:4360 android.view.ViewRootImpl.doTraversal:2989 android.view.ViewRootImpl$TraversalRunnable.run:10304 android.view.Choreographer$CallbackRecord.run:1594 android.view.Choreographer$CallbackRecord.run:1603 
07-17 10:40:07.242 32541 32541 D VRI[MainActivity]: vri.Setup new sync=wmsSync-VRI[MainActivity]#38
07-17 10:40:07.244  2085  9321 I BLASTSyncEngine: SyncGroup 1341:  Unfinished container:WindowToken{d6d96ea type=2000 android.os.BinderProxy@b1d94bf}
07-17 10:40:07.244  2085  9321 I BLASTSyncEngine: isActivitySyncFinished isSyncFinished false WindowToken{d6d96ea type=2000 android.os.BinderProxy@b1d94bf}
07-17 10:40:07.244  4235  4962 D VRI[RoundCornerTop]: vri.reportDrawFinished
07-17 10:40:07.244  4235  4962 D VRI[RoundCornerBottom]: vri.Setup new sync=wmsSync-VRI[RoundCornerBottom]#86
07-17 10:40:07.244  2085  9321 E NativeTurboSchedManagerJni: open /dev/metis failed!
07-17 10:40:07.245  4235  4235 D CentralSurfaces: Received new disable state: enaihbcrso.qingr (unchanged)
07-17 10:40:07.245  4235  4235 D ControlCenter: disable1: 0x00000000 -> 0x00000000 (diff1: 0x00000000)
07-17 10:40:07.245  4235  4235 D ControlCenter: disable2: 0x00000000 -> 0x00000000 (diff2: 0x00000000)
07-17 10:40:07.245  4235  4235 D CollapsedStatusBarFragment: adjustDisableFlags: ShadeExpansionState = 0 mHideIconsForBouncer = false mWereIconsJustHidden = false, mWakeUpCoordinator.getNotificationsFullyHidden = false, mIsExpanded = false, mBypassController.getBypassEnabled = false, mStatusBarStateController.getState() = 0, mKeyguardStateController.isKeyguardGoingAway() = false, mHeadsUpManager.hasPinnedHeadsUp = false, mControlPanelExpand = false
07-17 10:40:07.245  4235  4235 D CentralSurfaces: Received new disable state: enaihbcrso.qingr (unchanged)
07-17 10:40:07.245  4235  4235 D ControlCenter: disable1: 0x00000000 -> 0x00000000 (diff1: 0x00000000)
07-17 10:40:07.245  4235  4235 D ControlCenter: disable2: 0x00000000 -> 0x00000000 (diff2: 0x00000000)
07-17 10:40:07.245  4235  4235 D CollapsedStatusBarFragment: adjustDisableFlags: ShadeExpansionState = 0 mHideIconsForBouncer = false mWereIconsJustHidden = false, mWakeUpCoordinator.getNotificationsFullyHidden = false, mIsExpanded = false, mBypassController.getBypassEnabled = false, mStatusBarStateController.getState() = 0, mKeyguardStateController.isKeyguardGoingAway() = false, mHeadsUpManager.hasPinnedHeadsUp = false, mControlPanelExpand = false
07-17 10:40:07.247  4235  4962 D VRI[RoundCornerBottom]: vri.reportDrawFinished
07-17 10:40:07.247  2085  9321 E NativeTurboSchedManagerJni: open /dev/metis failed!
07-17 10:40:07.248 16333 16333 I GoogleInputMethodService: GoogleInputMethodService.onConfigurationChanged():1143 onConfigurationChanged() : NewConfig = {1.0 ?mcc0mnc [en_US] ldltr sw393dp w393dp h795dp 440dpi nrml long hdr widecg port night finger -keyb/v/h -nav/h winConfig={ mBounds=Rect(0, 0 - 1080, 2400) mAppBounds=Rect(0, 84 - 1080, 2270) mMaxBounds=Rect(0, 0 - 1080, 2400) mDisplayRotation=ROTATION_0 mWindowingMode=fullscreen mDisplayWindowingMode=fullscreen mActivityType=undefined mAlwaysOnTop=undefined mRotation=ROTATION_0 mInSplitScreen=false letterBoxed=false foScaledfalse} s.71498 fontWeightAdjustment=300/d/0 themeChanged=0 themeChangedFlags=0 extraData = Bundle[{}] screenType=0} ImeAppBounds:null ;isMultiWindowMode:false
07-17 10:40:07.248 16333 16333 I GoogleInputMethodService: GoogleInputMethodService.onConfigurationChanged():1144 device real metrics: DisplayMetrics{density=2.75, width=1080, height=2400, scaledDensity=2.75, xdpi=394.705, ydpi=394.563}
07-17 10:40:07.248 16333 16333 I GoogleInputMethodService: GoogleInputMethodService.onConfigurationChanged():1168 Maybe update OEM display config because of configuration change
07-17 10:40:07.248 16333 16333 I InputMethodEntryManager: InputMethodEntryManager.notifyCurrentInputMethodEntryOnContextChanged():560 notifyCurrentInputMethodEntryOnContextChanged()
07-17 10:40:07.248 16333 16333 I InputMethodEntryManager: InputMethodEntryManager.notifyCurrentInputMethodEntryOnContextChanged():577 Notify current input method entry changed on context change
07-17 10:40:07.248 16333 16333 I SystemSubtypesReportModule: SystemSubtypesReportModule$2.onCurrentInputMethodEntryChanged():150 entry: en-US, source: UNSPECIFIED
07-17 10:40:07.249 16333 16333 I KeyboardContextProvider: KeyboardContextProvider$KeyboardContextCache.createKeyboardContext():173 createKeyboardContext(): en-US, mmc@1682cc9(com.android.inputmethod.latin.LatinIME@8b5b103), {1.0 ?mcc0mnc [en_US] ldltr sw393dp w393dp h795dp 440dpi nrml long hdr widecg port night finger -keyb/v/h -nav/h winConfig={ mBounds=Rect(0, 0 - 1080, 2400) mAppBounds=Rect(0, 84 - 1080, 2270) mMaxBounds=Rect(0, 0 - 1080, 2400) mDisplayRotation=ROTATION_0 mWindowingMode=fullscreen mDisplayWindowingMode=fullscreen mActivityType=undefined mAlwaysOnTop=undefined mRotation=ROTATION_0 mInSplitScreen=false letterBoxed=false foScaledfalse} s.11 fontWeightAdjustment=300/d/0 themeChanged=0 themeChangedFlags=0 extraData = Bundle[{}] screenType=0} ImeAppBounds:null ;isMultiWindowMode:false
07-17 10:40:07.249 16333 16333 I GoogleInputMethodService: GoogleInputMethodService.onCurrentInputMethodEntryChanged():2535 onCurrentInputMethodEntryChanged(): imeDefsChanged=false, entryLanguageVariantChanged=false, keyboardContextChanged=true
07-17 10:40:07.249  2085  9321 I BLASTSyncEngine: SyncGroup 1341:  Unfinished container:WindowToken{d6d96ea type=2000 android.os.BinderProxy@b1d94bf}
07-17 10:40:07.249  2085  9321 I BLASTSyncEngine: isActivitySyncFinished isSyncFinished false WindowToken{d6d96ea type=2000 android.os.BinderProxy@b1d94bf}
07-17 10:40:07.249 16333 16333 I KeyboardContextProvider: KeyboardContextProvider.setBaseContextAndInvalidKeyboardContextCache():88 setBaseContextAndInvalidKeyboardContextCache(): com.android.inputmethod.latin.LatinIME@8b5b103
07-17 10:40:07.249 16333 16333 I DeviceModeModule: DeviceModeModule.calculateAndNotify():230 Device mode 'phone' from display metrics 'DisplayMetrics{density=0.0, width=1080, height=2400, scaledDensity=0.0, xdpi=394.705, ydpi=394.563}' or smallestScreenWidthDp: 393
07-17 10:40:07.249 16333 16333 I GoogleInputMethodService: GoogleInputMethodService.onConfigurationChanged():1186 changedMask : 20000400
07-17 10:40:07.249 16333 16333 I GoogleInputMethodService: GoogleInputMethodService.clearInputMethodServiceData():1129 clearInputMethodServiceData for configurationChange
07-17 10:40:07.250  2085  8823 E NativeTurboSchedManagerJni: open /dev/metis failed!
07-17 10:40:07.250 16333 16333 I GoogleInputMethodService: GoogleInputMethodService.discardAllKeyboardViewAndInputView():1374 discardAllKeyboardViewAndInputView()
07-17 10:40:07.250 16333 16333 I AbstractOpenableExtension: AbstractOpenableExtension.maybeDestroyExistingKeyboardGroupManager():536 Destroy existing keyboard group manager in igm
07-17 10:40:07.250 16333 16333 I AbstractOpenableExtension: AbstractOpenableExtension$3.onSuccess():556 KeyboardGroupManager destroyed in igm.
07-17 10:40:07.250 16333 16333 I AbstractOpenableExtension: AbstractOpenableExtension.createKeyboardGroupManagerListenableFuture():121 Create keyboard group manager listenable future in igm
07-17 10:40:07.250 16333 16333 I AbstractOpenableExtension: AbstractOpenableExtension.maybeDestroyExistingKeyboardGroupManager():536 Destroy existing keyboard group manager in fmo
07-17 10:40:07.250 16333 16333 I AbstractOpenableExtension: AbstractOpenableExtension$3.onSuccess():556 KeyboardGroupManager destroyed in fmo.
07-17 10:40:07.250 16333  6154 I KeyboardGroupDefParser: KeyboardGroupDefParser.parseKeyboardGroupDef():72 parseKeyboardGroupDef() 2132213994 -> 0_resource_name_obfuscated : WaitTime = 0 ms : RunTime = 0 ms
07-17 10:40:07.250 16333 16333 I AbstractOpenableExtension: AbstractOpenableExtension.createKeyboardGroupManagerListenableFuture():121 Create keyboard group manager listenable future in fmo
07-17 10:40:07.250 16333 16333 I AbstractOpenableExtension: AbstractOpenableExtension.maybeDestroyExistingKeyboardGroupManager():536 Destroy existing keyboard group manager in ijr
07-17 10:40:07.250 16333 16333 I AbstractOpenableExtension: AbstractOpenableExtension$3.onSuccess():556 KeyboardGroupManager destroyed in ijr.
07-17 10:40:07.250 16333 16333 I AbstractOpenableExtension: AbstractOpenableExtension.createKeyboardGroupManagerListenableFuture():121 Create keyboard group manager listenable future in ijr
07-17 10:40:07.250 16333  6156 I KeyboardGroupDefParser: KeyboardGroupDefParser.parseKeyboardGroupDef():72 parseKeyboardGroupDef() 2132213997 -> 0_resource_name_obfuscated : WaitTime = 0 ms : RunTime = 0 ms
07-17 10:40:07.250 16333 16333 I WindowMetricsHelper: WindowMetricsHelper.predictAndNotify():121 Window metrics predicted by cache.
07-17 10:40:07.250 16333 16333 I DeviceModeModule: DeviceModeModule.calculateAndNotify():230 Device mode 'phone' from display metrics 'DisplayMetrics{density=0.0, width=1080, height=2400, scaledDensity=0.0, xdpi=394.705, ydpi=394.563}' or smallestScreenWidthDp: 393
07-17 10:40:07.251 16333 16333 I GoogleInputMethodService: GoogleInputMethodService$8.onWindowMetricsChanged():839 windowMetrics: bounds() = Rect(0, 84 - 1080, 2400), insets() = Rect(0, 0 - 0, 0)
07-17 10:40:07.251 16333 16333 W LatinIMEBase: LatinIMEBase.updateInputViewCoverNavigation():322 Null input view, cannot update padding!
07-17 10:40:07.251 16333  6155 I KeyboardGroupDefParser: KeyboardGroupDefParser.parseKeyboardGroupDef():72 parseKeyboardGroupDef() 2132213998 -> 0_resource_name_obfuscated : WaitTime = 1 ms : RunTime = 0 ms
07-17 10:40:07.251  2085  8823 E NativeTurboSchedManagerJni: open /dev/metis failed!
07-17 10:40:07.252 32541 32541 D VRI[MainActivity]: vri.reportDrawFinished
07-17 10:40:07.252  2085  8823 D PerfShielderService: com.zendo.app|com.zendo.app/com.zendo.app.MainActivity|116|1078640855372434|50|0|4
07-17 10:40:07.252  2085  5857 E NativeTurboSchedManagerJni: open /dev/metis failed!
07-17 10:40:07.252  6240  6273 W MiuiPerfServiceClient: interceptAndQueuing:32541|com.zendo.app|116|50|1078640855372434|Slow main thread|4
07-17 10:40:07.253 16333 16333 I GoogleInputMethodService: GoogleInputMethodService.initializeInputMethodServiceData():894 initializeInputMethodServiceData for ntv{languageTag=en-US, variant=qwerty, hasLocalizedResources=true, conditionCacheKey=_android_software_xr_api_spatial=false_app_first_start_timestamp=1684243733829_device=phone_device_size=default_enable_free_cursor_by_long_press_space=true_enable_number_row=false_enable_number_row_in_password=true_enable_pk_simulator=false_enable_pk_simulator_setting=false_enable_scrub_move=true_enable_secondary_digits=true_enable_secondary_symbols=false_expressions=normal_four_or_more_letter_rows=false_free_cursor=false_keyboard_font_size_setting=_keyboard_mode=normal_language=en-US_layout_9key_split=false_orientation=portrait_physical_keyboard=nokeys_pk_simulator_vk_ready=false_pref_enable_flick_symbols=false_rtl_layout=false_show_comma_key=true_show_period_key=true_show_secondary_digits=true_show_suggestion_strip=true_show_suggestions=true_split_with_duplicate_keys=true_true=true_variant=qwerty_writing_helper_enable_by_word_revert=false, imeDef.stringId=ime_english_united_states, imeDef.className=com.google.android.apps.inputmethod.libs.latin5.LatinIme, imeDef.languageTag=en-US}
07-17 10:40:07.253 32541 32541 D VRI[MainActivity]: vri.reportNextDraw android.view.ViewRootImpl.handleResized:2297 android.view.ViewRootImpl.-$$Nest$mhandleResized:0 android.view.ViewRootImpl$ViewRootHandler.handleMessageImpl:6693 android.view.ViewRootImpl$ViewRootHandler.handleMessage:6662 android.os.Handler.dispatchMessage:106 
07-17 10:40:07.254  2085  2340 I BLASTSyncEngine: SyncGroup 1341:  Unfinished container:WindowToken{d6d96ea type=2000 android.os.BinderProxy@b1d94bf}
07-17 10:40:07.254  2085  2340 I BLASTSyncEngine: isActivitySyncFinished isSyncFinished false WindowToken{d6d96ea type=2000 android.os.BinderProxy@b1d94bf}
07-17 10:40:07.254  2085  5857 D WindowManager: wms.finishDrawingLocked: mDrawState=COMMIT_DRAW_PENDING Window{fc57263 u0 com.zendo.app/com.zendo.app.MainActivity} in Surface(name=com.zendo.app/com.zendo.app.MainActivity#24862)/@0xaccadb
07-17 10:40:07.255 16333 16333 I Gm3ColorTokenStyleSheetProvider: Gm3ColorTokenStyleSheetProvider.isHigherContrastMode():330 Detected higher contrast mode: 81.596886
07-17 10:40:07.255 32541 32541 D VRI[MainActivity]: vri.reportNextDraw android.view.ViewRootImpl.handleResized:2297 android.view.ViewRootImpl.-$$Nest$mhandleResized:0 android.view.ViewRootImpl$ViewRootHandler.handleMessageImpl:6693 android.view.ViewRootImpl$ViewRootHandler.handleMessage:6662 android.os.Handler.dispatchMessage:106 
07-17 10:40:07.255  2085  5857 E NativeTurboSchedManagerJni: open /dev/metis failed!
07-17 10:40:07.256 16333 16333 I KeyboardThemeProvider: KeyboardThemeProvider.applyKeyboardTheme():27 Apply keyboard theme: theme,!gsf,!pgsans,!pgsf,!use_system_font,BORDER,FLAVOR_DPI=XXHDPI,KEYBOARD_WIDTH_CATEGORY=NORMAL,KEY_BORDER_SHAPE=1,LIGHT_THEME=false,PHYSICAL_DIAGONAL=5.807811,POPUP,SCREEN_SHORTEST_WIDTH=393,SCREEN_SHORTEST_WIDTH_NO_SCALE=393,XXHDPI,bottom4dp,enable_popup_on_keypress=true,keyboard_redesign_google_sans=true,non_linear_scale,noshadow,overlay_builtin_dynamic_color_dark_base.binarypb:gm3-dark-ff111418-fff2f5ff-2fad38696d107759cb19473090bcb2dd,silkpopup
07-17 10:40:07.256 16333 16333 I InputMethodEntryManager: InputMethodEntryManager.getAdditionalImeDefs():2490 getAdditionalImeDefs() called, flag enabled: false, isUserUnlocked: true
07-17 10:40:07.256 16333 16333 I InputMethodEntryManager: InputMethodEntryManager.getAdditionalImeDefs():2498 OptimizeAdditionalImeDefLoadingFlag disabled, retrieving additional ImeDefs synchronously for entry: ntv{languageTag=en-US, variant=qwerty, hasLocalizedResources=true, conditionCacheKey=_android_software_xr_api_spatial=false_app_first_start_timestamp=1684243733829_device=phone_device_size=default_enable_free_cursor_by_long_press_space=true_enable_number_row=false_enable_number_row_in_password=true_enable_pk_simulator=false_enable_pk_simulator_setting=false_enable_scrub_move=true_enable_secondary_digits=true_enable_secondary_symbols=false_expressions=normal_four_or_more_letter_rows=false_free_cursor=false_keyboard_font_size_setting=_keyboard_mode=normal_language=en-US_layout_9key_split=false_orientation=portrait_physical_keyboard=nokeys_pk_simulator_vk_ready=false_pref_enable_flick_symbols=false_rtl_layout=false_show_comma_key=true_show_period_key=true_show_secondary_digits=true_show_suggestion_strip=true_show_suggestions=true_split_with_duplicate_keys=true_true=true_variant=qwerty_writing_helper_enable_by_word_revert=false, imeDef.stringId=ime_english_united_states, imeDef.className=com.google.android.apps.inputmethod.libs.latin5.LatinIme, imeDef.languageTag=en-US}
07-17 10:40:07.256 16333 16333 I InputBundle: InputBundle.prefetchKeyboard():670 prefetchKeyboard: prime
07-17 10:40:07.256 16333 16333 I KeyboardDefManager: KeyboardDefManager.requestKeyboardDef():128 requestKeyboardDef(): type=prime, info=oqm{defIds=[#0x7f1705fa, #0x7f170891], defIdsCacheKey=[2132215290, 2132215953]}
07-17 10:40:07.256 16333 16333 I KeyboardDefManager: KeyboardDefManager.requestKeyboardDef():195 requestKeyboardDef(): getOrCreate from cache, info=oqm{defIds=[#0x7f1705fa, #0x7f170891], defIdsCacheKey=[2132215290, 2132215953]}
07-17 10:40:07.256 16333 16333 I KeyboardDefManager: KeyboardDefManager$Companion$addFutureCallbackForKeyboardDefReceiver$1.onSuccess():425 requestKeyboardDef onSuccess(): info=oqm{defIds=[#0x7f1705fa, #0x7f170891], defIdsCacheKey=[2132215290, 2132215953]}
07-17 10:40:07.257 16333 16333 I KeyboardInterfacePrivate: IKeyboard.createKeyboard():71 Keyboard created from HiltKeyboardFactory: com.google.android.apps.inputmethod.latin.keyboard.LatinPrimeKeyboard
07-17 10:40:07.257 16333 16333 I InputBundleManager: InputBundleManager.loadActiveInputBundleId():552 loadActiveInputBundleId: en-US, ime_english_united_states
07-17 10:40:07.257 32541 32541 D VRI[MainActivity]: vri.Setup new sync=wmsSync-VRI[MainActivity]#40
07-17 10:40:07.258  2085  2340 I BLASTSyncEngine: SyncGroup 1341:  Unfinished container:WindowToken{d6d96ea type=2000 android.os.BinderProxy@b1d94bf}
07-17 10:40:07.258  2085  2340 I BLASTSyncEngine: isActivitySyncFinished isSyncFinished false WindowToken{d6d96ea type=2000 android.os.BinderProxy@b1d94bf}
07-17 10:40:07.258 16333 16333 I GoogleInputMethodService: GoogleInputMethodService.onStartInput():1459 onStartInput(EditorInfo{EditorInfo{packageName=com.zendo.app, inputType=80001, inputTypeString=Normal[NoSuggestion], enableLearning=true, autoCorrection=true, autoComplete=true, imeOptions=3, privateImeOptions=null, actionName=SEARCH, actionLabel=null, initialSelStart=0, initialSelEnd=0, initialCapsMode=3000, label=null, fieldId=1949, fieldName=null, extras=Bundle[{android.support.text.emoji.emojiCompat_metadataVersion=12, android.support.text.emoji.emojiCompat_replaceAll=false, hand_writing_keyboard_type=1}], hintText=non-empty, hintLocales=[]}}, true)
07-17 10:40:07.258 16333 16333 W SessionManager: SessionManager.beginSession():72 Try to begin an already begun session [INPUT_SESSION], end it first
07-17 10:40:07.258 16333 16333 W LatinIMEBase: LatinIMEBase.updateInputViewCoverNavigation():322 Null input view, cannot update padding!
07-17 10:40:07.258 16333 16333 W PrimesLoggerHolder: FrameMetricServiceImpl.start():170 measurement already started: MeasurementKey{rawStringEventName=null, noPiiEventName=OnConfigurationChanged, isActivity=false}
07-17 10:40:07.259  2085  2340 I PowerManagerServiceImpl: Acquire wakelock: SCREEN_BRIGHT_WAKE_LOCK        'WindowManager/displayId:0' ON_AFTER_RELEASE (uid=1000 pid=2085 pkg=android ws=WorkSource{10415 com.zendo.app})
07-17 10:40:07.259 16333  6152 I Module  : DeviceLockedStatusModuleProvider$Module.updateDeviceLockedStatusInternal():128 repeatCheckTimes = 1, locked = false
07-17 10:40:07.260  2085  9321 W PackageConfigPersister: App-specific configuration not found for packageName: com.zendo.app and userId: 0
07-17 10:40:07.260 16333 16333 I AppBase : AppBase.onConfigurationChanged():287 onConfigurationChanged() : NewConfig = {1.0 ?mcc0mnc [en_US] ldltr sw393dp w393dp h795dp 440dpi nrml long hdr widecg port night finger -keyb/v/h -nav/h winConfig={ mBounds=Rect(0, 0 - 1080, 2400) mAppBounds=Rect(0, 84 - 1080, 2270) mMaxBounds=Rect(0, 0 - 1080, 2400) mDisplayRotation=ROTATION_0 mWindowingMode=fullscreen mDisplayWindowingMode=fullscreen mActivityType=undefined mAlwaysOnTop=undefined mRotation=ROTATION_0 mInSplitScreen=false letterBoxed=false foScaledfalse} s.71627 fontWeightAdjustment=300/d/0 themeChanged=0 themeChangedFlags=0 extraData = Bundle[{}] screenType=0} ImeAppBounds:null ;isMultiWindowMode:false
07-17 10:40:07.260  2085  2340 I BLASTSyncEngine: SyncGroup 1341:  Unfinished container:WindowToken{d6d96ea type=2000 android.os.BinderProxy@b1d94bf}
07-17 10:40:07.260  2085  2340 I BLASTSyncEngine: isActivitySyncFinished isSyncFinished false WindowToken{d6d96ea type=2000 android.os.BinderProxy@b1d94bf}
07-17 10:40:07.260 16333 16333 I WindowMetricsNotification: WindowMetricsNotification.notifyWithWindow():165 
07-17 10:40:07.260 16333 16333 I DeviceModeModule: DeviceModeModule.calculateAndNotify():230 Device mode 'phone' from display metrics 'DisplayMetrics{density=0.0, width=1080, height=2400, scaledDensity=0.0, xdpi=394.705, ydpi=394.563}' or smallestScreenWidthDp: 393
07-17 10:40:07.261 16333 16333 I GoogleInputMethodService: GoogleInputMethodService$8.onWindowMetricsChanged():839 windowMetrics: bounds() = Rect(0, 84 - 1080, 2400), insets() = Rect(0, 0 - 0, 0)
07-17 10:40:07.261 16333 16333 W LatinIMEBase: LatinIMEBase.updateInputViewCoverNavigation():322 Null input view, cannot update padding!
07-17 10:40:07.261 16333 16333 I WindowMetricsNotification: WindowMetricsNotification.notify():158 rwb[bounds=Rect(0, 84 - 1080, 2400), insets=Rect(0, 0 - 0, 0), densityDpi=440, smallestScreenWidthDp=393, displayWidth=1080, displayHeight=2400, xdpi=394.705, ydpi=394.563, isTrustable=true, displayId=0]; DisplayMetrics{density=2.75, width=1080, height=2400, scaledDensity=2.75, xdpi=394.705, ydpi=394.563}
07-17 10:40:07.262  4235  4416 D PIP     : DismissView not attached to wm.
07-17 10:40:07.262  4235  4235 D MiuiStatusBarClock: updateTime: 8:16
07-17 10:40:07.263  4235  4235 D Tonal   : Tonal Palette - index: 7. Main color: ffdc6b1d
07-17 10:40:07.263  4235  4235 D Tonal   : Colors: ff000000, ff0e0601, ff270f02, ff441a03, ff692304, ff8d3d06, ffb24d07, ffdc6b1d, fff78b29, fff8a047, fff9b96a, fffbd29b, fffcddbd
07-17 10:40:07.263  4235  4235 D Tonal   : Gradients: 
07-17 10:40:07.263  4235  4235 D Tonal   : 	Normal GradientColors(ffdc6b1d, ffdc6b1d)
07-17 10:40:07.263  4235  4235 D Tonal   : 	Dark GradientColors(ff441a03, ff441a03)
07-17 10:40:07.263  4235  4235 D Tonal   : 	Extra dark: GradientColors(ff270f02, ff270f02)
07-17 10:40:07.263  2085  2340 I BLASTSyncEngine: SyncGroup 1341:  Unfinished container:WindowToken{d6d96ea type=2000 android.os.BinderProxy@b1d94bf}
07-17 10:40:07.263  2085  2340 I BLASTSyncEngine: isActivitySyncFinished isSyncFinished false WindowToken{d6d96ea type=2000 android.os.BinderProxy@b1d94bf}
07-17 10:40:07.263  4235  4235 D Tonal   : Tonal Palette - index: 7. Main color: ffdc6b1d
07-17 10:40:07.263  4235  4235 D Tonal   : Colors: ff000000, ff0e0601, ff270f02, ff441a03, ff692304, ff8d3d06, ffb24d07, ffdc6b1d, fff78b29, fff8a047, fff9b96a, fffbd29b, fffcddbd
07-17 10:40:07.263  4235  4235 D Tonal   : Gradients: 
07-17 10:40:07.263  4235  4235 D Tonal   : 	Normal GradientColors(ffdc6b1d, ffdc6b1d)
07-17 10:40:07.263  4235  4235 D Tonal   : 	Dark GradientColors(ff441a03, ff441a03)
07-17 10:40:07.263  4235  4235 D Tonal   : 	Extra dark: GradientColors(ff270f02, ff270f02)
07-17 10:40:07.264 32541 32541 D VRI[MainActivity]: vri.reportDrawFinished
07-17 10:40:07.264 16333 16333 I WindowMetricsNotification: WindowMetricsNotification.notifyWithWindow():165 
07-17 10:40:07.264 16333 16333 I WindowMetricsNotification: WindowMetricsNotification.notify():158 rwb[bounds=Rect(0, 84 - 1080, 2400), insets=Rect(0, 0 - 0, 0), densityDpi=440, smallestScreenWidthDp=393, displayWidth=1080, displayHeight=2400, xdpi=394.705, ydpi=394.563, isTrustable=true, displayId=0]; DisplayMetrics{density=2.75, width=1080, height=2400, scaledDensity=2.75, xdpi=394.705, ydpi=394.563}
07-17 10:40:07.264  2085  8823 E NativeTurboSchedManagerJni: open /dev/metis failed!
07-17 10:40:07.268  2085  9321 I BLASTSyncEngine: SyncGroup 1341:  Unfinished container:WindowToken{d6d96ea type=2000 android.os.BinderProxy@b1d94bf}
07-17 10:40:07.268  2085  9321 I BLASTSyncEngine: isActivitySyncFinished isSyncFinished false WindowToken{d6d96ea type=2000 android.os.BinderProxy@b1d94bf}
07-17 10:40:07.269  2085  8823 E NativeTurboSchedManagerJni: open /dev/metis failed!
07-17 10:40:07.268  4235  4235 W wmshell.main: type=1400 audit(0.0:327885): avc:  denied  { read } for  name="u:object_r:qemu_hw_prop:s0" dev="tmpfs" ino=13127 scontext=u:r:system_app:s0 tcontext=u:object_r:qemu_hw_prop:s0 tclass=file permissive=0
07-17 10:40:07.270  4235  4416 W libc    : Access denied finding property "qemu.hw.mainkeys"
07-17 10:40:07.270  4235  4416 D CornerChange: mStrokeAlpha=0.8 strokeColor=[0.2, 0.2, 0.2]
07-17 10:40:07.273  2085  9321 I BLASTSyncEngine: SyncGroup 1341:  Unfinished container:WindowToken{d6d96ea type=2000 android.os.BinderProxy@b1d94bf}
07-17 10:40:07.273  2085  9321 I BLASTSyncEngine: isActivitySyncFinished isSyncFinished false WindowToken{d6d96ea type=2000 android.os.BinderProxy@b1d94bf}
07-17 10:40:07.306  4235  4235 D LocalImageResolver: Couldn't use ImageDecoder for drawable, falling back to non-resized load.
07-17 10:40:07.365  4235  4235 E backgroundBlur: setBackgroundBlurMode disable com.android.systemui.shade.NotificationPanelView
07-17 10:40:07.365  4235  4235 D backgroundBlur: enablePassWindowBlur disable com.android.systemui.shade.NotificationPanelView
07-17 10:40:07.365  4235  4235 E OpenGLRenderer: setMiShadow is not show
07-17 10:40:07.366  4235  4235 E backgroundBlur: setBackgroundBlurMode disable com.android.systemui.shade.NotificationPanelView
07-17 10:40:07.366  4235  4235 D backgroundBlur: enablePassWindowBlur disable com.android.systemui.shade.NotificationPanelView
07-17 10:40:07.366  4235  4235 E OpenGLRenderer: setMiShadow is not show
07-17 10:40:07.366  4235  4235 E backgroundBlur: setBackgroundBlurMode disable com.android.systemui.shade.NotificationPanelView
07-17 10:40:07.366  4235  4235 D backgroundBlur: enablePassWindowBlur disable com.android.systemui.shade.NotificationPanelView
07-17 10:40:07.366  4235  4235 E OpenGLRenderer: setMiShadow is not show
07-17 10:40:07.366  4235  4235 E backgroundBlur: setBackgroundBlurMode disable com.android.systemui.shade.NotificationPanelView
07-17 10:40:07.366  4235  4235 D backgroundBlur: enablePassWindowBlur disable com.android.systemui.shade.NotificationPanelView
07-17 10:40:07.366  4235  4235 E OpenGLRenderer: setMiShadow is not show
07-17 10:40:07.366  4235  4235 E backgroundBlur: setBackgroundBlurMode disable com.android.systemui.shade.NotificationPanelView
07-17 10:40:07.366  4235  4235 D backgroundBlur: enablePassWindowBlur disable com.android.systemui.shade.NotificationPanelView
07-17 10:40:07.366  4235  4235 E OpenGLRenderer: setMiShadow is not show
07-17 10:40:07.366  4235  4235 E backgroundBlur: setBackgroundBlurMode disable com.android.systemui.shade.NotificationPanelView
07-17 10:40:07.366  4235  4235 D backgroundBlur: enablePassWindowBlur disable com.android.systemui.shade.NotificationPanelView
07-17 10:40:07.366  4235  4235 E OpenGLRenderer: setMiShadow is not show
07-17 10:40:07.366  4235  4235 E backgroundBlur: setBackgroundBlurMode disable com.android.systemui.shade.NotificationPanelView
07-17 10:40:07.366  4235  4235 D backgroundBlur: enablePassWindowBlur disable com.android.systemui.shade.NotificationPanelView
07-17 10:40:07.366  4235  4235 E OpenGLRenderer: setMiShadow is not show
07-17 10:40:07.366  4235  4235 E backgroundBlur: setBackgroundBlurMode disable com.android.systemui.shade.NotificationPanelView
07-17 10:40:07.366  4235  4235 D backgroundBlur: enablePassWindowBlur disable com.android.systemui.shade.NotificationPanelView
07-17 10:40:07.366  4235  4235 E OpenGLRenderer: setMiShadow is not show
07-17 10:40:07.367  4235  4235 E backgroundBlur: setBackgroundBlurMode disable com.android.systemui.shade.NotificationPanelView
07-17 10:40:07.367  4235  4235 D backgroundBlur: enablePassWindowBlur disable com.android.systemui.shade.NotificationPanelView
07-17 10:40:07.367  4235  4235 E OpenGLRenderer: setMiShadow is not show
07-17 10:40:07.367  4235  4235 E backgroundBlur: setBackgroundBlurMode disable com.android.systemui.shade.NotificationPanelView
07-17 10:40:07.367  4235  4235 D backgroundBlur: enablePassWindowBlur disable com.android.systemui.shade.NotificationPanelView
07-17 10:40:07.367  4235  4235 E OpenGLRenderer: setMiShadow is not show
07-17 10:40:07.367  4235  4235 E backgroundBlur: setBackgroundBlurMode disable com.android.systemui.shade.NotificationPanelView
07-17 10:40:07.367  4235  4235 D backgroundBlur: enablePassWindowBlur disable com.android.systemui.shade.NotificationPanelView
07-17 10:40:07.367  4235  4235 E OpenGLRenderer: setMiShadow is not show
07-17 10:40:07.367  4235  4235 E backgroundBlur: setBackgroundBlurMode disable com.android.systemui.shade.NotificationPanelView
07-17 10:40:07.367  4235  4235 D backgroundBlur: enablePassWindowBlur disable com.android.systemui.shade.NotificationPanelView
07-17 10:40:07.367  4235  4235 E OpenGLRenderer: setMiShadow is not show
07-17 10:40:07.367  4235  4235 E backgroundBlur: setBackgroundBlurMode disable com.android.systemui.shade.NotificationPanelView
07-17 10:40:07.367  4235  4235 D backgroundBlur: enablePassWindowBlur disable com.android.systemui.shade.NotificationPanelView
07-17 10:40:07.367  4235  4235 E OpenGLRenderer: setMiShadow is not show
07-17 10:40:07.367  4235  4235 E backgroundBlur: setBackgroundBlurMode disable com.android.systemui.shade.NotificationPanelView
07-17 10:40:07.367  4235  4235 D backgroundBlur: enablePassWindowBlur disable com.android.systemui.shade.NotificationPanelView
07-17 10:40:07.367  4235  4235 E OpenGLRenderer: setMiShadow is not show
07-17 10:40:07.367  4235  4235 E backgroundBlur: setBackgroundBlurMode disable com.android.systemui.shade.NotificationPanelView
07-17 10:40:07.367  4235  4235 D backgroundBlur: enablePassWindowBlur disable com.android.systemui.shade.NotificationPanelView
07-17 10:40:07.367  4235  4235 E OpenGLRenderer: setMiShadow is not show
07-17 10:40:07.367  4235  4235 E backgroundBlur: setBackgroundBlurMode disable com.android.systemui.shade.NotificationPanelView
07-17 10:40:07.367  4235  4235 D backgroundBlur: enablePassWindowBlur disable com.android.systemui.shade.NotificationPanelView
07-17 10:40:07.367  4235  4235 E OpenGLRenderer: setMiShadow is not show
07-17 10:40:07.368  4235  4235 E backgroundBlur: setBackgroundBlurMode disable com.android.systemui.shade.NotificationPanelView
07-17 10:40:07.368  4235  4235 D backgroundBlur: enablePassWindowBlur disable com.android.systemui.shade.NotificationPanelView
07-17 10:40:07.368  4235  4235 E OpenGLRenderer: setMiShadow is not show
07-17 10:40:07.368  4235  4235 E backgroundBlur: setBackgroundBlurMode disable com.android.systemui.shade.NotificationPanelView
07-17 10:40:07.368  4235  4235 D backgroundBlur: enablePassWindowBlur disable com.android.systemui.shade.NotificationPanelView
07-17 10:40:07.368  4235  4235 E OpenGLRenderer: setMiShadow is not show
07-17 10:40:07.368  4235  4235 E backgroundBlur: setBackgroundBlurMode disable com.android.systemui.shade.NotificationPanelView
07-17 10:40:07.368  4235  4235 D backgroundBlur: enablePassWindowBlur disable com.android.systemui.shade.NotificationPanelView
07-17 10:40:07.368  4235  4235 E OpenGLRenderer: setMiShadow is not show
07-17 10:40:07.368  4235  4235 E backgroundBlur: setBackgroundBlurMode disable com.android.systemui.shade.NotificationPanelView
07-17 10:40:07.368  4235  4235 D backgroundBlur: enablePassWindowBlur disable com.android.systemui.shade.NotificationPanelView
07-17 10:40:07.368  4235  4235 E OpenGLRenderer: setMiShadow is not show
07-17 10:40:07.368  4235  4235 E backgroundBlur: setBackgroundBlurMode disable com.android.systemui.shade.NotificationPanelView
07-17 10:40:07.368  4235  4235 D backgroundBlur: enablePassWindowBlur disable com.android.systemui.shade.NotificationPanelView
07-17 10:40:07.368  4235  4235 E OpenGLRenderer: setMiShadow is not show
07-17 10:40:07.368  4235  4235 E backgroundBlur: setBackgroundBlurMode disable com.android.systemui.shade.NotificationPanelView
07-17 10:40:07.368  4235  4235 D backgroundBlur: enablePassWindowBlur disable com.android.systemui.shade.NotificationPanelView
07-17 10:40:07.369  4235  4235 E OpenGLRenderer: setMiShadow is not show
07-17 10:40:07.369  4235  4235 E backgroundBlur: setBackgroundBlurMode disable com.android.systemui.shade.NotificationPanelView
07-17 10:40:07.369  4235  4235 D backgroundBlur: enablePassWindowBlur disable com.android.systemui.shade.NotificationPanelView
07-17 10:40:07.369  4235  4235 E OpenGLRenderer: setMiShadow is not show
07-17 10:40:07.369  4235  4235 E backgroundBlur: setBackgroundBlurMode disable com.android.systemui.shade.NotificationPanelView
07-17 10:40:07.369  4235  4235 D backgroundBlur: enablePassWindowBlur disable com.android.systemui.shade.NotificationPanelView
07-17 10:40:07.369  4235  4235 E OpenGLRenderer: setMiShadow is not show
07-17 10:40:07.369  4235  4235 E backgroundBlur: setBackgroundBlurMode disable com.android.systemui.shade.NotificationPanelView
07-17 10:40:07.369  4235  4235 D backgroundBlur: enablePassWindowBlur disable com.android.systemui.shade.NotificationPanelView
07-17 10:40:07.369  4235  4235 E OpenGLRenderer: setMiShadow is not show
07-17 10:40:07.369  4235  4235 E backgroundBlur: setBackgroundBlurMode disable com.android.systemui.shade.NotificationPanelView
07-17 10:40:07.369  4235  4235 D backgroundBlur: enablePassWindowBlur disable com.android.systemui.shade.NotificationPanelView
07-17 10:40:07.369  4235  4235 E OpenGLRenderer: setMiShadow is not show
07-17 10:40:07.369  4235  4235 E backgroundBlur: setBackgroundBlurMode disable com.android.systemui.shade.NotificationPanelView
07-17 10:40:07.369  4235  4235 D backgroundBlur: enablePassWindowBlur disable com.android.systemui.shade.NotificationPanelView
07-17 10:40:07.369  4235  4235 E OpenGLRenderer: setMiShadow is not show
07-17 10:40:07.369  4235  4235 E backgroundBlur: setBackgroundBlurMode disable com.android.systemui.shade.NotificationPanelView
07-17 10:40:07.369  4235  4235 D backgroundBlur: enablePassWindowBlur disable com.android.systemui.shade.NotificationPanelView
07-17 10:40:07.369  4235  4235 E OpenGLRenderer: setMiShadow is not show
07-17 10:40:07.369  4235  4235 E backgroundBlur: setBackgroundBlurMode disable com.android.systemui.shade.NotificationPanelView
07-17 10:40:07.370  4235  4235 D backgroundBlur: enablePassWindowBlur disable com.android.systemui.shade.NotificationPanelView
07-17 10:40:07.370  4235  4235 E OpenGLRenderer: setMiShadow is not show
07-17 10:40:07.370  4235  4235 E backgroundBlur: setBackgroundBlurMode disable com.android.systemui.shade.NotificationPanelView
07-17 10:40:07.370  4235  4235 D backgroundBlur: enablePassWindowBlur disable com.android.systemui.shade.NotificationPanelView
07-17 10:40:07.370  4235  4235 E OpenGLRenderer: setMiShadow is not show
07-17 10:40:07.370  4235  4235 E backgroundBlur: setBackgroundBlurMode disable com.android.systemui.shade.NotificationPanelView
07-17 10:40:07.370  4235  4235 D backgroundBlur: enablePassWindowBlur disable com.android.systemui.shade.NotificationPanelView
07-17 10:40:07.370  4235  4235 E OpenGLRenderer: setMiShadow is not show
07-17 10:40:07.370  4235  4235 E backgroundBlur: setBackgroundBlurMode disable com.android.systemui.shade.NotificationPanelView
07-17 10:40:07.370  4235  4235 D backgroundBlur: enablePassWindowBlur disable com.android.systemui.shade.NotificationPanelView
07-17 10:40:07.370  4235  4235 E OpenGLRenderer: setMiShadow is not show
07-17 10:40:07.370  4235  4235 E backgroundBlur: setBackgroundBlurMode disable com.android.systemui.shade.NotificationPanelView
07-17 10:40:07.370  4235  4235 D backgroundBlur: enablePassWindowBlur disable com.android.systemui.shade.NotificationPanelView
07-17 10:40:07.370  4235  4235 E OpenGLRenderer: setMiShadow is not show
07-17 10:40:07.370  4235  4235 E backgroundBlur: setBackgroundBlurMode disable com.android.systemui.shade.NotificationPanelView
07-17 10:40:07.370  4235  4235 D backgroundBlur: enablePassWindowBlur disable com.android.systemui.shade.NotificationPanelView
07-17 10:40:07.370  4235  4235 E OpenGLRenderer: setMiShadow is not show
07-17 10:40:07.371  4235  4235 E backgroundBlur: setBackgroundBlurMode disable com.android.systemui.shade.NotificationPanelView
07-17 10:40:07.371  4235  4235 D backgroundBlur: enablePassWindowBlur disable com.android.systemui.shade.NotificationPanelView
07-17 10:40:07.371  4235  4235 E OpenGLRenderer: setMiShadow is not show
